{"id":10567,"date":"2025-05-28T13:06:28","date_gmt":"2025-05-28T12:06:28","guid":{"rendered":"https:\/\/www.dertour-reiseleitung.com\/algarve\/?post_type=product&#038;p=10567"},"modified":"2026-03-11T16:12:12","modified_gmt":"2026-03-11T15:12:12","slug":"die-charmante-ost-algarve-dds-020-2","status":"publish","type":"product","link":"https:\/\/www.dertour-reiseleitung.com\/algarve\/aktivitaeten\/die-charmante-ost-algarve-dds-020-2\/","title":{"rendered":"Die charmante Ost-Algarve"},"content":{"rendered":"<h3>Erkunden Sie die Ost\u2011Algarve entlang ihrer sch\u00f6nsten Orte!<\/h3>\n<p>Entdecken Sie den besonderen Charme und die Sch\u00f6nheit der Ost-Algarve bei dieser Tagestour, die Sie durch drei der faszinierendsten St\u00e4dte der Algarve f\u00fchren: Loul\u00e9, Faro und Tavira.<\/p>\n<p>Beginnen Sie Ihren Tag in Loul\u00e9, das f\u00fcr seine Stra\u00dfen mit den in wei\u00df get\u00fcnchten H\u00e4usern bekannt ist. Erkunden Sie die gesch\u00e4ftige Markthalle von Loul\u00e9, die in einem unverwechselbaren Geb\u00e4ude aus dem 19. Jahrhundert untergebracht ist, wo Sie eine Vielzahl von frischen Produkten, lokalen Delikatessen und handgefertigten Waren aus der Region finden werden. Schlendern Sie durch die bezaubernde Altstadt und entdecken Sie das Schloss von Loul\u00e9 und die malerischen Stra\u00dfen voller Kunsthandwerksl\u00e4den und Caf\u00e9s. Tauchen Sie ein in die authentische Atmosph\u00e4re dieser traditionellen Stadt, die ihr kulturelles Erbe bewahrt hat (der Eintritt in die Burg ist nicht im Preis enthalten).<\/p>\n<p>Weiter geht es nach Faro, der Hauptstadt der Algarve, mit ihrer Mischung aus Geschichte und modernem Charme. Spazieren Sie durch die von einer mittelalterlichen Stadtmauer umgebene malerische Altstadt und erkunden Sie den Arco da Vila und die S\u00e9-Kirche. Machen Sie einen gem\u00fctlichen Spaziergang entlang des malerischen Yachthafens von Faro, genie\u00dfen Sie einen Kaffee auf einem der belebten Pl\u00e4tze oder nutzen Sie die Gelegenheit zum Einkaufen. Faros reiche Mischung aus r\u00f6mischer, maurischer und portugiesischer Architektur bietet einen faszinierenden Einblick in die Vergangenheit der Region.<\/p>\n<p>Es steht Ihnen Zeit zur freien Verf\u00fcgung f\u00fcr ein Mittagessen im Stadtzentrum von Faro.<\/p>\n<p>Beenden Sie Ihren Tag in Tavira, einer Stadt, die vor den Toren des Naturpark Ria Formosa mit seiner atemberaubenden Landschaft, bestehend aus einer Vielzahl von Inseln, wei\u00dfen Sandstr\u00e4nden, kleinen Wasserstra\u00dfen und einer unglaublichen Tier- und Pflanzenwelt auf und unter Wasser, liegt. Die gem\u00fctliche Altstadt mit ihren historischen Geb\u00e4uden wird Sie in ihren Bann ziehen und das typische Algarve-Feeling vermitteln. Tavira ist auch bekannt, als das Zentrum der Salzgewinnung.<\/p>\n<p><strong>Ausflugsveranstalter:<\/strong> MTS \u2013 Mediterranean Travel Services Incoming Portugal, S.A.<\/p>\n","protected":false},"excerpt":{"rendered":"<p>Erkunden Sie die Ost\u2011Algarve entlang ihrer sch\u00f6nsten Orte! Entdecken Sie den besonderen Charme und die Sch\u00f6nheit der Ost-Algarve bei dieser Tagestour, die Sie durch drei der faszinierendsten St\u00e4dte der Algarve f\u00fchren: Loul\u00e9, Faro und Tavira. Beginnen Sie Ihren Tag in Loul\u00e9, das f\u00fcr seine Stra\u00dfen mit den in wei\u00df get\u00fcnchten H\u00e4usern bekannt ist. Erkunden Sie [&hellip;]<\/p>\n","protected":false},"featured_media":10731,"template":"","meta":{"_acf_changed":false,"ocean_post_layout":"","ocean_both_sidebars_style":"","ocean_both_sidebars_content_width":0,"ocean_both_sidebars_sidebars_width":0,"ocean_sidebar":"0","ocean_second_sidebar":"0","ocean_disable_margins":"enable","ocean_add_body_class":"","ocean_shortcode_before_top_bar":"","ocean_shortcode_after_top_bar":"","ocean_shortcode_before_header":"","ocean_shortcode_after_header":"","ocean_has_shortcode":"","ocean_shortcode_after_title":"","ocean_shortcode_before_footer_widgets":"","ocean_shortcode_after_footer_widgets":"","ocean_shortcode_before_footer_bottom":"","ocean_shortcode_after_footer_bottom":"","ocean_display_top_bar":"default","ocean_display_header":"default","ocean_header_style":"","ocean_center_header_left_menu":"0","ocean_custom_header_template":"0","ocean_custom_logo":0,"ocean_custom_retina_logo":0,"ocean_custom_logo_max_width":0,"ocean_custom_logo_tablet_max_width":0,"ocean_custom_logo_mobile_max_width":0,"ocean_custom_logo_max_height":0,"ocean_custom_logo_tablet_max_height":0,"ocean_custom_logo_mobile_max_height":0,"ocean_header_custom_menu":"0","ocean_menu_typo_font_family":"0","ocean_menu_typo_font_subset":"","ocean_menu_typo_font_size":0,"ocean_menu_typo_font_size_tablet":0,"ocean_menu_typo_font_size_mobile":0,"ocean_menu_typo_font_size_unit":"px","ocean_menu_typo_font_weight":"","ocean_menu_typo_font_weight_tablet":"","ocean_menu_typo_font_weight_mobile":"","ocean_menu_typo_transform":"","ocean_menu_typo_transform_tablet":"","ocean_menu_typo_transform_mobile":"","ocean_menu_typo_line_height":0,"ocean_menu_typo_line_height_tablet":0,"ocean_menu_typo_line_height_mobile":0,"ocean_menu_typo_line_height_unit":"","ocean_menu_typo_spacing":0,"ocean_menu_typo_spacing_tablet":0,"ocean_menu_typo_spacing_mobile":0,"ocean_menu_typo_spacing_unit":"","ocean_menu_link_color":"","ocean_menu_link_color_hover":"","ocean_menu_link_color_active":"","ocean_menu_link_background":"","ocean_menu_link_hover_background":"","ocean_menu_link_active_background":"","ocean_menu_social_links_bg":"","ocean_menu_social_hover_links_bg":"","ocean_menu_social_links_color":"","ocean_menu_social_hover_links_color":"","ocean_disable_title":"default","ocean_disable_heading":"default","ocean_post_title":"","ocean_post_subheading":"","ocean_post_title_style":"background-image","ocean_post_title_background_color":"","ocean_post_title_background":10681,"ocean_post_title_bg_image_position":"","ocean_post_title_bg_image_attachment":"","ocean_post_title_bg_image_repeat":"","ocean_post_title_bg_image_size":"","ocean_post_title_height":0,"ocean_post_title_bg_overlay":0.5,"ocean_post_title_bg_overlay_color":"","ocean_disable_breadcrumbs":"default","ocean_breadcrumbs_color":"","ocean_breadcrumbs_separator_color":"","ocean_breadcrumbs_links_color":"","ocean_breadcrumbs_links_hover_color":"","ocean_display_footer_widgets":"default","ocean_display_footer_bottom":"default","ocean_custom_footer_template":"0","omw_enable_modal_window":"enable","osh_disable_topbar_sticky":"default","osh_disable_header_sticky":"default","osh_sticky_header_style":"default","osh_sticky_header_effect":"","osh_custom_sticky_logo":0,"osh_custom_retina_sticky_logo":0,"osh_custom_sticky_logo_height":0,"osh_background_color":"","osh_links_color":"","osh_links_hover_color":"","osh_links_active_color":"","osh_links_bg_color":"","osh_links_hover_bg_color":"","osh_links_active_bg_color":"","osh_menu_social_links_color":"","osh_menu_social_hover_links_color":""},"ort":[469,478,458,470,481,471],"sichtbarkeit":[],"templateoption":[179],"product_brand":[],"product_cat":[182],"product_tag":[],"class_list":{"0":"post-10567","1":"product","2":"type-product","3":"status-publish","4":"has-post-thumbnail","6":"ort-albufeira","7":"ort-olhos-de-agua","8":"ort-praia-da-falesia","9":"ort-quarteira","10":"ort-sesmarias","11":"ort-vilamoura","12":"templateoption-dertrip-bc","13":"product_cat-ausfluege","15":"entry","16":"has-media","18":"first","19":"instock","20":"virtual","21":"purchasable","22":"product-type-simple","23":"has-product-nav","24":"col","25":"span_1_of_3","26":"owp-content-center","27":"owp-thumbs-layout-horizontal","28":"owp-btn-normal","29":"owp-tabs-layout-section"},"acf":[],"_links":{"self":[{"href":"https:\/\/www.dertour-reiseleitung.com\/algarve\/wp-json\/wp\/v2\/product\/10567","targetHints":{"allow":["GET"]}}],"collection":[{"href":"https:\/\/www.dertour-reiseleitung.com\/algarve\/wp-json\/wp\/v2\/product"}],"about":[{"href":"https:\/\/www.dertour-reiseleitung.com\/algarve\/wp-json\/wp\/v2\/types\/product"}],"version-history":[{"count":12,"href":"https:\/\/www.dertour-reiseleitung.com\/algarve\/wp-json\/wp\/v2\/product\/10567\/revisions"}],"predecessor-version":[{"id":12769,"href":"https:\/\/www.dertour-reiseleitung.com\/algarve\/wp-json\/wp\/v2\/product\/10567\/revisions\/12769"}],"wp:featuredmedia":[{"embeddable":true,"href":"https:\/\/www.dertour-reiseleitung.com\/algarve\/wp-json\/wp\/v2\/media\/10731"}],"wp:attachment":[{"href":"https:\/\/www.dertour-reiseleitung.com\/algarve\/wp-json\/wp\/v2\/media?parent=10567"}],"wp:term":[{"taxonomy":"ort","embeddable":true,"href":"https:\/\/www.dertour-reiseleitung.com\/algarve\/wp-json\/wp\/v2\/ort?post=10567"},{"taxonomy":"sichtbarkeit","embeddable":true,"href":"https:\/\/www.dertour-reiseleitung.com\/algarve\/wp-json\/wp\/v2\/sichtbarkeit?post=10567"},{"taxonomy":"templateoption","embeddable":true,"href":"https:\/\/www.dertour-reiseleitung.com\/algarve\/wp-json\/wp\/v2\/templateoption?post=10567"},{"taxonomy":"product_brand","embeddable":true,"href":"https:\/\/www.dertour-reiseleitung.com\/algarve\/wp-json\/wp\/v2\/product_brand?post=10567"},{"taxonomy":"product_cat","embeddable":true,"href":"https:\/\/www.dertour-reiseleitung.com\/algarve\/wp-json\/wp\/v2\/product_cat?post=10567"},{"taxonomy":"product_tag","embeddable":true,"href":"https:\/\/www.dertour-reiseleitung.com\/algarve\/wp-json\/wp\/v2\/product_tag?post=10567"}],"curies":[{"name":"wp","href":"https:\/\/api.w.org\/{rel}","templated":true}]}}