{"id":9764,"date":"2025-03-23T12:12:32","date_gmt":"2025-03-23T11:12:32","guid":{"rendered":"https:\/\/www.dertour-reiseleitung.com\/algarve\/aktivitaeten\/olhao-typisch-algarve-ab-westen\/"},"modified":"2026-03-11T16:49:04","modified_gmt":"2026-03-11T15:49:04","slug":"olhao-typisch-algarve-dds-008-1","status":"publish","type":"product","link":"https:\/\/www.dertour-reiseleitung.com\/algarve\/aktivitaeten\/olhao-typisch-algarve-dds-008-1\/","title":{"rendered":"Olh\u00e3o &#8211; typisch Algarve"},"content":{"rendered":"<h3>K\u00fcstenort mit Fischereihafen, Laguneninseln und landestypisches Flair<\/h3>\n<p>Entdecken Sie\u00a0Olh\u00e3o, ein St\u00e4dtchen, das von seinen Fischern, einfachen Menschen, Geschichtenerz\u00e4hlern und Legenden gepr\u00e4gt ist.\u00a0Olh\u00e3o\u00a0ist auch bekannt f\u00fcr seine kubistische Kunst, was einzigartig in S\u00fcdeuropa ist. Mit Ihrem Reisef\u00fchrer entdecken Sie die\u00a0Stra\u00dfen\u00a0und Alleen des historischen Zentrums.<\/p>\n<p>Jeden Samstag wird es sehr gesch\u00e4ftig rund und in den Markthallen von\u00a0Olh\u00e3o, wo Bauern aus der Region auf vielen St\u00e4nden ihre bunte Pracht an Obst, Gem\u00fcse, Honig, Fisch, Kr\u00e4utern und vieles mehr anbieten.<\/p>\n<p>Die Stadt liegt mitten im Herzen des Ria Formosa Natural Park mit seinem Labyrinth aus Kan\u00e4len, Inseln und Sandb\u00e4nken, das sich rund 60 km an der Algarve entlangzieht. Au\u00dferdem besitzt es den zweitgr\u00f6\u00dften Fischereihafen an der Algarve. Neben dem Fischfang geh\u00f6ren die Salzgewinnung und das Sammeln von Muscheln und Schalentieren zu den traditionellen T\u00e4tigkeiten der lokalen Bev\u00f6lkerung. Die lokale F\u00e4hre bringt Sie nach Culatra &#8211; einer der vielen Inseln, auf denen Sie am fantastischen wei\u00dfen Sandstrand, mit seinem kristallklaren Wasser, Zeit zum Baden und Entspannen haben. Um Ihren Tag unvergesslich werden zu lassen, inkludiert dieser Ausflug ein traditionelles Mittagessen mit frisch gegrilltem Fisch aus dem Meer und Muscheln aus dem Ria Formosa. Am Nachmittag geht die Reise durch das Ria Formosa wieder zur\u00fcck nach Olh\u00e3o.<\/p>\n<p><strong>Ausflugsveranstalter: <\/strong>MTS \u2013 Mediterranean Travel Services Incoming Portugal, S.A.<\/p>\n","protected":false},"excerpt":{"rendered":"<p>K\u00fcstenort mit Fischereihafen, Laguneninseln und landestypisches Flair Entdecken Sie\u00a0Olh\u00e3o, ein St\u00e4dtchen, das von seinen Fischern, einfachen Menschen, Geschichtenerz\u00e4hlern und Legenden gepr\u00e4gt ist.\u00a0Olh\u00e3o\u00a0ist auch bekannt f\u00fcr seine kubistische Kunst, was einzigartig in S\u00fcdeuropa ist. Mit Ihrem Reisef\u00fchrer entdecken Sie die\u00a0Stra\u00dfen\u00a0und Alleen des historischen Zentrums. Jeden Samstag wird es sehr gesch\u00e4ftig rund und in den Markthallen von\u00a0Olh\u00e3o, [&hellip;]<\/p>\n","protected":false},"featured_media":9728,"template":"","meta":{"_acf_changed":false,"ocean_post_layout":"","ocean_both_sidebars_style":"","ocean_both_sidebars_content_width":0,"ocean_both_sidebars_sidebars_width":0,"ocean_sidebar":"0","ocean_second_sidebar":"0","ocean_disable_margins":"enable","ocean_add_body_class":"","ocean_shortcode_before_top_bar":"","ocean_shortcode_after_top_bar":"","ocean_shortcode_before_header":"","ocean_shortcode_after_header":"","ocean_has_shortcode":"","ocean_shortcode_after_title":"","ocean_shortcode_before_footer_widgets":"","ocean_shortcode_after_footer_widgets":"","ocean_shortcode_before_footer_bottom":"","ocean_shortcode_after_footer_bottom":"","ocean_display_top_bar":"default","ocean_display_header":"default","ocean_header_style":"","ocean_center_header_left_menu":"0","ocean_custom_header_template":"0","ocean_custom_logo":0,"ocean_custom_retina_logo":0,"ocean_custom_logo_max_width":0,"ocean_custom_logo_tablet_max_width":0,"ocean_custom_logo_mobile_max_width":0,"ocean_custom_logo_max_height":0,"ocean_custom_logo_tablet_max_height":0,"ocean_custom_logo_mobile_max_height":0,"ocean_header_custom_menu":"0","ocean_menu_typo_font_family":"0","ocean_menu_typo_font_subset":"","ocean_menu_typo_font_size":0,"ocean_menu_typo_font_size_tablet":0,"ocean_menu_typo_font_size_mobile":0,"ocean_menu_typo_font_size_unit":"px","ocean_menu_typo_font_weight":"","ocean_menu_typo_font_weight_tablet":"","ocean_menu_typo_font_weight_mobile":"","ocean_menu_typo_transform":"","ocean_menu_typo_transform_tablet":"","ocean_menu_typo_transform_mobile":"","ocean_menu_typo_line_height":0,"ocean_menu_typo_line_height_tablet":0,"ocean_menu_typo_line_height_mobile":0,"ocean_menu_typo_line_height_unit":"","ocean_menu_typo_spacing":0,"ocean_menu_typo_spacing_tablet":0,"ocean_menu_typo_spacing_mobile":0,"ocean_menu_typo_spacing_unit":"","ocean_menu_link_color":"","ocean_menu_link_color_hover":"","ocean_menu_link_color_active":"","ocean_menu_link_background":"","ocean_menu_link_hover_background":"","ocean_menu_link_active_background":"","ocean_menu_social_links_bg":"","ocean_menu_social_hover_links_bg":"","ocean_menu_social_links_color":"","ocean_menu_social_hover_links_color":"","ocean_disable_title":"default","ocean_disable_heading":"default","ocean_post_title":"","ocean_post_subheading":"","ocean_post_title_style":"background-image","ocean_post_title_background_color":"","ocean_post_title_background":9731,"ocean_post_title_bg_image_position":"","ocean_post_title_bg_image_attachment":"","ocean_post_title_bg_image_repeat":"","ocean_post_title_bg_image_size":"","ocean_post_title_height":0,"ocean_post_title_bg_overlay":0.5,"ocean_post_title_bg_overlay_color":"","ocean_disable_breadcrumbs":"default","ocean_breadcrumbs_color":"","ocean_breadcrumbs_separator_color":"","ocean_breadcrumbs_links_color":"","ocean_breadcrumbs_links_hover_color":"","ocean_display_footer_widgets":"default","ocean_display_footer_bottom":"default","ocean_custom_footer_template":"0","omw_enable_modal_window":"enable","osh_disable_topbar_sticky":"default","osh_disable_header_sticky":"default","osh_sticky_header_style":"default","osh_sticky_header_effect":"","osh_custom_sticky_logo":0,"osh_custom_retina_sticky_logo":0,"osh_custom_sticky_logo_height":0,"osh_background_color":"","osh_links_color":"","osh_links_hover_color":"","osh_links_active_color":"","osh_links_bg_color":"","osh_links_hover_bg_color":"","osh_links_active_bg_color":"","osh_menu_social_links_color":"","osh_menu_social_hover_links_color":""},"ort":[463,468,466,467,462,464,465,470,471],"sichtbarkeit":[],"templateoption":[179],"product_brand":[],"product_cat":[182],"product_tag":[],"class_list":{"0":"post-9764","1":"product","2":"type-product","3":"status-publish","4":"has-post-thumbnail","6":"ort-alvor","7":"ort-armacao-de-pera","8":"ort-carvoeiro","9":"ort-lagoa","10":"ort-porches","11":"ort-portimao","12":"ort-praia-da-rocha","13":"ort-quarteira","14":"ort-vilamoura","15":"templateoption-dertrip-bc","16":"product_cat-ausfluege","18":"entry","19":"has-media","21":"first","22":"instock","23":"virtual","24":"purchasable","25":"product-type-simple","26":"has-product-nav","27":"col","28":"span_1_of_3","29":"owp-content-center","30":"owp-thumbs-layout-horizontal","31":"owp-btn-normal","32":"owp-tabs-layout-section"},"acf":[],"_links":{"self":[{"href":"https:\/\/www.dertour-reiseleitung.com\/algarve\/wp-json\/wp\/v2\/product\/9764","targetHints":{"allow":["GET"]}}],"collection":[{"href":"https:\/\/www.dertour-reiseleitung.com\/algarve\/wp-json\/wp\/v2\/product"}],"about":[{"href":"https:\/\/www.dertour-reiseleitung.com\/algarve\/wp-json\/wp\/v2\/types\/product"}],"version-history":[{"count":16,"href":"https:\/\/www.dertour-reiseleitung.com\/algarve\/wp-json\/wp\/v2\/product\/9764\/revisions"}],"predecessor-version":[{"id":12786,"href":"https:\/\/www.dertour-reiseleitung.com\/algarve\/wp-json\/wp\/v2\/product\/9764\/revisions\/12786"}],"wp:featuredmedia":[{"embeddable":true,"href":"https:\/\/www.dertour-reiseleitung.com\/algarve\/wp-json\/wp\/v2\/media\/9728"}],"wp:attachment":[{"href":"https:\/\/www.dertour-reiseleitung.com\/algarve\/wp-json\/wp\/v2\/media?parent=9764"}],"wp:term":[{"taxonomy":"ort","embeddable":true,"href":"https:\/\/www.dertour-reiseleitung.com\/algarve\/wp-json\/wp\/v2\/ort?post=9764"},{"taxonomy":"sichtbarkeit","embeddable":true,"href":"https:\/\/www.dertour-reiseleitung.com\/algarve\/wp-json\/wp\/v2\/sichtbarkeit?post=9764"},{"taxonomy":"templateoption","embeddable":true,"href":"https:\/\/www.dertour-reiseleitung.com\/algarve\/wp-json\/wp\/v2\/templateoption?post=9764"},{"taxonomy":"product_brand","embeddable":true,"href":"https:\/\/www.dertour-reiseleitung.com\/algarve\/wp-json\/wp\/v2\/product_brand?post=9764"},{"taxonomy":"product_cat","embeddable":true,"href":"https:\/\/www.dertour-reiseleitung.com\/algarve\/wp-json\/wp\/v2\/product_cat?post=9764"},{"taxonomy":"product_tag","embeddable":true,"href":"https:\/\/www.dertour-reiseleitung.com\/algarve\/wp-json\/wp\/v2\/product_tag?post=9764"}],"curies":[{"name":"wp","href":"https:\/\/api.w.org\/{rel}","templated":true}]}}