{"id":9800,"date":"2025-03-23T12:13:57","date_gmt":"2025-03-23T11:13:57","guid":{"rendered":"https:\/\/www.dertour-reiseleitung.com\/algarve\/aktivitaeten\/mermaid-ab-lagos\/"},"modified":"2026-03-16T11:20:34","modified_gmt":"2026-03-16T10:20:34","slug":"mermaid-dds-015-3","status":"publish","type":"product","link":"https:\/\/www.dertour-reiseleitung.com\/algarve\/aktivitaeten\/mermaid-dds-015-3\/","title":{"rendered":"Mermaid"},"content":{"rendered":"<h3>K\u00fcstenbummler zu den Grotten von Benagil<\/h3>\n<p>Eine Seefahrt, die ist nicht nur lustig, sondern auch erlebnisreich. Auf geht\u2019s mit der Mermaid, um die Algarve von der Wasserseite zu erkunden.<\/p>\n<p>Die Abfahrt erfolgt vom Hafen von Portim\u00e3o f\u00fcr eine 2,5-st\u00fcndige Kreuzfahrt entlang der wundersch\u00f6nen Algarvek\u00fcste.<\/p>\n<p>Es geht nach Carvoeiro und Algar S\u00eaco, um fantastische H\u00f6hlen und bizarre Felsformationen zu entdecken, die durch Meeres- und Winderosion entstanden sind. In diesem Gebiet gibt es viele kleine Str\u00e4nde, von denen einige nur mit kleinen Booten zu erreichen sind, die aber eine unglaubliche nat\u00fcrliche Sch\u00f6nheit aufweisen.<\/p>\n<p>Ihre Fahrt entlang der K\u00fcste geht weiter und Sie erreichen die ber\u00fchmte Grotte von Benagil. Halten Sie sich bereit, um die sch\u00f6nen Farben des Regenbogens zu fotografieren.<\/p>\n<p>Weiter geht es zum Praia da Marinha, der als einer der sch\u00f6nsten Str\u00e4nde der Welt gilt. Von dort geht die Reise zur\u00fcck zum Hafen von Portim\u00e3o. Lehnen Sie sich zur\u00fcck und genie\u00dfen die Sonne, die K\u00fcste und die frische Meeresbrise des Atlantiks.<\/p>\n<p><strong>Ausflugsveranstalter:<\/strong> MTS \u2013 Mediterranean Travel Services Incoming Portugal, S.A.<\/p>\n","protected":false},"excerpt":{"rendered":"<p>K\u00fcstenbummler zu den Grotten von Benagil Eine Seefahrt, die ist nicht nur lustig, sondern auch erlebnisreich. Auf geht\u2019s mit der Mermaid, um die Algarve von der Wasserseite zu erkunden. Die Abfahrt erfolgt vom Hafen von Portim\u00e3o f\u00fcr eine 2,5-st\u00fcndige Kreuzfahrt entlang der wundersch\u00f6nen Algarvek\u00fcste. Es geht nach Carvoeiro und Algar S\u00eaco, um fantastische H\u00f6hlen und [&hellip;]<\/p>\n","protected":false},"featured_media":9734,"template":"","meta":{"_acf_changed":false,"ocean_post_layout":"","ocean_both_sidebars_style":"","ocean_both_sidebars_content_width":0,"ocean_both_sidebars_sidebars_width":0,"ocean_sidebar":"0","ocean_second_sidebar":"0","ocean_disable_margins":"enable","ocean_add_body_class":"","ocean_shortcode_before_top_bar":"","ocean_shortcode_after_top_bar":"","ocean_shortcode_before_header":"","ocean_shortcode_after_header":"","ocean_has_shortcode":"","ocean_shortcode_after_title":"","ocean_shortcode_before_footer_widgets":"","ocean_shortcode_after_footer_widgets":"","ocean_shortcode_before_footer_bottom":"","ocean_shortcode_after_footer_bottom":"","ocean_display_top_bar":"default","ocean_display_header":"default","ocean_header_style":"","ocean_center_header_left_menu":"0","ocean_custom_header_template":"0","ocean_custom_logo":0,"ocean_custom_retina_logo":0,"ocean_custom_logo_max_width":0,"ocean_custom_logo_tablet_max_width":0,"ocean_custom_logo_mobile_max_width":0,"ocean_custom_logo_max_height":0,"ocean_custom_logo_tablet_max_height":0,"ocean_custom_logo_mobile_max_height":0,"ocean_header_custom_menu":"0","ocean_menu_typo_font_family":"0","ocean_menu_typo_font_subset":"","ocean_menu_typo_font_size":0,"ocean_menu_typo_font_size_tablet":0,"ocean_menu_typo_font_size_mobile":0,"ocean_menu_typo_font_size_unit":"px","ocean_menu_typo_font_weight":"","ocean_menu_typo_font_weight_tablet":"","ocean_menu_typo_font_weight_mobile":"","ocean_menu_typo_transform":"","ocean_menu_typo_transform_tablet":"","ocean_menu_typo_transform_mobile":"","ocean_menu_typo_line_height":0,"ocean_menu_typo_line_height_tablet":0,"ocean_menu_typo_line_height_mobile":0,"ocean_menu_typo_line_height_unit":"","ocean_menu_typo_spacing":0,"ocean_menu_typo_spacing_tablet":0,"ocean_menu_typo_spacing_mobile":0,"ocean_menu_typo_spacing_unit":"","ocean_menu_link_color":"","ocean_menu_link_color_hover":"","ocean_menu_link_color_active":"","ocean_menu_link_background":"","ocean_menu_link_hover_background":"","ocean_menu_link_active_background":"","ocean_menu_social_links_bg":"","ocean_menu_social_hover_links_bg":"","ocean_menu_social_links_color":"","ocean_menu_social_hover_links_color":"","ocean_disable_title":"default","ocean_disable_heading":"default","ocean_post_title":"","ocean_post_subheading":"","ocean_post_title_style":"background-image","ocean_post_title_background_color":"","ocean_post_title_background":9738,"ocean_post_title_bg_image_position":"","ocean_post_title_bg_image_attachment":"","ocean_post_title_bg_image_repeat":"","ocean_post_title_bg_image_size":"","ocean_post_title_height":0,"ocean_post_title_bg_overlay":0.5,"ocean_post_title_bg_overlay_color":"","ocean_disable_breadcrumbs":"default","ocean_breadcrumbs_color":"","ocean_breadcrumbs_separator_color":"","ocean_breadcrumbs_links_color":"","ocean_breadcrumbs_links_hover_color":"","ocean_display_footer_widgets":"default","ocean_display_footer_bottom":"default","ocean_custom_footer_template":"0","omw_enable_modal_window":"enable","osh_disable_topbar_sticky":"default","osh_disable_header_sticky":"default","osh_sticky_header_style":"default","osh_sticky_header_effect":"","osh_custom_sticky_logo":0,"osh_custom_retina_sticky_logo":0,"osh_custom_sticky_logo_height":0,"osh_background_color":"","osh_links_color":"","osh_links_hover_color":"","osh_links_active_color":"","osh_links_bg_color":"","osh_links_hover_bg_color":"","osh_links_active_bg_color":"","osh_menu_social_links_color":"","osh_menu_social_hover_links_color":""},"ort":[461],"sichtbarkeit":[],"templateoption":[179],"product_brand":[],"product_cat":[182],"product_tag":[],"class_list":{"0":"post-9800","1":"product","2":"type-product","3":"status-publish","4":"has-post-thumbnail","6":"ort-lagos","7":"templateoption-dertrip-bc","8":"product_cat-ausfluege","10":"entry","11":"has-media","13":"first","14":"instock","15":"virtual","16":"purchasable","17":"product-type-simple","18":"has-product-nav","19":"col","20":"span_1_of_3","21":"owp-content-center","22":"owp-thumbs-layout-horizontal","23":"owp-btn-normal","24":"owp-tabs-layout-section"},"acf":[],"_links":{"self":[{"href":"https:\/\/www.dertour-reiseleitung.com\/algarve\/wp-json\/wp\/v2\/product\/9800","targetHints":{"allow":["GET"]}}],"collection":[{"href":"https:\/\/www.dertour-reiseleitung.com\/algarve\/wp-json\/wp\/v2\/product"}],"about":[{"href":"https:\/\/www.dertour-reiseleitung.com\/algarve\/wp-json\/wp\/v2\/types\/product"}],"version-history":[{"count":10,"href":"https:\/\/www.dertour-reiseleitung.com\/algarve\/wp-json\/wp\/v2\/product\/9800\/revisions"}],"predecessor-version":[{"id":12830,"href":"https:\/\/www.dertour-reiseleitung.com\/algarve\/wp-json\/wp\/v2\/product\/9800\/revisions\/12830"}],"wp:featuredmedia":[{"embeddable":true,"href":"https:\/\/www.dertour-reiseleitung.com\/algarve\/wp-json\/wp\/v2\/media\/9734"}],"wp:attachment":[{"href":"https:\/\/www.dertour-reiseleitung.com\/algarve\/wp-json\/wp\/v2\/media?parent=9800"}],"wp:term":[{"taxonomy":"ort","embeddable":true,"href":"https:\/\/www.dertour-reiseleitung.com\/algarve\/wp-json\/wp\/v2\/ort?post=9800"},{"taxonomy":"sichtbarkeit","embeddable":true,"href":"https:\/\/www.dertour-reiseleitung.com\/algarve\/wp-json\/wp\/v2\/sichtbarkeit?post=9800"},{"taxonomy":"templateoption","embeddable":true,"href":"https:\/\/www.dertour-reiseleitung.com\/algarve\/wp-json\/wp\/v2\/templateoption?post=9800"},{"taxonomy":"product_brand","embeddable":true,"href":"https:\/\/www.dertour-reiseleitung.com\/algarve\/wp-json\/wp\/v2\/product_brand?post=9800"},{"taxonomy":"product_cat","embeddable":true,"href":"https:\/\/www.dertour-reiseleitung.com\/algarve\/wp-json\/wp\/v2\/product_cat?post=9800"},{"taxonomy":"product_tag","embeddable":true,"href":"https:\/\/www.dertour-reiseleitung.com\/algarve\/wp-json\/wp\/v2\/product_tag?post=9800"}],"curies":[{"name":"wp","href":"https:\/\/api.w.org\/{rel}","templated":true}]}}

<h3>Küstenbummler zu den Grotten von Benagil</h3>
<p>Eine Seefahrt, die ist nicht nur lustig, sondern auch erlebnisreich. Auf geht’s mit der Mermaid, um die Algarve von der Wasserseite zu erkunden.</p>
<p>Die Abfahrt erfolgt vom Hafen von Portimão für eine 2,5-stündige Kreuzfahrt entlang der wunderschönen Algarveküste.</p>
<p>Es geht nach Carvoeiro und Algar Sêco, um fantastische Höhlen und bizarre Felsformationen zu entdecken, die durch Meeres- und Winderosion entstanden sind. In diesem Gebiet gibt es viele kleine Strände, von denen einige nur mit kleinen Booten zu erreichen sind, die aber eine unglaubliche natürliche Schönheit aufweisen.</p>
<p>Ihre Fahrt entlang der Küste geht weiter und Sie erreichen die berühmte Grotte von Benagil. Halten Sie sich bereit, um die schönen Farben des Regenbogens zu fotografieren.</p>
<p>Weiter geht es zum Praia da Marinha, der als einer der schönsten Strände der Welt gilt. Von dort geht die Reise zurück zum Hafen von Portimão. Lehnen Sie sich zurück und genießen die Sonne, die Küste und die frische Meeresbrise des Atlantiks.</p>
<p><strong>Ausflugsveranstalter:</strong> MTS – Mediterranean Travel Services Incoming Portugal, S.A.</p>

<p>Küstenbummler zu den Grotten von Benagil Eine Seefahrt, die ist nicht nur lustig, sondern auch erlebnisreich. Auf geht’s mit der Mermaid, um die Algarve von der Wasserseite zu erkunden. Die Abfahrt erfolgt vom Hafen von Portimão für eine 2,5-stündige Kreuzfahrt entlang der wunderschönen Algarveküste. Es geht nach Carvoeiro und Algar Sêco, um fantastische Höhlen und [&hellip;]</p>
