{"id":9576,"date":"2025-03-23T14:17:24","date_gmt":"2025-03-23T13:17:24","guid":{"rendered":"https:\/\/www.dertour-reiseleitung.com\/djerba\/aktivitaeten\/hoehepunkte-des-suedens\/"},"modified":"2026-04-15T08:29:54","modified_gmt":"2026-04-15T07:29:54","slug":"hoehepunkte-des-suedens-dds-004-1","status":"publish","type":"product","link":"https:\/\/www.dertour-reiseleitung.com\/djerba\/aktivitaeten\/hoehepunkte-des-suedens-dds-004-1\/","title":{"rendered":"H\u00f6hepunkte des S\u00fcdens"},"content":{"rendered":"<h3>Zwei Tage S\u00fcdtunesien intensiv<\/h3>\n<p>Erleben Sie die Faszination S\u00fcdtunesien mit allem, was dazugeh\u00f6rt!<\/p>\n<p>In einem klimatisierten Reisebus geht es f\u00fcr Sie auf das tunesische Festland. Hier beginnt ein unvergessliches Abenteuer: Durch endlos erscheinende Landschaften machen Sie sich auf den Weg nach Tozeur.<\/p>\n<p>Nach dem Mittagessen in Ihrem Hotel f\u00fcr die Nacht erkunden Sie mit dem Landrover die au\u00dfergew\u00f6hnlichen Bergoasen Chebika und Tamerza. Bewundern Sie die Hartn\u00e4ckigkeit der Palmen, die sich ihren Weg durch die Felsen suchen, und das Pl\u00e4tschern des nat\u00fcrlichen Wasserfalls in Tamerza. Eine wundervolle Kulisse, f\u00fcr die es sich lohnt, einen kleinen Umweg zu machen!<\/p>\n<p>Auf den Spuren von Luke Skywalker besichtigen Sie den Drehort von \u201eStar Wars\u201c und kehren dann in das Hotel zur\u00fcck, um Kraft zu tanken f\u00fcr den n\u00e4chsten spannenden Ausflugstag.<\/p>\n<p>Nach dem Fr\u00fchst\u00fcck am zweiten Tag erleben Sie eine eindrucksvolle Fahrt \u00fcber den Chott El Djerid \u2013 den gr\u00f6\u00dften Salzsee Tunesiens! Hier lassen Luftspiegelungen oft Palmengruppen oder auch Dromedarkarawanen erscheinen. Sie gaukeln Leben vor, wo die Realit\u00e4t kaum Leben zul\u00e4sst. Herzlich willkommen im Reich der Fata Morgana!<\/p>\n<p>In Douz-Zafraane, dem letzten St\u00fctzpunkt der Karawanen, beginnt die Sahara &#8211; die gr\u00f6\u00dfte Sandw\u00fcste der Welt. Genie\u00dfen Sie auf dem R\u00fccken eines schaukelnden W\u00fcstenschiffes (fakultativ, zahlbar vor Ort, ca. 50 TND) den Ritt ins unendlich scheinende D\u00fcnenmeer.<\/p>\n<p>Auf dem Weg nach Matmata fahren Sie durch die ber\u00fchmten Mondlandschaften und besichtigen dann eine klassische H\u00f6hlenwohnung, in der auch heute noch Menschen leben. Bevor Sie anschlie\u00dfend die R\u00fcckfahrt Richtung Djerba antreten, st\u00e4rken Sie sich bei einem Mittagessen.<\/p>\n<p><strong>Ausflugsveranstalter:<\/strong> DTS &#8211; Destination Touristic Services<\/p>\n","protected":false},"excerpt":{"rendered":"<p>Zwei Tage S\u00fcdtunesien intensiv Erleben Sie die Faszination S\u00fcdtunesien mit allem, was dazugeh\u00f6rt! In einem klimatisierten Reisebus geht es f\u00fcr Sie auf das tunesische Festland. Hier beginnt ein unvergessliches Abenteuer: Durch endlos erscheinende Landschaften machen Sie sich auf den Weg nach Tozeur. Nach dem Mittagessen in Ihrem Hotel f\u00fcr die Nacht erkunden Sie mit dem [&hellip;]<\/p>\n","protected":false},"featured_media":9578,"template":"","meta":{"_acf_changed":false,"ocean_post_layout":"","ocean_both_sidebars_style":"","ocean_both_sidebars_content_width":0,"ocean_both_sidebars_sidebars_width":0,"ocean_sidebar":"0","ocean_second_sidebar":"0","ocean_disable_margins":"enable","ocean_add_body_class":"","ocean_shortcode_before_top_bar":"","ocean_shortcode_after_top_bar":"","ocean_shortcode_before_header":"","ocean_shortcode_after_header":"","ocean_has_shortcode":"","ocean_shortcode_after_title":"","ocean_shortcode_before_footer_widgets":"","ocean_shortcode_after_footer_widgets":"","ocean_shortcode_before_footer_bottom":"","ocean_shortcode_after_footer_bottom":"","ocean_display_top_bar":"default","ocean_display_header":"default","ocean_header_style":"","ocean_center_header_left_menu":"0","ocean_custom_header_template":"0","ocean_custom_logo":0,"ocean_custom_retina_logo":0,"ocean_custom_logo_max_width":0,"ocean_custom_logo_tablet_max_width":0,"ocean_custom_logo_mobile_max_width":0,"ocean_custom_logo_max_height":0,"ocean_custom_logo_tablet_max_height":0,"ocean_custom_logo_mobile_max_height":0,"ocean_header_custom_menu":"0","ocean_menu_typo_font_family":"0","ocean_menu_typo_font_subset":"","ocean_menu_typo_font_size":0,"ocean_menu_typo_font_size_tablet":0,"ocean_menu_typo_font_size_mobile":0,"ocean_menu_typo_font_size_unit":"px","ocean_menu_typo_font_weight":"","ocean_menu_typo_font_weight_tablet":"","ocean_menu_typo_font_weight_mobile":"","ocean_menu_typo_transform":"","ocean_menu_typo_transform_tablet":"","ocean_menu_typo_transform_mobile":"","ocean_menu_typo_line_height":0,"ocean_menu_typo_line_height_tablet":0,"ocean_menu_typo_line_height_mobile":0,"ocean_menu_typo_line_height_unit":"","ocean_menu_typo_spacing":0,"ocean_menu_typo_spacing_tablet":0,"ocean_menu_typo_spacing_mobile":0,"ocean_menu_typo_spacing_unit":"","ocean_menu_link_color":"","ocean_menu_link_color_hover":"","ocean_menu_link_color_active":"","ocean_menu_link_background":"","ocean_menu_link_hover_background":"","ocean_menu_link_active_background":"","ocean_menu_social_links_bg":"","ocean_menu_social_hover_links_bg":"","ocean_menu_social_links_color":"","ocean_menu_social_hover_links_color":"","ocean_disable_title":"default","ocean_disable_heading":"default","ocean_post_title":"","ocean_post_subheading":"","ocean_post_title_style":"background-image","ocean_post_title_background_color":"","ocean_post_title_background":9582,"ocean_post_title_bg_image_position":"","ocean_post_title_bg_image_attachment":"","ocean_post_title_bg_image_repeat":"","ocean_post_title_bg_image_size":"","ocean_post_title_height":0,"ocean_post_title_bg_overlay":0.5,"ocean_post_title_bg_overlay_color":"","ocean_disable_breadcrumbs":"default","ocean_breadcrumbs_color":"","ocean_breadcrumbs_separator_color":"","ocean_breadcrumbs_links_color":"","ocean_breadcrumbs_links_hover_color":"","ocean_display_footer_widgets":"default","ocean_display_footer_bottom":"default","ocean_custom_footer_template":"0","omw_enable_modal_window":"enable","osh_disable_topbar_sticky":"default","osh_disable_header_sticky":"default","osh_sticky_header_style":"default","osh_sticky_header_effect":"","osh_custom_sticky_logo":0,"osh_custom_retina_sticky_logo":0,"osh_custom_sticky_logo_height":0,"osh_background_color":"","osh_links_color":"","osh_links_hover_color":"","osh_links_active_color":"","osh_links_bg_color":"","osh_links_hover_bg_color":"","osh_links_active_bg_color":"","osh_menu_social_links_color":"","osh_menu_social_hover_links_color":""},"ort":[460,458,459,462,461],"sichtbarkeit":[],"templateoption":[179],"product_brand":[],"product_cat":[182],"product_tag":[],"class_list":{"0":"post-9576","1":"product","2":"type-product","3":"status-publish","4":"has-post-thumbnail","6":"ort-aghir","7":"ort-midoun","8":"ort-nadhour","9":"ort-sidi-mehrez","10":"ort-zarzis","11":"templateoption-dertrip-bc","12":"product_cat-ausfluege","14":"entry","15":"has-media","17":"first","18":"instock","19":"virtual","20":"purchasable","21":"product-type-simple","22":"has-product-nav","23":"col","24":"span_1_of_3","25":"owp-content-center","26":"owp-thumbs-layout-horizontal","27":"owp-btn-normal","28":"owp-tabs-layout-section"},"acf":[],"_links":{"self":[{"href":"https:\/\/www.dertour-reiseleitung.com\/djerba\/wp-json\/wp\/v2\/product\/9576","targetHints":{"allow":["GET"]}}],"collection":[{"href":"https:\/\/www.dertour-reiseleitung.com\/djerba\/wp-json\/wp\/v2\/product"}],"about":[{"href":"https:\/\/www.dertour-reiseleitung.com\/djerba\/wp-json\/wp\/v2\/types\/product"}],"version-history":[{"count":10,"href":"https:\/\/www.dertour-reiseleitung.com\/djerba\/wp-json\/wp\/v2\/product\/9576\/revisions"}],"predecessor-version":[{"id":13088,"href":"https:\/\/www.dertour-reiseleitung.com\/djerba\/wp-json\/wp\/v2\/product\/9576\/revisions\/13088"}],"wp:featuredmedia":[{"embeddable":true,"href":"https:\/\/www.dertour-reiseleitung.com\/djerba\/wp-json\/wp\/v2\/media\/9578"}],"wp:attachment":[{"href":"https:\/\/www.dertour-reiseleitung.com\/djerba\/wp-json\/wp\/v2\/media?parent=9576"}],"wp:term":[{"taxonomy":"ort","embeddable":true,"href":"https:\/\/www.dertour-reiseleitung.com\/djerba\/wp-json\/wp\/v2\/ort?post=9576"},{"taxonomy":"sichtbarkeit","embeddable":true,"href":"https:\/\/www.dertour-reiseleitung.com\/djerba\/wp-json\/wp\/v2\/sichtbarkeit?post=9576"},{"taxonomy":"templateoption","embeddable":true,"href":"https:\/\/www.dertour-reiseleitung.com\/djerba\/wp-json\/wp\/v2\/templateoption?post=9576"},{"taxonomy":"product_brand","embeddable":true,"href":"https:\/\/www.dertour-reiseleitung.com\/djerba\/wp-json\/wp\/v2\/product_brand?post=9576"},{"taxonomy":"product_cat","embeddable":true,"href":"https:\/\/www.dertour-reiseleitung.com\/djerba\/wp-json\/wp\/v2\/product_cat?post=9576"},{"taxonomy":"product_tag","embeddable":true,"href":"https:\/\/www.dertour-reiseleitung.com\/djerba\/wp-json\/wp\/v2\/product_tag?post=9576"}],"curies":[{"name":"wp","href":"https:\/\/api.w.org\/{rel}","templated":true}]}}