{"id":9644,"date":"2025-03-23T14:20:07","date_gmt":"2025-03-23T13:20:07","guid":{"rendered":"https:\/\/www.dertour-reiseleitung.com\/djerba\/aktivitaeten\/djerba-traditionell-ab-djerba\/"},"modified":"2026-05-06T08:51:28","modified_gmt":"2026-05-06T07:51:28","slug":"djerba-traditionell-dds-003-1","status":"publish","type":"product","link":"https:\/\/www.dertour-reiseleitung.com\/djerba\/aktivitaeten\/djerba-traditionell-dds-003-1\/","title":{"rendered":"Djerba Traditionell"},"content":{"rendered":"<h3>Highlights Ihrer Urlaubsinsel<\/h3>\n<p>Sie werden morgens von Ihrem Hotel abgeholt und machen sich im klimatisierten Reisebus (oder Minibus, je nach Nachfrage) auf den Weg.<\/p>\n<p>An der K\u00fcste entlang geht es vorbei an der\u00a0 arch\u00e4ologischen St\u00e4tte Meninx zum R\u00f6merdamm \u2013 Djerbas wichtigste Verbindung zum Festland. Nach einer kurzen Fotopause wartet als n\u00e4chster Stopp eine T\u00f6pferei im T\u00f6pferdorf Guellala auf Sie.<\/p>\n<p>Im Museum von Guellala erhalten Sie anschlie\u00dfend einen Einblick in die Traditionen und Br\u00e4uche Ihrer Urlaubsinsel und dem Rest Tunesiens. In die Gestaltung des Museums wurde viel Liebe zum Detail gesteckt \u2013 einfach sehenswert!<\/p>\n<p>Anschlie\u00dfend wartet noch die Synagoge &#8222;La Ghriba&#8220; auf Ihren Besuch (au\u00dfer an j\u00fcdischen Feiertagen, dann ist der Eintritt nicht gestattet und dieser Halt wird ausgelassen). Bitte beachten Sie die Kleiderordnung.<\/p>\n<p>Die Weiterfahrt f\u00fchrt Sie nach Erriadh, in das K\u00fcnstlerdorf Djerba Hood. Zusammen mit Ihrem Reisef\u00fchrer machen Sie einen ausgiebigen Spaziergang durch dieses au\u00dfergew\u00f6hnliche Open-Air-Museum. Hier k\u00f6nnen Sie einige Arbeiten der mehr als hundert K\u00fcnstler aus der ganzen Welt bewundern. Aktuell wird dort an vielen neuen Kunstwerken gearbeitet &#8211; ein Besuch lohnt sich also, auch wenn Sie denken, dass Sie bereits alles gesehen haben!<\/p>\n<p>Gut gest\u00e4rkt vom Mittagessen haben Sie freie Zeit in der Inselhauptstadt Houmt Souk zum Bummeln oder Kaffee trinken.<\/p>\n<p>Noch etwas Nervenkitzel zum Abschluss? Bestaunen Sie im Themenpark &#8222;Djerba Explore&#8220; ausgewachsene Krokodile und andere Reptilien aus n\u00e4chster N\u00e4he und lernen Sie ganz nebenbei bei einem kleinen Spaziergang durch den Park und das integrierte Museum noch einiges \u00fcber die Kultur Tunesiens.<\/p>\n<p><strong>Ausflugsveranstalter:<\/strong> DTS &#8211; Destination Touristic Services<\/p>\n","protected":false},"excerpt":{"rendered":"<p>Highlights Ihrer Urlaubsinsel Sie werden morgens von Ihrem Hotel abgeholt und machen sich im klimatisierten Reisebus (oder Minibus, je nach Nachfrage) auf den Weg. An der K\u00fcste entlang geht es vorbei an der\u00a0 arch\u00e4ologischen St\u00e4tte Meninx zum R\u00f6merdamm \u2013 Djerbas wichtigste Verbindung zum Festland. Nach einer kurzen Fotopause wartet als n\u00e4chster Stopp eine T\u00f6pferei im [&hellip;]<\/p>\n","protected":false},"featured_media":9646,"template":"","meta":{"_acf_changed":false,"ocean_post_layout":"","ocean_both_sidebars_style":"","ocean_both_sidebars_content_width":0,"ocean_both_sidebars_sidebars_width":0,"ocean_sidebar":"0","ocean_second_sidebar":"0","ocean_disable_margins":"enable","ocean_add_body_class":"","ocean_shortcode_before_top_bar":"","ocean_shortcode_after_top_bar":"","ocean_shortcode_before_header":"","ocean_shortcode_after_header":"","ocean_has_shortcode":"","ocean_shortcode_after_title":"","ocean_shortcode_before_footer_widgets":"","ocean_shortcode_after_footer_widgets":"","ocean_shortcode_before_footer_bottom":"","ocean_shortcode_after_footer_bottom":"","ocean_display_top_bar":"default","ocean_display_header":"default","ocean_header_style":"","ocean_center_header_left_menu":"0","ocean_custom_header_template":"0","ocean_custom_logo":0,"ocean_custom_retina_logo":0,"ocean_custom_logo_max_width":0,"ocean_custom_logo_tablet_max_width":0,"ocean_custom_logo_mobile_max_width":0,"ocean_custom_logo_max_height":0,"ocean_custom_logo_tablet_max_height":0,"ocean_custom_logo_mobile_max_height":0,"ocean_header_custom_menu":"0","ocean_menu_typo_font_family":"0","ocean_menu_typo_font_subset":"","ocean_menu_typo_font_size":0,"ocean_menu_typo_font_size_tablet":0,"ocean_menu_typo_font_size_mobile":0,"ocean_menu_typo_font_size_unit":"px","ocean_menu_typo_font_weight":"","ocean_menu_typo_font_weight_tablet":"","ocean_menu_typo_font_weight_mobile":"","ocean_menu_typo_transform":"","ocean_menu_typo_transform_tablet":"","ocean_menu_typo_transform_mobile":"","ocean_menu_typo_line_height":0,"ocean_menu_typo_line_height_tablet":0,"ocean_menu_typo_line_height_mobile":0,"ocean_menu_typo_line_height_unit":"","ocean_menu_typo_spacing":0,"ocean_menu_typo_spacing_tablet":0,"ocean_menu_typo_spacing_mobile":0,"ocean_menu_typo_spacing_unit":"","ocean_menu_link_color":"","ocean_menu_link_color_hover":"","ocean_menu_link_color_active":"","ocean_menu_link_background":"","ocean_menu_link_hover_background":"","ocean_menu_link_active_background":"","ocean_menu_social_links_bg":"","ocean_menu_social_hover_links_bg":"","ocean_menu_social_links_color":"","ocean_menu_social_hover_links_color":"","ocean_disable_title":"default","ocean_disable_heading":"default","ocean_post_title":"","ocean_post_subheading":"","ocean_post_title_style":"background-image","ocean_post_title_background_color":"","ocean_post_title_background":9671,"ocean_post_title_bg_image_position":"","ocean_post_title_bg_image_attachment":"","ocean_post_title_bg_image_repeat":"","ocean_post_title_bg_image_size":"","ocean_post_title_height":0,"ocean_post_title_bg_overlay":0.5,"ocean_post_title_bg_overlay_color":"","ocean_disable_breadcrumbs":"default","ocean_breadcrumbs_color":"","ocean_breadcrumbs_separator_color":"","ocean_breadcrumbs_links_color":"","ocean_breadcrumbs_links_hover_color":"","ocean_display_footer_widgets":"default","ocean_display_footer_bottom":"default","ocean_custom_footer_template":"0","omw_enable_modal_window":"enable","osh_disable_topbar_sticky":"default","osh_disable_header_sticky":"default","osh_sticky_header_style":"default","osh_sticky_header_effect":"","osh_custom_sticky_logo":0,"osh_custom_retina_sticky_logo":0,"osh_custom_sticky_logo_height":0,"osh_background_color":"","osh_links_color":"","osh_links_hover_color":"","osh_links_active_color":"","osh_links_bg_color":"","osh_links_hover_bg_color":"","osh_links_active_bg_color":"","osh_menu_social_links_color":"","osh_menu_social_hover_links_color":""},"ort":[460,458,459,462],"sichtbarkeit":[],"templateoption":[179],"product_brand":[],"product_cat":[182],"product_tag":[],"class_list":{"0":"post-9644","1":"product","2":"type-product","3":"status-publish","4":"has-post-thumbnail","6":"ort-aghir","7":"ort-midoun","8":"ort-nadhour","9":"ort-sidi-mehrez","10":"templateoption-dertrip-bc","11":"product_cat-ausfluege","13":"entry","14":"has-media","16":"first","17":"instock","18":"virtual","19":"purchasable","20":"product-type-simple","21":"has-product-nav","22":"col","23":"span_1_of_3","24":"owp-content-center","25":"owp-thumbs-layout-horizontal","26":"owp-btn-normal","27":"owp-tabs-layout-section"},"acf":[],"_links":{"self":[{"href":"https:\/\/www.dertour-reiseleitung.com\/djerba\/wp-json\/wp\/v2\/product\/9644","targetHints":{"allow":["GET"]}}],"collection":[{"href":"https:\/\/www.dertour-reiseleitung.com\/djerba\/wp-json\/wp\/v2\/product"}],"about":[{"href":"https:\/\/www.dertour-reiseleitung.com\/djerba\/wp-json\/wp\/v2\/types\/product"}],"version-history":[{"count":13,"href":"https:\/\/www.dertour-reiseleitung.com\/djerba\/wp-json\/wp\/v2\/product\/9644\/revisions"}],"predecessor-version":[{"id":13578,"href":"https:\/\/www.dertour-reiseleitung.com\/djerba\/wp-json\/wp\/v2\/product\/9644\/revisions\/13578"}],"wp:featuredmedia":[{"embeddable":true,"href":"https:\/\/www.dertour-reiseleitung.com\/djerba\/wp-json\/wp\/v2\/media\/9646"}],"wp:attachment":[{"href":"https:\/\/www.dertour-reiseleitung.com\/djerba\/wp-json\/wp\/v2\/media?parent=9644"}],"wp:term":[{"taxonomy":"ort","embeddable":true,"href":"https:\/\/www.dertour-reiseleitung.com\/djerba\/wp-json\/wp\/v2\/ort?post=9644"},{"taxonomy":"sichtbarkeit","embeddable":true,"href":"https:\/\/www.dertour-reiseleitung.com\/djerba\/wp-json\/wp\/v2\/sichtbarkeit?post=9644"},{"taxonomy":"templateoption","embeddable":true,"href":"https:\/\/www.dertour-reiseleitung.com\/djerba\/wp-json\/wp\/v2\/templateoption?post=9644"},{"taxonomy":"product_brand","embeddable":true,"href":"https:\/\/www.dertour-reiseleitung.com\/djerba\/wp-json\/wp\/v2\/product_brand?post=9644"},{"taxonomy":"product_cat","embeddable":true,"href":"https:\/\/www.dertour-reiseleitung.com\/djerba\/wp-json\/wp\/v2\/product_cat?post=9644"},{"taxonomy":"product_tag","embeddable":true,"href":"https:\/\/www.dertour-reiseleitung.com\/djerba\/wp-json\/wp\/v2\/product_tag?post=9644"}],"curies":[{"name":"wp","href":"https:\/\/api.w.org\/{rel}","templated":true}]}}