{"id":9951,"date":"2025-03-18T15:06:42","date_gmt":"2025-03-18T15:06:42","guid":{"rendered":"https:\/\/www.dertour-reiseleitung.com\/gran-canaria\/aktivitaeten\/wandertouren-ab-gran-canaria-sued-west\/"},"modified":"2026-05-04T12:03:19","modified_gmt":"2026-05-04T11:03:19","slug":"wandertouren-dds-003-1","status":"publish","type":"product","link":"https:\/\/www.dertour-reiseleitung.com\/gran-canaria\/aktivitaeten\/wandertouren-dds-003-1\/","title":{"rendered":"Wandertouren"},"content":{"rendered":"<h3>Entdeckungstouren durch Gran Canaria<\/h3>\n<p>Wir vermitteln Ihnen gern professionell gef\u00fchrte Wandertouren durch die paradiesische Natur Gran Canarias. Die Touren werden in allen Leistungsstufen angeboten &#8211; vom Einsteiger bis zum trainierten Sportler.<\/p>\n<p>Die erfahrenen Wanderf\u00fchrer sorgen f\u00fcr Spa\u00df und die richtige Betreuung bei allen Wanderungen.<\/p>\n<p><strong>VENTANA DEL NUBLO<\/strong><\/p>\n<p><strong>Kr\u00e4uter- und Heilpflanzenkunde beim Aufstieg zum Wahrzeichen der Insel<\/strong><\/p>\n<p>Machen Sie sich auf den Weg zum Fenster des Roque Nublo, mit Panoramablick auf diesen Naturriesen und durch die W\u00e4lder von Llanos de la Pez- eine der sch\u00f6nsten Wandertouren auf Gran Canaria.<\/p>\n<p>Unsere Wanderung beginnt auf dem Campingplatz von Llanos de la Pez, auf 1.700Hm, wo wir mit dem langsamen Aufstieg zur Ventana del Nublo beginnen.<br \/>\nDurch einen dichten Pinienwald mit viel unterschiedlicher Vegetation erreichen wir bald den Gipfel unseres Aufstiegs und k\u00f6nnen schon von weitem den Roque Nublo mit atemberaubenden Blicken auf die Nachbarinsel Teneriffa und den Teide, mit 3718m der h\u00f6chste Berg Spaniens, sehen. Die beeindruckenden Aussichten w\u00e4hrend des Trekkings durch diese Gegend sind einfach atemberaubend.<br \/>\nEntlang eines alten \u201ecamino real\u201c, den wir hinaufwandern, wachsen eine Vielzahl von Kr\u00e4utern und Heilpflanzen, \u00fcber die Sie ausf\u00fchrlich informiert werden. Ankunft auf der Hochebene unterhalb der Ventana del Nublo. W\u00e4hrend der Wanderung in dieser Region Gran Canarias werden Sie auch Tejeda sehen, ein sehr bekanntes Tomatendorf mit vielen Terrassenanbausystemen.<br \/>\nSie k\u00f6nnen die absolute Einzigartigkeit einer der sch\u00f6nsten Wanderungen der Kanarischen Inseln sp\u00fcren.<\/p>\n<p>Nach unserem Picknick setzen wir unseren Abstieg fort, um wieder auf dem Campingplatz von Llanos de la Pez anzukommen.<\/p>\n<p><strong>Spezifikationen <\/strong><\/p>\n<ul class=\"square\">\n<li>7 km<\/li>\n<li>400 Hm. Aufstieg<\/li>\n<li>480 Hm. Abstieg<\/li>\n<li>Schwierigkeitsgrad 2<\/li>\n<\/ul>\n<p>&nbsp;<\/p>\n<p><strong>FALKENSCHLUCHT<\/strong><\/p>\n<p><strong>Vulkanische Landschaften und die fruchtbarsten Ecken auf der Insel entdecken &#8211; im dschungelartigen Nordosten, durch das Tal der Greifv\u00f6gel zum H\u00f6hlendorf<\/strong><\/p>\n<p>Durch seine Abgeschiedenheit im Nordosten Gran Canarias und die in der Lava vorkommenden besonderen Mineralien hat sich im j\u00fcngsten Teil der Insel eine Vegetation erhalten, die man sonst kaum noch entdecken kann. Das ganze Jahr \u00fcber flie\u00dft ein kleiner Bach das Tal hinunter und immer wieder bilden sich Wasserf\u00e4lle, die die teils dschungelartig anmutende Vegetation mit Feuchtigkeit versorgen.<br \/>\nDurch die vielen Eidechsen und M\u00e4use leben im Lomo Magullo auch viele Falken und Bussarde. Greifv\u00f6gel sind eher schwer zum F\u00fcttern, jedoch sind die Eidechsen, die dort leben, schon so an Besucher gew\u00f6hnt, dass Sie sie aus der Hand f\u00fcttern k\u00f6nnen! Definitiv ein Highlight Ihrer Tour.<\/p>\n<p><strong>Spezifikationen <\/strong><\/p>\n<ul class=\"square\">\n<li>7 km<\/li>\n<li>250 Hm. Aufstieg<\/li>\n<li>250 Hm. Abstieg<\/li>\n<li>Schwierigkeitsgrad 1,5<\/li>\n<\/ul>\n<p>&nbsp;<\/p>\n<p><strong>BANDAMA KRATERWANDERUNG <\/strong><\/p>\n<p><strong>Durch das bekannteste Weinanbaugebiet Gran Canarias und zum einzigen bewohnten Krater der Insel<\/strong><\/p>\n<p>Die Wanderung beginnt am h\u00f6chsten Punkt des Vulkans, einer Aussichtsplattform. Nachdem Sie f\u00fcr einige Sekunden von der atemberaubenden Aussicht \u00fcberw\u00e4ltigt wurden, erfahren Sie alles \u00fcber die Entstehung dieses einzigartigen Kraters. Beim Abstieg in den Krater werden Sie zudem feststellen, dass dies der einzige bewohnte Vulkan auf unserer Insel ist. Aufgrund der einzigartigen Lage und Abgeschiedenheit dieses Ortes werden Sie auf eine fantastische Vegetation, gro\u00dfe Eidechsenkolonien und viele Weinberge in der ganzen Gegend treffen. Dieses Wandergebiet ist bekannt f\u00fcr eine besondere endemische Rebsorte namens &#8222;List\u00e1n Negro&#8220; und &#8222;List\u00e1n Blanco&#8220;. <span data-teams=\"true\"><span class=\"ui-provider a b c d e f g h i j k l m n o p q r s t u v w x y z ab ac ae af ag ah ai aj ak\" dir=\"ltr\">Etwas versteckt im Krater finden Sie auch zwei H\u00f6hlen, die Sie w\u00e4hrend einer kurzen Mittagspause ein wenig erkunden k\u00f6nnen. Von hier aus wandern Sie etwa 45 Minuten zur\u00fcck nach oben und kehren in einer typischen Bar der Gegend auf einen Drink oder Kaffee ein.<\/span><\/span><\/p>\n<p><strong>Spezifikationen <\/strong><\/p>\n<ul class=\"square\">\n<li>6,5 km<\/li>\n<li>280 Hm. Aufstieg<\/li>\n<li>280 Hm. Abstieg<\/li>\n<li>Schwierigkeitsgrad 2<\/li>\n<\/ul>\n<p>&nbsp;<\/p>\n<p><strong>LORBEERWALD<\/strong><\/p>\n<p><strong>Atemberaubende Natur und Ausblicke auf einer der sch\u00f6nsten und gr\u00fcnsten Wanderungen auf Gran Canaria<\/strong><\/p>\n<p>Die letzten Lorbeerw\u00e4lder des Nordens sind wie ein Dschungel aus Urzeiten und befinden sich in dem Naturpark von Doramas. Ihre Wanderung beginnt mit einem Abstieg durch eine dicht bewachsene Schlucht, weiter durch m\u00e4rchenhafte Landschaften, mit fantastischen Ausblicken vom Tal der Jungfrau, \u00fcber den Kamel Pass bis zur Schlucht von Zumacal, wo Sie dann eine Mittagsrast einlegen.<br \/>\nSie wandern, bewundern und genie\u00dfen den Ausblick auf die unter Ihnen liegende, einmalige endemische Pflanzenwelt und beginnen nach dem Picknick mit dem Aufstieg. Durch eine tiefe und \u00fcppig bewachsene Schlucht mit riesigen Eukalyptus-B\u00e4umen wandern Sie entlang von Zitronen und Orangenplantagen zur\u00fcck zum Ausgangspunkt. Im Winter gibt es auch die M\u00f6glichkeit Brombeeren zu naschen.<\/p>\n<p><strong>Spezifikationen <\/strong><\/p>\n<ul class=\"square\">\n<li>7,5 km<\/li>\n<li>300 Hm. Aufstieg<\/li>\n<li>300 Hm. Abstieg<\/li>\n<li>Schwierigkeitsgrad 2<\/li>\n<\/ul>\n<p><strong>Ausflugsveranstalter:<\/strong> Go Vacation Spain SLU, CIF: B-57828360<\/p>\n","protected":false},"excerpt":{"rendered":"<p>Entdeckungstouren durch Gran Canaria Wir vermitteln Ihnen gern professionell gef\u00fchrte Wandertouren durch die paradiesische Natur Gran Canarias. Die Touren werden in allen Leistungsstufen angeboten &#8211; vom Einsteiger bis zum trainierten Sportler. Die erfahrenen Wanderf\u00fchrer sorgen f\u00fcr Spa\u00df und die richtige Betreuung bei allen Wanderungen. VENTANA DEL NUBLO Kr\u00e4uter- und Heilpflanzenkunde beim Aufstieg zum Wahrzeichen der [&hellip;]<\/p>\n","protected":false},"featured_media":9953,"template":"","meta":{"_acf_changed":false,"ocean_post_layout":"","ocean_both_sidebars_style":"","ocean_both_sidebars_content_width":0,"ocean_both_sidebars_sidebars_width":0,"ocean_sidebar":"0","ocean_second_sidebar":"0","ocean_disable_margins":"enable","ocean_add_body_class":"","ocean_shortcode_before_top_bar":"","ocean_shortcode_after_top_bar":"","ocean_shortcode_before_header":"","ocean_shortcode_after_header":"","ocean_has_shortcode":"","ocean_shortcode_after_title":"","ocean_shortcode_before_footer_widgets":"","ocean_shortcode_after_footer_widgets":"","ocean_shortcode_before_footer_bottom":"","ocean_shortcode_after_footer_bottom":"","ocean_display_top_bar":"default","ocean_display_header":"default","ocean_header_style":"","ocean_center_header_left_menu":"0","ocean_custom_header_template":"0","ocean_custom_logo":0,"ocean_custom_retina_logo":0,"ocean_custom_logo_max_width":0,"ocean_custom_logo_tablet_max_width":0,"ocean_custom_logo_mobile_max_width":0,"ocean_custom_logo_max_height":0,"ocean_custom_logo_tablet_max_height":0,"ocean_custom_logo_mobile_max_height":0,"ocean_header_custom_menu":"0","ocean_menu_typo_font_family":"0","ocean_menu_typo_font_subset":"","ocean_menu_typo_font_size":0,"ocean_menu_typo_font_size_tablet":0,"ocean_menu_typo_font_size_mobile":0,"ocean_menu_typo_font_size_unit":"px","ocean_menu_typo_font_weight":"","ocean_menu_typo_font_weight_tablet":"","ocean_menu_typo_font_weight_mobile":"","ocean_menu_typo_transform":"","ocean_menu_typo_transform_tablet":"","ocean_menu_typo_transform_mobile":"","ocean_menu_typo_line_height":0,"ocean_menu_typo_line_height_tablet":0,"ocean_menu_typo_line_height_mobile":0,"ocean_menu_typo_line_height_unit":"","ocean_menu_typo_spacing":0,"ocean_menu_typo_spacing_tablet":0,"ocean_menu_typo_spacing_mobile":0,"ocean_menu_typo_spacing_unit":"","ocean_menu_link_color":"","ocean_menu_link_color_hover":"","ocean_menu_link_color_active":"","ocean_menu_link_background":"","ocean_menu_link_hover_background":"","ocean_menu_link_active_background":"","ocean_menu_social_links_bg":"","ocean_menu_social_hover_links_bg":"","ocean_menu_social_links_color":"","ocean_menu_social_hover_links_color":"","ocean_disable_title":"default","ocean_disable_heading":"default","ocean_post_title":"","ocean_post_subheading":"","ocean_post_title_style":"background-image","ocean_post_title_background_color":"","ocean_post_title_background":9957,"ocean_post_title_bg_image_position":"","ocean_post_title_bg_image_attachment":"","ocean_post_title_bg_image_repeat":"","ocean_post_title_bg_image_size":"","ocean_post_title_height":0,"ocean_post_title_bg_overlay":0.5,"ocean_post_title_bg_overlay_color":"","ocean_disable_breadcrumbs":"default","ocean_breadcrumbs_color":"","ocean_breadcrumbs_separator_color":"","ocean_breadcrumbs_links_color":"","ocean_breadcrumbs_links_hover_color":"","ocean_display_footer_widgets":"default","ocean_display_footer_bottom":"default","ocean_custom_footer_template":"0","omw_enable_modal_window":"enable","osh_disable_topbar_sticky":"default","osh_disable_header_sticky":"default","osh_sticky_header_style":"default","osh_sticky_header_effect":"","osh_custom_sticky_logo":0,"osh_custom_retina_sticky_logo":0,"osh_custom_sticky_logo_height":0,"osh_background_color":"","osh_links_color":"","osh_links_hover_color":"","osh_links_active_color":"","osh_links_bg_color":"","osh_links_hover_bg_color":"","osh_links_active_bg_color":"","osh_menu_social_links_color":"","osh_menu_social_hover_links_color":""},"ort":[468,469,471,472,473,474,475,476,477,478,479,480],"sichtbarkeit":[],"templateoption":[179],"product_brand":[],"product_cat":[182],"product_tag":[],"class_list":{"0":"post-9951","1":"product","2":"type-product","3":"status-publish","4":"has-post-thumbnail","6":"ort-arguineguin","7":"ort-bahia-feliz","8":"ort-maspalomas","9":"ort-meloneras","10":"ort-playa-amadores","11":"ort-playa-del-cura","12":"ort-playa-del-ingles","13":"ort-puerto-de-mogan","14":"ort-puerto-rico","15":"ort-salobre","16":"ort-san-agustin","17":"ort-taurito","18":"templateoption-dertrip-bc","19":"product_cat-ausfluege","21":"entry","22":"has-media","24":"first","25":"instock","26":"virtual","27":"purchasable","28":"product-type-simple","29":"has-product-nav","30":"col","31":"span_1_of_3","32":"owp-content-center","33":"owp-thumbs-layout-horizontal","34":"owp-btn-normal","35":"owp-tabs-layout-section"},"acf":[],"_links":{"self":[{"href":"https:\/\/www.dertour-reiseleitung.com\/gran-canaria\/wp-json\/wp\/v2\/product\/9951","targetHints":{"allow":["GET"]}}],"collection":[{"href":"https:\/\/www.dertour-reiseleitung.com\/gran-canaria\/wp-json\/wp\/v2\/product"}],"about":[{"href":"https:\/\/www.dertour-reiseleitung.com\/gran-canaria\/wp-json\/wp\/v2\/types\/product"}],"version-history":[{"count":10,"href":"https:\/\/www.dertour-reiseleitung.com\/gran-canaria\/wp-json\/wp\/v2\/product\/9951\/revisions"}],"predecessor-version":[{"id":13077,"href":"https:\/\/www.dertour-reiseleitung.com\/gran-canaria\/wp-json\/wp\/v2\/product\/9951\/revisions\/13077"}],"wp:featuredmedia":[{"embeddable":true,"href":"https:\/\/www.dertour-reiseleitung.com\/gran-canaria\/wp-json\/wp\/v2\/media\/9953"}],"wp:attachment":[{"href":"https:\/\/www.dertour-reiseleitung.com\/gran-canaria\/wp-json\/wp\/v2\/media?parent=9951"}],"wp:term":[{"taxonomy":"ort","embeddable":true,"href":"https:\/\/www.dertour-reiseleitung.com\/gran-canaria\/wp-json\/wp\/v2\/ort?post=9951"},{"taxonomy":"sichtbarkeit","embeddable":true,"href":"https:\/\/www.dertour-reiseleitung.com\/gran-canaria\/wp-json\/wp\/v2\/sichtbarkeit?post=9951"},{"taxonomy":"templateoption","embeddable":true,"href":"https:\/\/www.dertour-reiseleitung.com\/gran-canaria\/wp-json\/wp\/v2\/templateoption?post=9951"},{"taxonomy":"product_brand","embeddable":true,"href":"https:\/\/www.dertour-reiseleitung.com\/gran-canaria\/wp-json\/wp\/v2\/product_brand?post=9951"},{"taxonomy":"product_cat","embeddable":true,"href":"https:\/\/www.dertour-reiseleitung.com\/gran-canaria\/wp-json\/wp\/v2\/product_cat?post=9951"},{"taxonomy":"product_tag","embeddable":true,"href":"https:\/\/www.dertour-reiseleitung.com\/gran-canaria\/wp-json\/wp\/v2\/product_tag?post=9951"}],"curies":[{"name":"wp","href":"https:\/\/api.w.org\/{rel}","templated":true}]}}