{"id":9633,"date":"2025-03-23T17:49:51","date_gmt":"2025-03-23T16:49:51","guid":{"rendered":"https:\/\/www.dertour-reiseleitung.com\/korfu\/aktivitaeten\/tauchen\/"},"modified":"2026-04-13T17:41:49","modified_gmt":"2026-04-13T14:41:49","slug":"tauchen-dds-010-1","status":"publish","type":"product","link":"https:\/\/www.dertour-reiseleitung.com\/korfu\/aktivitaeten\/tauchen-dds-010-1\/","title":{"rendered":"Tauchen"},"content":{"rendered":"<h3>Entdecken Sie die Unterwasserwelt Korfus<\/h3>\n<p>PADI (Professional Association of Diving Instructors) ist die gr\u00f6\u00dfte Tauch-Organisation der Welt und Achilleon Diving Center ist ein offizielles PADI RESORT.<\/p>\n<p><strong>Tauchen f\u00fcr qualifizierte Taucher<\/strong><br \/>\nDas Achilleon Diving Center f\u00e4hrt jeden Tag mit seinen Booten zu einem der 24 wundersch\u00f6nen Tauchpl\u00e4tze. Spektakul\u00e4re Grotten und H\u00f6hlen, unglaubliche W\u00e4nde und Riffe mit verschiedenen Arten von Fischen und interessanten Wracks sind nur einige der Tauchpl\u00e4tze, die dieses Erlebnis unvergesslich machen werden. Der Tauchgang dauert 40-50 Minuten und wird in Gruppen von maximal 8 Tauchern durchgef\u00fchrt (es gibt verschiedene Gruppen f\u00fcr Open Water Diver und Fortgeschrittene). Hierf\u00fcr wird Ihnen eine komplette Tauch-Ausr\u00fcstung zur Verf\u00fcgung gestellt. Zu Beginn eines Kurses bereiten Sie in der Tauchbasis unter professioneller Anleitung die Ausr\u00fcstung vor und starten den Ausflug zu zwei Tauchg\u00e4ngen in zwei verschiedenen Tauchpl\u00e4tzen. F\u00fcr Erfrischungen wird zwischen den Tauchg\u00e4ngen gesorgt. Taucher von allen Organisationen sind herzlich willkommen.<\/p>\n<p><strong>Discover Scuba Diving (Anf\u00e4nger Tauchgang)<\/strong><br \/>\n<strong>Dauer:<\/strong> 3 Stunden<br \/>\nHaben Sie sich jemals gefragt, was es hei\u00dft, unter Wasser zu atmen? Wenn Sie es herausfinden m\u00f6chten, probieren Sie es mit Discover Scuba Diving. Dieses Programm beinhaltet einen ersten richtigen Tauchgang im offenen Wasser und wird als PADI Scuba Diver oder Open Water Diver Bescheinigung anerkannt. Der Kurs dauert ca. 3 Stunden und beginnt mit einer Einf\u00fchrung von einem deutschsprachigen Tauchprofi. Der erste Tauchgang startet direkt in der Bucht vor der Tauchbasis, dauert ca. 40 Minuten und geht in eine maximale Tauchtiefe von 8 Metern. Das Mindestalter f\u00fcr die Teilnahme betr\u00e4gt 8 Jahre.<\/p>\n<ul class=\"square\">\n<li style=\"padding-bottom: 10px\">W\u00e4hrend des Tauchgangs werden Fotos und Videos mit professionellen Unterwasserkameras aufgenommen, die Sie am Ende auch erstehen k\u00f6nnen.<\/li>\n<li style=\"padding-bottom: 10px\">W\u00e4hrend des Tauchgangs sehen Sie verschiedene Arten von Fischen wie Dorade, Tintenfisch, Seeigel, Seesterne und viele andere mehr.<\/li>\n<li style=\"padding-bottom: 10px\">Erfahren Sie, wie sich das Tragen einer Tauchausr\u00fcstung anf\u00fchlt und wie einfach es ist, sich unter Wasser zu bewegen.<\/li>\n<li style=\"padding-bottom: 10px\">Finden Sie heraus, was es hei\u00dft, unter Wasser zu atmen, und erfahren Sie, wie angenehm es ist.<\/li>\n<li style=\"padding-bottom: 10px\">Lernen Sie einige grundlegende Fertigkeiten, Sicherheitsregeln und Voraussetzungen zum Erlangen eines Tauchscheins.<\/li>\n<\/ul>\n<p><strong>Ausflugsveranstalter:<\/strong> DTS Incoming Hellas S.A.<\/p>\n","protected":false},"excerpt":{"rendered":"<p>Entdecken Sie die Unterwasserwelt Korfus PADI (Professional Association of Diving Instructors) ist die gr\u00f6\u00dfte Tauch-Organisation der Welt und Achilleon Diving Center ist ein offizielles PADI RESORT. Tauchen f\u00fcr qualifizierte Taucher Das Achilleon Diving Center f\u00e4hrt jeden Tag mit seinen Booten zu einem der 24 wundersch\u00f6nen Tauchpl\u00e4tze. Spektakul\u00e4re Grotten und H\u00f6hlen, unglaubliche W\u00e4nde und Riffe mit [&hellip;]<\/p>\n","protected":false},"featured_media":9635,"template":"","meta":{"_acf_changed":false,"ocean_post_layout":"","ocean_both_sidebars_style":"","ocean_both_sidebars_content_width":0,"ocean_both_sidebars_sidebars_width":0,"ocean_sidebar":"0","ocean_second_sidebar":"0","ocean_disable_margins":"enable","ocean_add_body_class":"","ocean_shortcode_before_top_bar":"","ocean_shortcode_after_top_bar":"","ocean_shortcode_before_header":"","ocean_shortcode_after_header":"","ocean_has_shortcode":"","ocean_shortcode_after_title":"","ocean_shortcode_before_footer_widgets":"","ocean_shortcode_after_footer_widgets":"","ocean_shortcode_before_footer_bottom":"","ocean_shortcode_after_footer_bottom":"","ocean_display_top_bar":"default","ocean_display_header":"default","ocean_header_style":"","ocean_center_header_left_menu":"0","ocean_custom_header_template":"0","ocean_custom_logo":0,"ocean_custom_retina_logo":0,"ocean_custom_logo_max_width":0,"ocean_custom_logo_tablet_max_width":0,"ocean_custom_logo_mobile_max_width":0,"ocean_custom_logo_max_height":0,"ocean_custom_logo_tablet_max_height":0,"ocean_custom_logo_mobile_max_height":0,"ocean_header_custom_menu":"0","ocean_menu_typo_font_family":"0","ocean_menu_typo_font_subset":"","ocean_menu_typo_font_size":0,"ocean_menu_typo_font_size_tablet":0,"ocean_menu_typo_font_size_mobile":0,"ocean_menu_typo_font_size_unit":"px","ocean_menu_typo_font_weight":"","ocean_menu_typo_font_weight_tablet":"","ocean_menu_typo_font_weight_mobile":"","ocean_menu_typo_transform":"","ocean_menu_typo_transform_tablet":"","ocean_menu_typo_transform_mobile":"","ocean_menu_typo_line_height":0,"ocean_menu_typo_line_height_tablet":0,"ocean_menu_typo_line_height_mobile":0,"ocean_menu_typo_line_height_unit":"","ocean_menu_typo_spacing":0,"ocean_menu_typo_spacing_tablet":0,"ocean_menu_typo_spacing_mobile":0,"ocean_menu_typo_spacing_unit":"","ocean_menu_link_color":"","ocean_menu_link_color_hover":"","ocean_menu_link_color_active":"","ocean_menu_link_background":"","ocean_menu_link_hover_background":"","ocean_menu_link_active_background":"","ocean_menu_social_links_bg":"","ocean_menu_social_hover_links_bg":"","ocean_menu_social_links_color":"","ocean_menu_social_hover_links_color":"","ocean_disable_title":"default","ocean_disable_heading":"default","ocean_post_title":"","ocean_post_subheading":"","ocean_post_title_style":"background-image","ocean_post_title_background_color":"","ocean_post_title_background":9642,"ocean_post_title_bg_image_position":"","ocean_post_title_bg_image_attachment":"","ocean_post_title_bg_image_repeat":"","ocean_post_title_bg_image_size":"","ocean_post_title_height":0,"ocean_post_title_bg_overlay":0.5,"ocean_post_title_bg_overlay_color":"","ocean_disable_breadcrumbs":"default","ocean_breadcrumbs_color":"","ocean_breadcrumbs_separator_color":"","ocean_breadcrumbs_links_color":"","ocean_breadcrumbs_links_hover_color":"","ocean_display_footer_widgets":"default","ocean_display_footer_bottom":"default","ocean_custom_footer_template":"0","omw_enable_modal_window":"enable","osh_disable_topbar_sticky":"default","osh_disable_header_sticky":"default","osh_sticky_header_style":"default","osh_sticky_header_effect":"","osh_custom_sticky_logo":0,"osh_custom_retina_sticky_logo":0,"osh_custom_sticky_logo_height":0,"osh_background_color":"","osh_links_color":"","osh_links_hover_color":"","osh_links_active_color":"","osh_links_bg_color":"","osh_links_hover_bg_color":"","osh_links_active_bg_color":"","osh_menu_social_links_color":"","osh_menu_social_hover_links_color":""},"ort":[536,521,517,519,537,532,525,520,523,528,515,516,530,524,533,527,522,529,531,534,556,540,541,518,538,526,535],"sichtbarkeit":[],"templateoption":[179],"product_brand":[],"product_cat":[182],"product_tag":[],"class_list":{"0":"post-9633","1":"product","2":"type-product","3":"status-publish","4":"has-post-thumbnail","6":"ort-acharavi","7":"ort-agios-georgios-argirades","8":"ort-agios-gordios","9":"ort-agios-ioannis-peristeron","10":"ort-almyros","11":"ort-alykes","12":"ort-barbati","13":"ort-benitses","14":"ort-boukari","15":"ort-dassia","16":"ort-ermones","17":"ort-glyfada","18":"ort-gouvia","19":"ort-kalami","20":"ort-kanoni","21":"ort-kato-korakiana","22":"ort-kavos","23":"ort-kommeno","24":"ort-kontokali","25":"ort-korfu-stadt","26":"ort-lefkimi","27":"ort-messonghi","28":"ort-moraitika","29":"ort-perama","30":"ort-perithia","31":"ort-pyrgi","32":"ort-roda","33":"templateoption-dertrip-bc","34":"product_cat-ausfluege","36":"entry","37":"has-media","39":"first","40":"instock","41":"virtual","42":"purchasable","43":"product-type-simple","44":"has-product-nav","45":"col","46":"span_1_of_3","47":"owp-content-center","48":"owp-thumbs-layout-horizontal","49":"owp-btn-normal","50":"owp-tabs-layout-section"},"acf":[],"_links":{"self":[{"href":"https:\/\/www.dertour-reiseleitung.com\/korfu\/wp-json\/wp\/v2\/product\/9633","targetHints":{"allow":["GET"]}}],"collection":[{"href":"https:\/\/www.dertour-reiseleitung.com\/korfu\/wp-json\/wp\/v2\/product"}],"about":[{"href":"https:\/\/www.dertour-reiseleitung.com\/korfu\/wp-json\/wp\/v2\/types\/product"}],"version-history":[{"count":14,"href":"https:\/\/www.dertour-reiseleitung.com\/korfu\/wp-json\/wp\/v2\/product\/9633\/revisions"}],"predecessor-version":[{"id":13118,"href":"https:\/\/www.dertour-reiseleitung.com\/korfu\/wp-json\/wp\/v2\/product\/9633\/revisions\/13118"}],"wp:featuredmedia":[{"embeddable":true,"href":"https:\/\/www.dertour-reiseleitung.com\/korfu\/wp-json\/wp\/v2\/media\/9635"}],"wp:attachment":[{"href":"https:\/\/www.dertour-reiseleitung.com\/korfu\/wp-json\/wp\/v2\/media?parent=9633"}],"wp:term":[{"taxonomy":"ort","embeddable":true,"href":"https:\/\/www.dertour-reiseleitung.com\/korfu\/wp-json\/wp\/v2\/ort?post=9633"},{"taxonomy":"sichtbarkeit","embeddable":true,"href":"https:\/\/www.dertour-reiseleitung.com\/korfu\/wp-json\/wp\/v2\/sichtbarkeit?post=9633"},{"taxonomy":"templateoption","embeddable":true,"href":"https:\/\/www.dertour-reiseleitung.com\/korfu\/wp-json\/wp\/v2\/templateoption?post=9633"},{"taxonomy":"product_brand","embeddable":true,"href":"https:\/\/www.dertour-reiseleitung.com\/korfu\/wp-json\/wp\/v2\/product_brand?post=9633"},{"taxonomy":"product_cat","embeddable":true,"href":"https:\/\/www.dertour-reiseleitung.com\/korfu\/wp-json\/wp\/v2\/product_cat?post=9633"},{"taxonomy":"product_tag","embeddable":true,"href":"https:\/\/www.dertour-reiseleitung.com\/korfu\/wp-json\/wp\/v2\/product_tag?post=9633"}],"curies":[{"name":"wp","href":"https:\/\/api.w.org\/{rel}","templated":true}]}}