{"id":9595,"date":"2025-03-23T17:11:34","date_gmt":"2025-03-23T16:11:34","guid":{"rendered":"https:\/\/www.dertour-reiseleitung.com\/kos\/aktivitaeten\/safaritour-kefalos\/"},"modified":"2026-04-23T10:57:54","modified_gmt":"2026-04-23T07:57:54","slug":"safaritour-kefalos-dds-001-1","status":"publish","type":"product","link":"https:\/\/www.dertour-reiseleitung.com\/kos\/aktivitaeten\/safaritour-kefalos-dds-001-1\/","title":{"rendered":"Safaritour &#8211; Kefalos"},"content":{"rendered":"<h3>Erkunden Sie Kos\u2019 wilden S\u00fcdwesten im Offroad-Style!<\/h3>\n<p>Haben Sie Lust, bei einem aufregenden Offroad-Abenteuer den urspr\u00fcnglichen S\u00fcdwesten der Insel kennenzulernen?<\/p>\n<p>Entdecken Sie mit der Safaritour versteckte Kapellen und einsame Buchten und erfahren Sie Interessantes \u00fcber die Geschichte und Kultur der Insel.<\/p>\n<p>Erfreuen Sie sich an der landschaftlichen Sch\u00f6nheit des unber\u00fchrten S\u00fcdwestens und genie\u00dfen Sie fantastische Ausblicke \u00fcber das \u00e4g\u00e4ische Meer.<\/p>\n<p>Die erfahrenen Reisef\u00fchrer holen Sie mit modernen Landrovern ab und auf geht es Richtung S\u00fcden.<\/p>\n<p>Der erste Stopp f\u00fchrt nach Plaka, einen alten Kiefernwald, in dem Sie freilebende Pfaue bewundern k\u00f6nnen.<\/p>\n<p>Auf dem Weg in die urspr\u00fcngliche Inselhauptstadt Kefalos halten wir in einer Imkerei mit einem kleinen Honigmuseum. Wir erfahren viel Wissenswertes \u00fcber die Haltung der Honigbienen und die Herstellung des inseltypischen Thymian \u2013 Honigs. Eine Kostprobe des \u201efl\u00fcssigen Golds\u201c darf nat\u00fcrlich auch nicht fehlen!<\/p>\n<p>Weiter geht es auf unbefestigten Wegen Richtung S\u00fcden bis zur kleinen Kapelle Agios Ioannis.<\/p>\n<p>Spektakul\u00e4re Panoramablicke bieten sich in der einsamen Gegend mit unber\u00fchrter Natur.<\/p>\n<p>Lassen Sie die Aussicht auf die Landschaft und das tiefblaue Meer bei den Fotostopps auf sich wirken.<\/p>\n<p>Am einsamen Sandstrand von \u201eCavo Paradiso\u201c ist Zeit zum Entspannen und zum Eintauchen in das kristallklare Wasser.<\/p>\n<p>Das Mittagessen in einer urigen Taverne in Kefalos ist im Preis inbegriffen.<\/p>\n<p><strong>Ausflugsveranstalter:\u00a0<\/strong>DTS Hellas S.A.<\/p>\n","protected":false},"excerpt":{"rendered":"<p>Erkunden Sie Kos\u2019 wilden S\u00fcdwesten im Offroad-Style! Haben Sie Lust, bei einem aufregenden Offroad-Abenteuer den urspr\u00fcnglichen S\u00fcdwesten der Insel kennenzulernen? Entdecken Sie mit der Safaritour versteckte Kapellen und einsame Buchten und erfahren Sie Interessantes \u00fcber die Geschichte und Kultur der Insel. Erfreuen Sie sich an der landschaftlichen Sch\u00f6nheit des unber\u00fchrten S\u00fcdwestens und genie\u00dfen Sie fantastische [&hellip;]<\/p>\n","protected":false},"featured_media":9597,"template":"","meta":{"_acf_changed":false,"ocean_post_layout":"","ocean_both_sidebars_style":"","ocean_both_sidebars_content_width":0,"ocean_both_sidebars_sidebars_width":0,"ocean_sidebar":"0","ocean_second_sidebar":"0","ocean_disable_margins":"enable","ocean_add_body_class":"","ocean_shortcode_before_top_bar":"","ocean_shortcode_after_top_bar":"","ocean_shortcode_before_header":"","ocean_shortcode_after_header":"","ocean_has_shortcode":"","ocean_shortcode_after_title":"","ocean_shortcode_before_footer_widgets":"","ocean_shortcode_after_footer_widgets":"","ocean_shortcode_before_footer_bottom":"","ocean_shortcode_after_footer_bottom":"","ocean_display_top_bar":"default","ocean_display_header":"default","ocean_header_style":"","ocean_center_header_left_menu":"0","ocean_custom_header_template":"0","ocean_custom_logo":0,"ocean_custom_retina_logo":0,"ocean_custom_logo_max_width":0,"ocean_custom_logo_tablet_max_width":0,"ocean_custom_logo_mobile_max_width":0,"ocean_custom_logo_max_height":0,"ocean_custom_logo_tablet_max_height":0,"ocean_custom_logo_mobile_max_height":0,"ocean_header_custom_menu":"0","ocean_menu_typo_font_family":"0","ocean_menu_typo_font_subset":"","ocean_menu_typo_font_size":0,"ocean_menu_typo_font_size_tablet":0,"ocean_menu_typo_font_size_mobile":0,"ocean_menu_typo_font_size_unit":"px","ocean_menu_typo_font_weight":"","ocean_menu_typo_font_weight_tablet":"","ocean_menu_typo_font_weight_mobile":"","ocean_menu_typo_transform":"","ocean_menu_typo_transform_tablet":"","ocean_menu_typo_transform_mobile":"","ocean_menu_typo_line_height":0,"ocean_menu_typo_line_height_tablet":0,"ocean_menu_typo_line_height_mobile":0,"ocean_menu_typo_line_height_unit":"","ocean_menu_typo_spacing":0,"ocean_menu_typo_spacing_tablet":0,"ocean_menu_typo_spacing_mobile":0,"ocean_menu_typo_spacing_unit":"","ocean_menu_link_color":"","ocean_menu_link_color_hover":"","ocean_menu_link_color_active":"","ocean_menu_link_background":"","ocean_menu_link_hover_background":"","ocean_menu_link_active_background":"","ocean_menu_social_links_bg":"","ocean_menu_social_hover_links_bg":"","ocean_menu_social_links_color":"","ocean_menu_social_hover_links_color":"","ocean_disable_title":"default","ocean_disable_heading":"default","ocean_post_title":"","ocean_post_subheading":"","ocean_post_title_style":"background-image","ocean_post_title_background_color":"","ocean_post_title_background":9594,"ocean_post_title_bg_image_position":"","ocean_post_title_bg_image_attachment":"","ocean_post_title_bg_image_repeat":"","ocean_post_title_bg_image_size":"","ocean_post_title_height":0,"ocean_post_title_bg_overlay":0.5,"ocean_post_title_bg_overlay_color":"","ocean_disable_breadcrumbs":"default","ocean_breadcrumbs_color":"","ocean_breadcrumbs_separator_color":"","ocean_breadcrumbs_links_color":"","ocean_breadcrumbs_links_hover_color":"","ocean_display_footer_widgets":"default","ocean_display_footer_bottom":"default","ocean_custom_footer_template":"0","omw_enable_modal_window":"enable","osh_disable_topbar_sticky":"default","osh_disable_header_sticky":"default","osh_sticky_header_style":"default","osh_sticky_header_effect":"","osh_custom_sticky_logo":0,"osh_custom_retina_sticky_logo":0,"osh_custom_sticky_logo_height":0,"osh_background_color":"","osh_links_color":"","osh_links_hover_color":"","osh_links_active_color":"","osh_links_bg_color":"","osh_links_hover_bg_color":"","osh_links_active_bg_color":"","osh_menu_social_links_color":"","osh_menu_social_hover_links_color":""},"ort":[462,459,467,465,464,460,458,461,463,466],"sichtbarkeit":[],"templateoption":[179],"product_brand":[],"product_cat":[182],"product_tag":[],"class_list":{"0":"post-9595","1":"product","2":"type-product","3":"status-publish","4":"has-post-thumbnail","6":"ort-agios-fokas","7":"ort-kardamena","8":"ort-kefalos","9":"ort-kos-stadt","10":"ort-lambi","11":"ort-marmari","12":"ort-mastichari","13":"ort-nea-halikarnassos","14":"ort-psalidi","15":"ort-tigaki","16":"templateoption-dertrip-bc","17":"product_cat-ausfluege","19":"entry","20":"has-media","22":"first","23":"instock","24":"virtual","25":"purchasable","26":"product-type-simple","27":"has-product-nav","28":"col","29":"span_1_of_3","30":"owp-content-center","31":"owp-thumbs-layout-horizontal","32":"owp-btn-normal","33":"owp-tabs-layout-section"},"acf":[],"_links":{"self":[{"href":"https:\/\/www.dertour-reiseleitung.com\/kos\/wp-json\/wp\/v2\/product\/9595","targetHints":{"allow":["GET"]}}],"collection":[{"href":"https:\/\/www.dertour-reiseleitung.com\/kos\/wp-json\/wp\/v2\/product"}],"about":[{"href":"https:\/\/www.dertour-reiseleitung.com\/kos\/wp-json\/wp\/v2\/types\/product"}],"version-history":[{"count":14,"href":"https:\/\/www.dertour-reiseleitung.com\/kos\/wp-json\/wp\/v2\/product\/9595\/revisions"}],"predecessor-version":[{"id":11410,"href":"https:\/\/www.dertour-reiseleitung.com\/kos\/wp-json\/wp\/v2\/product\/9595\/revisions\/11410"}],"wp:featuredmedia":[{"embeddable":true,"href":"https:\/\/www.dertour-reiseleitung.com\/kos\/wp-json\/wp\/v2\/media\/9597"}],"wp:attachment":[{"href":"https:\/\/www.dertour-reiseleitung.com\/kos\/wp-json\/wp\/v2\/media?parent=9595"}],"wp:term":[{"taxonomy":"ort","embeddable":true,"href":"https:\/\/www.dertour-reiseleitung.com\/kos\/wp-json\/wp\/v2\/ort?post=9595"},{"taxonomy":"sichtbarkeit","embeddable":true,"href":"https:\/\/www.dertour-reiseleitung.com\/kos\/wp-json\/wp\/v2\/sichtbarkeit?post=9595"},{"taxonomy":"templateoption","embeddable":true,"href":"https:\/\/www.dertour-reiseleitung.com\/kos\/wp-json\/wp\/v2\/templateoption?post=9595"},{"taxonomy":"product_brand","embeddable":true,"href":"https:\/\/www.dertour-reiseleitung.com\/kos\/wp-json\/wp\/v2\/product_brand?post=9595"},{"taxonomy":"product_cat","embeddable":true,"href":"https:\/\/www.dertour-reiseleitung.com\/kos\/wp-json\/wp\/v2\/product_cat?post=9595"},{"taxonomy":"product_tag","embeddable":true,"href":"https:\/\/www.dertour-reiseleitung.com\/kos\/wp-json\/wp\/v2\/product_tag?post=9595"}],"curies":[{"name":"wp","href":"https:\/\/api.w.org\/{rel}","templated":true}]}}