{"id":14025,"date":"2026-04-24T13:14:08","date_gmt":"2026-04-24T10:14:08","guid":{"rendered":"https:\/\/www.dertour-reiseleitung.com\/kreta\/?post_type=product&#038;p=14025"},"modified":"2026-04-24T13:57:50","modified_gmt":"2026-04-24T10:57:50","slug":"kalimera-matala-dds-003-3","status":"publish","type":"product","link":"https:\/\/www.dertour-reiseleitung.com\/kreta\/aktivitaeten\/kalimera-matala-dds-003-3\/","title":{"rendered":"Kalimera Matala"},"content":{"rendered":"<h3>Lernen Sie die Vielfalt Kretas kennen!<\/h3>\n<p>Dieser Ausflug f\u00fchrt Sie bis an die S\u00fcdk\u00fcste Kretas, zum bekannten Hippie-Ort Matala und nach Rethymnon.<br \/>\nErstes Ziel ist das malerische Dorf Agios Mironas.<\/p>\n<p>Besichtigen Sie die kleine Kapelle des Heiligen Mironas, die durch ihre besondere Architektur beeindruckt.<br \/>\nWeiter geht die Fahrt bis an die idyllische S\u00fcdk\u00fcste mit dem kleinen Dorf Matala. Hier suchten die Blumenkinder in den 60er Jahren einst Ruhe und Frieden im Leben.<\/p>\n<p>In Matala verbringen Sie eine entspannte Mittagspause.<br \/>\nGenie\u00dfen Sie ein Mittagessen in einer der bezaubernden Tavernen, schwimmen Sie im kristallklaren Meer, am Rande der felsigen Landschaft mit den ber\u00fchmten H\u00f6hlen oder schlendern Sie durch die malerischen Gassen mit vielen kleinen L\u00e4den, in denen Kunsthandwerk angeboten wird.<\/p>\n<p>Der n\u00e4chste Halt ist das Bergdorf Spili mit seinem beeindruckenden, venezianische Brunnen mit den 25 L\u00f6wenk\u00f6pfen.<\/p>\n<p>Den Abschuss des Ausflugs bildet der Besuch der wundersch\u00f6nen Hafenstadt Rethymnon mit vielen Geb\u00e4uden im venezianischen Stil.<br \/>\nSchlendern Sie durch die vielen kleinen Gassen oder entspannen Sie bei einem Kaffee an der beeindruckenden Hafenpromenade.<\/p>\n<p>Ein Ausflug, den Sie nicht vers\u00e4umen sollten!<\/p>\n<p><strong>Ausflugsveranstalter:<\/strong> Destination Touristic Services<\/p>\n","protected":false},"excerpt":{"rendered":"<p>Lernen Sie die Vielfalt Kretas kennen! Dieser Ausflug f\u00fchrt Sie bis an die S\u00fcdk\u00fcste Kretas, zum bekannten Hippie-Ort Matala und nach Rethymnon. Erstes Ziel ist das malerische Dorf Agios Mironas. Besichtigen Sie die kleine Kapelle des Heiligen Mironas, die durch ihre besondere Architektur beeindruckt. Weiter geht die Fahrt bis an die idyllische S\u00fcdk\u00fcste mit dem [&hellip;]<\/p>\n","protected":false},"featured_media":9663,"template":"","meta":{"_acf_changed":false,"ocean_post_layout":"","ocean_both_sidebars_style":"","ocean_both_sidebars_content_width":0,"ocean_both_sidebars_sidebars_width":0,"ocean_sidebar":"0","ocean_second_sidebar":"0","ocean_disable_margins":"enable","ocean_add_body_class":"","ocean_shortcode_before_top_bar":"","ocean_shortcode_after_top_bar":"","ocean_shortcode_before_header":"","ocean_shortcode_after_header":"","ocean_has_shortcode":"","ocean_shortcode_after_title":"","ocean_shortcode_before_footer_widgets":"","ocean_shortcode_after_footer_widgets":"","ocean_shortcode_before_footer_bottom":"","ocean_shortcode_after_footer_bottom":"","ocean_display_top_bar":"default","ocean_display_header":"default","ocean_header_style":"","ocean_center_header_left_menu":"0","ocean_custom_header_template":"0","ocean_custom_logo":0,"ocean_custom_retina_logo":0,"ocean_custom_logo_max_width":0,"ocean_custom_logo_tablet_max_width":0,"ocean_custom_logo_mobile_max_width":0,"ocean_custom_logo_max_height":0,"ocean_custom_logo_tablet_max_height":0,"ocean_custom_logo_mobile_max_height":0,"ocean_header_custom_menu":"0","ocean_menu_typo_font_family":"0","ocean_menu_typo_font_subset":"","ocean_menu_typo_font_size":0,"ocean_menu_typo_font_size_tablet":0,"ocean_menu_typo_font_size_mobile":0,"ocean_menu_typo_font_size_unit":"px","ocean_menu_typo_font_weight":"","ocean_menu_typo_font_weight_tablet":"","ocean_menu_typo_font_weight_mobile":"","ocean_menu_typo_transform":"","ocean_menu_typo_transform_tablet":"","ocean_menu_typo_transform_mobile":"","ocean_menu_typo_line_height":0,"ocean_menu_typo_line_height_tablet":0,"ocean_menu_typo_line_height_mobile":0,"ocean_menu_typo_line_height_unit":"","ocean_menu_typo_spacing":0,"ocean_menu_typo_spacing_tablet":0,"ocean_menu_typo_spacing_mobile":0,"ocean_menu_typo_spacing_unit":"","ocean_menu_link_color":"","ocean_menu_link_color_hover":"","ocean_menu_link_color_active":"","ocean_menu_link_background":"","ocean_menu_link_hover_background":"","ocean_menu_link_active_background":"","ocean_menu_social_links_bg":"","ocean_menu_social_hover_links_bg":"","ocean_menu_social_links_color":"","ocean_menu_social_hover_links_color":"","ocean_disable_title":"default","ocean_disable_heading":"default","ocean_post_title":"","ocean_post_subheading":"","ocean_post_title_style":"background-image","ocean_post_title_background_color":"","ocean_post_title_background":9664,"ocean_post_title_bg_image_position":"","ocean_post_title_bg_image_attachment":"","ocean_post_title_bg_image_repeat":"","ocean_post_title_bg_image_size":"","ocean_post_title_height":0,"ocean_post_title_bg_overlay":0.5,"ocean_post_title_bg_overlay_color":"","ocean_disable_breadcrumbs":"default","ocean_breadcrumbs_color":"","ocean_breadcrumbs_separator_color":"","ocean_breadcrumbs_links_color":"","ocean_breadcrumbs_links_hover_color":"","ocean_display_footer_widgets":"default","ocean_display_footer_bottom":"default","ocean_custom_footer_template":"0","omw_enable_modal_window":"enable","osh_disable_topbar_sticky":"default","osh_disable_header_sticky":"default","osh_sticky_header_style":"default","osh_sticky_header_effect":"","osh_custom_sticky_logo":0,"osh_custom_retina_sticky_logo":0,"osh_custom_sticky_logo_height":0,"osh_background_color":"","osh_links_color":"","osh_links_hover_color":"","osh_links_active_color":"","osh_links_bg_color":"","osh_links_hover_bg_color":"","osh_links_active_bg_color":"","osh_menu_social_links_color":"","osh_menu_social_hover_links_color":""},"ort":[507],"sichtbarkeit":[],"templateoption":[179],"product_brand":[],"product_cat":[182],"product_tag":[],"class_list":{"0":"post-14025","1":"product","2":"type-product","3":"status-publish","4":"has-post-thumbnail","6":"ort-ammoudara","7":"templateoption-dertrip-bc","8":"product_cat-ausfluege","9":"pa_nicht-vergessen-badesachen","10":"pa_nicht-vergessen-sonnenschutz","11":"pa_nicht-vergessen-kopfbedeckung","13":"entry","14":"has-media","16":"first","17":"instock","18":"virtual","19":"purchasable","20":"product-type-simple","21":"has-product-nav","22":"col","23":"span_1_of_3","24":"owp-content-center","25":"owp-thumbs-layout-horizontal","26":"owp-btn-normal","27":"owp-tabs-layout-section","28":"has-no-thumbnails"},"acf":[],"_links":{"self":[{"href":"https:\/\/www.dertour-reiseleitung.com\/kreta\/wp-json\/wp\/v2\/product\/14025","targetHints":{"allow":["GET"]}}],"collection":[{"href":"https:\/\/www.dertour-reiseleitung.com\/kreta\/wp-json\/wp\/v2\/product"}],"about":[{"href":"https:\/\/www.dertour-reiseleitung.com\/kreta\/wp-json\/wp\/v2\/types\/product"}],"version-history":[{"count":3,"href":"https:\/\/www.dertour-reiseleitung.com\/kreta\/wp-json\/wp\/v2\/product\/14025\/revisions"}],"predecessor-version":[{"id":14030,"href":"https:\/\/www.dertour-reiseleitung.com\/kreta\/wp-json\/wp\/v2\/product\/14025\/revisions\/14030"}],"wp:featuredmedia":[{"embeddable":true,"href":"https:\/\/www.dertour-reiseleitung.com\/kreta\/wp-json\/wp\/v2\/media\/9663"}],"wp:attachment":[{"href":"https:\/\/www.dertour-reiseleitung.com\/kreta\/wp-json\/wp\/v2\/media?parent=14025"}],"wp:term":[{"taxonomy":"ort","embeddable":true,"href":"https:\/\/www.dertour-reiseleitung.com\/kreta\/wp-json\/wp\/v2\/ort?post=14025"},{"taxonomy":"sichtbarkeit","embeddable":true,"href":"https:\/\/www.dertour-reiseleitung.com\/kreta\/wp-json\/wp\/v2\/sichtbarkeit?post=14025"},{"taxonomy":"templateoption","embeddable":true,"href":"https:\/\/www.dertour-reiseleitung.com\/kreta\/wp-json\/wp\/v2\/templateoption?post=14025"},{"taxonomy":"product_brand","embeddable":true,"href":"https:\/\/www.dertour-reiseleitung.com\/kreta\/wp-json\/wp\/v2\/product_brand?post=14025"},{"taxonomy":"product_cat","embeddable":true,"href":"https:\/\/www.dertour-reiseleitung.com\/kreta\/wp-json\/wp\/v2\/product_cat?post=14025"},{"taxonomy":"product_tag","embeddable":true,"href":"https:\/\/www.dertour-reiseleitung.com\/kreta\/wp-json\/wp\/v2\/product_tag?post=14025"}],"curies":[{"name":"wp","href":"https:\/\/api.w.org\/{rel}","templated":true}]}}

<h3>Lernen Sie die Vielfalt Kretas kennen!</h3>
<p>Dieser Ausflug führt Sie bis an die Südküste Kretas, zum bekannten Hippie-Ort Matala und nach Rethymnon.<br />
Erstes Ziel ist das malerische Dorf Agios Mironas.</p>
<p>Besichtigen Sie die kleine Kapelle des Heiligen Mironas, die durch ihre besondere Architektur beeindruckt.<br />
Weiter geht die Fahrt bis an die idyllische Südküste mit dem kleinen Dorf Matala. Hier suchten die Blumenkinder in den 60er Jahren einst Ruhe und Frieden im Leben.</p>
<p>In Matala verbringen Sie eine entspannte Mittagspause.<br />
Genießen Sie ein Mittagessen in einer der bezaubernden Tavernen, schwimmen Sie im kristallklaren Meer, am Rande der felsigen Landschaft mit den berühmten Höhlen oder schlendern Sie durch die malerischen Gassen mit vielen kleinen Läden, in denen Kunsthandwerk angeboten wird.</p>
<p>Der nächste Halt ist das Bergdorf Spili mit seinem beeindruckenden, venezianische Brunnen mit den 25 Löwenköpfen.</p>
<p>Den Abschuss des Ausflugs bildet der Besuch der wunderschönen Hafenstadt Rethymnon mit vielen Gebäuden im venezianischen Stil.<br />
Schlendern Sie durch die vielen kleinen Gassen oder entspannen Sie bei einem Kaffee an der beeindruckenden Hafenpromenade.</p>
<p>Ein Ausflug, den Sie nicht versäumen sollten!</p>
<p><strong>Ausflugsveranstalter:</strong> Destination Touristic Services</p>

<p>Lernen Sie die Vielfalt Kretas kennen! Dieser Ausflug führt Sie bis an die Südküste Kretas, zum bekannten Hippie-Ort Matala und nach Rethymnon. Erstes Ziel ist das malerische Dorf Agios Mironas. Besichtigen Sie die kleine Kapelle des Heiligen Mironas, die durch ihre besondere Architektur beeindruckt. Weiter geht die Fahrt bis an die idyllische Südküste mit dem [&hellip;]</p>
