{"id":14061,"date":"2026-04-28T17:13:29","date_gmt":"2026-04-28T14:13:29","guid":{"rendered":"https:\/\/www.dertour-reiseleitung.com\/kreta\/?post_type=product&#038;p=14061"},"modified":"2026-04-28T17:20:13","modified_gmt":"2026-04-28T14:20:13","slug":"samaria-schlucht-dds-006-3","status":"publish","type":"product","link":"https:\/\/www.dertour-reiseleitung.com\/kreta\/aktivitaeten\/samaria-schlucht-dds-006-3\/","title":{"rendered":"Samaria-Schlucht"},"content":{"rendered":"<h3>Imposante Eindr\u00fccke inmitten einer Felsspalte<\/h3>\n<p>Entdecken Sie bei diesem Ausflug eine der imposantesten und landschaftlich sch\u00f6nsten Regionen der Insel: die Samaria-Schlucht.<\/p>\n<p>Mit 18 km L\u00e4nge ist die Samaria-Schlucht die drittgr\u00f6\u00dfte Schlucht Europas. Sie durchschneidet Felsw\u00e4nde von 200 bis zu 2.000 m H\u00f6he. An der breitesten Stelle ist die Schlucht 300 m, an der schmalsten Stelle nur 3 m breit.<\/p>\n<p>1962 wurde das Gebiet der Samaria-Schlucht zum Nationalpark erkl\u00e4rt. Daher findet der Besucher hier noch immer eine unverf\u00e4lschte Flora und Fauna. So sieht man z.B. nirgendwo auf Kreta sch\u00f6nere Zypressen. Auch gibt es hier die letzten frei lebenden Wildziegen, die von den Kretern Agrimi oder auch Kri-Kri genannt werden. Sie haben braunes Fell mit schwarzen Streifen am R\u00fccken und im Gesicht. Auch kleinere Tiere sind hier zu finden: Wanderv\u00f6gel, Eulen, Falken, Raben sowie Hasen.<\/p>\n<p>Die Samaria Schlucht ist seit 1962 Naturschutzgebiet und seit 1965 unbewohnt. Die Schlucht ist daher auch nur zu bestimmten Zeiten im Laufe des Jahres begehbar (in der Regel von Mai bis Oktober, t\u00e4glich zwischen 06:00 und 15:00 Uhr).<\/p>\n<p>Bei der ca. 4-6 st\u00fcndigen Wanderung legen Sie eine Strecke von 16 km mit einem H\u00f6henunterschied von etwa 1.200 m zur\u00fcck. Am Ende der Wanderung erreichen Sie den netten kleinen Fischerort Agia Roumeli. Mehrere Tavernen sorgen hier f\u00fcr Ihr leibliches Wohl (nicht inklusive) und der Kiesstrand l\u00e4dt Sie zu einem erfrischenden Bad im Libyschen Meer ein.<\/p>\n<p>Den Abschluss Ihrer Wanderung bildet die Bootsfahrt entlang der Steilk\u00fcste nach Chora Sfakion (nicht inklusive, zahlbar vor Ort). Hier erwartet Sie der Bus zur Heimfahrt.<\/p>\n<p><strong>Ausflugsveranstalter:<\/strong> Destination Touristic Services<\/p>\n","protected":false},"excerpt":{"rendered":"<p>Imposante Eindr\u00fccke inmitten einer Felsspalte Entdecken Sie bei diesem Ausflug eine der imposantesten und landschaftlich sch\u00f6nsten Regionen der Insel: die Samaria-Schlucht. Mit 18 km L\u00e4nge ist die Samaria-Schlucht die drittgr\u00f6\u00dfte Schlucht Europas. Sie durchschneidet Felsw\u00e4nde von 200 bis zu 2.000 m H\u00f6he. An der breitesten Stelle ist die Schlucht 300 m, an der schmalsten Stelle [&hellip;]<\/p>\n","protected":false},"featured_media":9675,"template":"","meta":{"_acf_changed":false,"ocean_post_layout":"","ocean_both_sidebars_style":"","ocean_both_sidebars_content_width":0,"ocean_both_sidebars_sidebars_width":0,"ocean_sidebar":"0","ocean_second_sidebar":"0","ocean_disable_margins":"enable","ocean_add_body_class":"","ocean_shortcode_before_top_bar":"","ocean_shortcode_after_top_bar":"","ocean_shortcode_before_header":"","ocean_shortcode_after_header":"","ocean_has_shortcode":"","ocean_shortcode_after_title":"","ocean_shortcode_before_footer_widgets":"","ocean_shortcode_after_footer_widgets":"","ocean_shortcode_before_footer_bottom":"","ocean_shortcode_after_footer_bottom":"","ocean_display_top_bar":"default","ocean_display_header":"default","ocean_header_style":"","ocean_center_header_left_menu":"0","ocean_custom_header_template":"0","ocean_custom_logo":0,"ocean_custom_retina_logo":0,"ocean_custom_logo_max_width":0,"ocean_custom_logo_tablet_max_width":0,"ocean_custom_logo_mobile_max_width":0,"ocean_custom_logo_max_height":0,"ocean_custom_logo_tablet_max_height":0,"ocean_custom_logo_mobile_max_height":0,"ocean_header_custom_menu":"0","ocean_menu_typo_font_family":"0","ocean_menu_typo_font_subset":"","ocean_menu_typo_font_size":0,"ocean_menu_typo_font_size_tablet":0,"ocean_menu_typo_font_size_mobile":0,"ocean_menu_typo_font_size_unit":"px","ocean_menu_typo_font_weight":"","ocean_menu_typo_font_weight_tablet":"","ocean_menu_typo_font_weight_mobile":"","ocean_menu_typo_transform":"","ocean_menu_typo_transform_tablet":"","ocean_menu_typo_transform_mobile":"","ocean_menu_typo_line_height":0,"ocean_menu_typo_line_height_tablet":0,"ocean_menu_typo_line_height_mobile":0,"ocean_menu_typo_line_height_unit":"","ocean_menu_typo_spacing":0,"ocean_menu_typo_spacing_tablet":0,"ocean_menu_typo_spacing_mobile":0,"ocean_menu_typo_spacing_unit":"","ocean_menu_link_color":"","ocean_menu_link_color_hover":"","ocean_menu_link_color_active":"","ocean_menu_link_background":"","ocean_menu_link_hover_background":"","ocean_menu_link_active_background":"","ocean_menu_social_links_bg":"","ocean_menu_social_hover_links_bg":"","ocean_menu_social_links_color":"","ocean_menu_social_hover_links_color":"","ocean_disable_title":"default","ocean_disable_heading":"default","ocean_post_title":"","ocean_post_subheading":"","ocean_post_title_style":"background-image","ocean_post_title_background_color":"","ocean_post_title_background":9676,"ocean_post_title_bg_image_position":"","ocean_post_title_bg_image_attachment":"","ocean_post_title_bg_image_repeat":"","ocean_post_title_bg_image_size":"","ocean_post_title_height":0,"ocean_post_title_bg_overlay":0.5,"ocean_post_title_bg_overlay_color":"","ocean_disable_breadcrumbs":"default","ocean_breadcrumbs_color":"","ocean_breadcrumbs_separator_color":"","ocean_breadcrumbs_links_color":"","ocean_breadcrumbs_links_hover_color":"","ocean_display_footer_widgets":"default","ocean_display_footer_bottom":"default","ocean_custom_footer_template":"0","omw_enable_modal_window":"enable","osh_disable_topbar_sticky":"default","osh_disable_header_sticky":"default","osh_sticky_header_style":"default","osh_sticky_header_effect":"","osh_custom_sticky_logo":0,"osh_custom_retina_sticky_logo":0,"osh_custom_sticky_logo_height":0,"osh_background_color":"","osh_links_color":"","osh_links_hover_color":"","osh_links_active_color":"","osh_links_bg_color":"","osh_links_hover_bg_color":"","osh_links_active_bg_color":"","osh_menu_social_links_color":"","osh_menu_social_hover_links_color":""},"ort":[518,507,506],"sichtbarkeit":[],"templateoption":[179],"product_brand":[],"product_cat":[182],"product_tag":[],"class_list":{"0":"post-14061","1":"product","2":"type-product","3":"status-publish","4":"has-post-thumbnail","6":"ort-agia-pelagia","7":"ort-ammoudara","8":"ort-heraklion","9":"templateoption-dertrip-bc","10":"product_cat-ausfluege","11":"pa_nicht-vergessen-badesachen","12":"pa_nicht-vergessen-festes-schuhwerk","13":"pa_nicht-vergessen-sonnenschutz","14":"pa_nicht-vergessen-getraenk","15":"pa_nicht-vergessen-kopfbedeckung","17":"entry","18":"has-media","20":"first","21":"instock","22":"virtual","23":"purchasable","24":"product-type-simple","25":"has-product-nav","26":"col","27":"span_1_of_3","28":"owp-content-center","29":"owp-thumbs-layout-horizontal","30":"owp-btn-normal","31":"owp-tabs-layout-section","32":"has-no-thumbnails"},"acf":[],"_links":{"self":[{"href":"https:\/\/www.dertour-reiseleitung.com\/kreta\/wp-json\/wp\/v2\/product\/14061","targetHints":{"allow":["GET"]}}],"collection":[{"href":"https:\/\/www.dertour-reiseleitung.com\/kreta\/wp-json\/wp\/v2\/product"}],"about":[{"href":"https:\/\/www.dertour-reiseleitung.com\/kreta\/wp-json\/wp\/v2\/types\/product"}],"version-history":[{"count":1,"href":"https:\/\/www.dertour-reiseleitung.com\/kreta\/wp-json\/wp\/v2\/product\/14061\/revisions"}],"predecessor-version":[{"id":14062,"href":"https:\/\/www.dertour-reiseleitung.com\/kreta\/wp-json\/wp\/v2\/product\/14061\/revisions\/14062"}],"wp:featuredmedia":[{"embeddable":true,"href":"https:\/\/www.dertour-reiseleitung.com\/kreta\/wp-json\/wp\/v2\/media\/9675"}],"wp:attachment":[{"href":"https:\/\/www.dertour-reiseleitung.com\/kreta\/wp-json\/wp\/v2\/media?parent=14061"}],"wp:term":[{"taxonomy":"ort","embeddable":true,"href":"https:\/\/www.dertour-reiseleitung.com\/kreta\/wp-json\/wp\/v2\/ort?post=14061"},{"taxonomy":"sichtbarkeit","embeddable":true,"href":"https:\/\/www.dertour-reiseleitung.com\/kreta\/wp-json\/wp\/v2\/sichtbarkeit?post=14061"},{"taxonomy":"templateoption","embeddable":true,"href":"https:\/\/www.dertour-reiseleitung.com\/kreta\/wp-json\/wp\/v2\/templateoption?post=14061"},{"taxonomy":"product_brand","embeddable":true,"href":"https:\/\/www.dertour-reiseleitung.com\/kreta\/wp-json\/wp\/v2\/product_brand?post=14061"},{"taxonomy":"product_cat","embeddable":true,"href":"https:\/\/www.dertour-reiseleitung.com\/kreta\/wp-json\/wp\/v2\/product_cat?post=14061"},{"taxonomy":"product_tag","embeddable":true,"href":"https:\/\/www.dertour-reiseleitung.com\/kreta\/wp-json\/wp\/v2\/product_tag?post=14061"}],"curies":[{"name":"wp","href":"https:\/\/api.w.org\/{rel}","templated":true}]}}

<h3>Imposante Eindrücke inmitten einer Felsspalte</h3>
<p>Entdecken Sie bei diesem Ausflug eine der imposantesten und landschaftlich schönsten Regionen der Insel: die Samaria-Schlucht.</p>
<p>Mit 18 km Länge ist die Samaria-Schlucht die drittgrößte Schlucht Europas. Sie durchschneidet Felswände von 200 bis zu 2.000 m Höhe. An der breitesten Stelle ist die Schlucht 300 m, an der schmalsten Stelle nur 3 m breit.</p>
<p>1962 wurde das Gebiet der Samaria-Schlucht zum Nationalpark erklärt. Daher findet der Besucher hier noch immer eine unverfälschte Flora und Fauna. So sieht man z.B. nirgendwo auf Kreta schönere Zypressen. Auch gibt es hier die letzten frei lebenden Wildziegen, die von den Kretern Agrimi oder auch Kri-Kri genannt werden. Sie haben braunes Fell mit schwarzen Streifen am Rücken und im Gesicht. Auch kleinere Tiere sind hier zu finden: Wandervögel, Eulen, Falken, Raben sowie Hasen.</p>
<p>Die Samaria Schlucht ist seit 1962 Naturschutzgebiet und seit 1965 unbewohnt. Die Schlucht ist daher auch nur zu bestimmten Zeiten im Laufe des Jahres begehbar (in der Regel von Mai bis Oktober, täglich zwischen 06:00 und 15:00 Uhr).</p>
<p>Bei der ca. 4-6 stündigen Wanderung legen Sie eine Strecke von 16 km mit einem Höhenunterschied von etwa 1.200 m zurück. Am Ende der Wanderung erreichen Sie den netten kleinen Fischerort Agia Roumeli. Mehrere Tavernen sorgen hier für Ihr leibliches Wohl (nicht inklusive) und der Kiesstrand lädt Sie zu einem erfrischenden Bad im Libyschen Meer ein.</p>
<p>Den Abschluss Ihrer Wanderung bildet die Bootsfahrt entlang der Steilküste nach Chora Sfakion (nicht inklusive, zahlbar vor Ort). Hier erwartet Sie der Bus zur Heimfahrt.</p>
<p><strong>Ausflugsveranstalter:</strong> Destination Touristic Services</p>

<p>Imposante Eindrücke inmitten einer Felsspalte Entdecken Sie bei diesem Ausflug eine der imposantesten und landschaftlich schönsten Regionen der Insel: die Samaria-Schlucht. Mit 18 km Länge ist die Samaria-Schlucht die drittgrößte Schlucht Europas. Sie durchschneidet Felswände von 200 bis zu 2.000 m Höhe. An der breitesten Stelle ist die Schlucht 300 m, an der schmalsten Stelle [&hellip;]</p>
