{"id":9608,"date":"2025-03-23T11:08:06","date_gmt":"2025-03-23T10:08:06","guid":{"rendered":"https:\/\/www.dertour-reiseleitung.com\/kreta\/aktivitaeten\/kreta-pur\/"},"modified":"2026-05-08T21:00:23","modified_gmt":"2026-05-08T18:00:23","slug":"kreta-pur-dds-005-1","status":"publish","type":"product","link":"https:\/\/www.dertour-reiseleitung.com\/kreta\/aktivitaeten\/kreta-pur-dds-005-1\/","title":{"rendered":"Kreta pur"},"content":{"rendered":"<h3>Perfekt f\u00fcr eindrucksvolle Andenken<\/h3>\n<p>Nach kurzer Fahrt in Richtung Westen, zum Ort Apokoronos, erreichen Sie am Fu\u00df der Wei\u00dfen Berge einen Familienbetrieb der Familie Braudakis, wo man seit Generationen Oliven\u00f6l und Wein produziert.<\/p>\n<p>Oberhalb der Askifou-Hochebene, die sich n\u00f6rdlich von Imbros erstreckt, machen Sie einen Fotostopp. Dieses Naturparadies im Westen Kretas besticht mit vielen kleinen umliegenden Schluchten und Naturschutzgebieten.<\/p>\n<p>\u00dcber die Hochebene fahren Sie entlang der Imbros-Schlucht, der drittmeist besuchten Schlucht Kretas. Der Geruch von wilden Kr\u00e4utern, Zedern und Zypressen begleitet Sie bis zur K\u00fcstenregion nach Frangokastello. Das gut erhaltene, venezianische Kastell aus dem 14. Jahrhundert, liegt direkt an einem D\u00fcnenstrand.<\/p>\n<p>Entlang der S\u00fcdk\u00fcste Kretas geht es nun zum kleinen Fischerort Plakias, der in einem gro\u00dfen Tal liegt.<br \/>\nDas Dorf war bis vor wenigen Jahrzehnten ein kleines Fischerdorf mit nur etwa f\u00fcnf H\u00e4usern. Seit die ersten Hippies Ende der 60er Jahre dort auftauchten, ist der Ort stark gewachsen. Hier haben Sie ausreichend Zeit in einer der lokalen Tavernen zu Mittag zu essen, einzukaufen oder auch einfach am Meer zu relaxen.<\/p>\n<p>Sehen Sie anschlie\u00dfend das M\u00f6nchskloster Preveli, ein Nationaldenkmal Kretas, das auf ca. 170 m H\u00f6he \u00fcber der S\u00fcdk\u00fcste Kretas steht. Preveli-Kloster ist eines der ber\u00fchmtesten Kl\u00f6ster der Insel und bietet einen Blick auf das Libysche Meer, sowie auf einen exotischen Palmenwald, neben dem der gro\u00dfe Fluss flie\u00dft.<\/p>\n<p>Abschlie\u00dfend besuchen wir den Strand von Damnoni, wo Sie sich einfach entspannen oder auch im kristallklaren Wasser baden k\u00f6nnen.<\/p>\n<p><strong>Ausflugsveranstalter:<\/strong> Destination Touristic Services<\/p>\n","protected":false},"excerpt":{"rendered":"<p>Perfekt f\u00fcr eindrucksvolle Andenken Nach kurzer Fahrt in Richtung Westen, zum Ort Apokoronos, erreichen Sie am Fu\u00df der Wei\u00dfen Berge einen Familienbetrieb der Familie Braudakis, wo man seit Generationen Oliven\u00f6l und Wein produziert. Oberhalb der Askifou-Hochebene, die sich n\u00f6rdlich von Imbros erstreckt, machen Sie einen Fotostopp. Dieses Naturparadies im Westen Kretas besticht mit vielen kleinen [&hellip;]<\/p>\n","protected":false},"featured_media":9610,"template":"","meta":{"_acf_changed":false,"ocean_post_layout":"","ocean_both_sidebars_style":"","ocean_both_sidebars_content_width":0,"ocean_both_sidebars_sidebars_width":0,"ocean_sidebar":"0","ocean_second_sidebar":"0","ocean_disable_margins":"enable","ocean_add_body_class":"","ocean_shortcode_before_top_bar":"","ocean_shortcode_after_top_bar":"","ocean_shortcode_before_header":"","ocean_shortcode_after_header":"","ocean_has_shortcode":"","ocean_shortcode_after_title":"","ocean_shortcode_before_footer_widgets":"","ocean_shortcode_after_footer_widgets":"","ocean_shortcode_before_footer_bottom":"","ocean_shortcode_after_footer_bottom":"","ocean_display_top_bar":"default","ocean_display_header":"default","ocean_header_style":"","ocean_center_header_left_menu":"0","ocean_custom_header_template":"0","ocean_custom_logo":0,"ocean_custom_retina_logo":0,"ocean_custom_logo_max_width":0,"ocean_custom_logo_tablet_max_width":0,"ocean_custom_logo_mobile_max_width":0,"ocean_custom_logo_max_height":0,"ocean_custom_logo_tablet_max_height":0,"ocean_custom_logo_mobile_max_height":0,"ocean_header_custom_menu":"0","ocean_menu_typo_font_family":"0","ocean_menu_typo_font_subset":"","ocean_menu_typo_font_size":0,"ocean_menu_typo_font_size_tablet":0,"ocean_menu_typo_font_size_mobile":0,"ocean_menu_typo_font_size_unit":"px","ocean_menu_typo_font_weight":"","ocean_menu_typo_font_weight_tablet":"","ocean_menu_typo_font_weight_mobile":"","ocean_menu_typo_transform":"","ocean_menu_typo_transform_tablet":"","ocean_menu_typo_transform_mobile":"","ocean_menu_typo_line_height":0,"ocean_menu_typo_line_height_tablet":0,"ocean_menu_typo_line_height_mobile":0,"ocean_menu_typo_line_height_unit":"","ocean_menu_typo_spacing":0,"ocean_menu_typo_spacing_tablet":0,"ocean_menu_typo_spacing_mobile":0,"ocean_menu_typo_spacing_unit":"","ocean_menu_link_color":"","ocean_menu_link_color_hover":"","ocean_menu_link_color_active":"","ocean_menu_link_background":"","ocean_menu_link_hover_background":"","ocean_menu_link_active_background":"","ocean_menu_social_links_bg":"","ocean_menu_social_hover_links_bg":"","ocean_menu_social_links_color":"","ocean_menu_social_hover_links_color":"","ocean_disable_title":"default","ocean_disable_heading":"default","ocean_post_title":"","ocean_post_subheading":"","ocean_post_title_style":"background-image","ocean_post_title_background_color":"","ocean_post_title_background":12005,"ocean_post_title_bg_image_position":"","ocean_post_title_bg_image_attachment":"","ocean_post_title_bg_image_repeat":"","ocean_post_title_bg_image_size":"","ocean_post_title_height":0,"ocean_post_title_bg_overlay":0.5,"ocean_post_title_bg_overlay_color":"","ocean_disable_breadcrumbs":"default","ocean_breadcrumbs_color":"","ocean_breadcrumbs_separator_color":"","ocean_breadcrumbs_links_color":"","ocean_breadcrumbs_links_hover_color":"","ocean_display_footer_widgets":"default","ocean_display_footer_bottom":"default","ocean_custom_footer_template":"0","omw_enable_modal_window":"enable","osh_disable_topbar_sticky":"default","osh_disable_header_sticky":"default","osh_sticky_header_style":"default","osh_sticky_header_effect":"","osh_custom_sticky_logo":0,"osh_custom_retina_sticky_logo":0,"osh_custom_sticky_logo_height":0,"osh_background_color":"","osh_links_color":"","osh_links_hover_color":"","osh_links_active_color":"","osh_links_bg_color":"","osh_links_hover_bg_color":"","osh_links_active_bg_color":"","osh_menu_social_links_color":"","osh_menu_social_hover_links_color":""},"ort":[508,513,512,510],"sichtbarkeit":[],"templateoption":[179],"product_brand":[],"product_cat":[182],"product_tag":[],"class_list":{"0":"post-9608","1":"product","2":"type-product","3":"status-publish","4":"has-post-thumbnail","6":"ort-bali","7":"ort-georgiopolis","8":"ort-kavros","9":"ort-rethymnon","10":"templateoption-dertrip-bc","11":"product_cat-ausfluege","12":"pa_nicht-vergessen-badesachen","13":"pa_nicht-vergessen-festes-schuhwerk","14":"pa_nicht-vergessen-sonnenschutz","16":"entry","17":"has-media","19":"first","20":"instock","21":"virtual","22":"purchasable","23":"product-type-simple","24":"has-product-nav","25":"col","26":"span_1_of_3","27":"owp-content-center","28":"owp-thumbs-layout-horizontal","29":"owp-btn-normal","30":"owp-tabs-layout-section"},"acf":[],"_links":{"self":[{"href":"https:\/\/www.dertour-reiseleitung.com\/kreta\/wp-json\/wp\/v2\/product\/9608","targetHints":{"allow":["GET"]}}],"collection":[{"href":"https:\/\/www.dertour-reiseleitung.com\/kreta\/wp-json\/wp\/v2\/product"}],"about":[{"href":"https:\/\/www.dertour-reiseleitung.com\/kreta\/wp-json\/wp\/v2\/types\/product"}],"version-history":[{"count":19,"href":"https:\/\/www.dertour-reiseleitung.com\/kreta\/wp-json\/wp\/v2\/product\/9608\/revisions"}],"predecessor-version":[{"id":14034,"href":"https:\/\/www.dertour-reiseleitung.com\/kreta\/wp-json\/wp\/v2\/product\/9608\/revisions\/14034"}],"wp:featuredmedia":[{"embeddable":true,"href":"https:\/\/www.dertour-reiseleitung.com\/kreta\/wp-json\/wp\/v2\/media\/9610"}],"wp:attachment":[{"href":"https:\/\/www.dertour-reiseleitung.com\/kreta\/wp-json\/wp\/v2\/media?parent=9608"}],"wp:term":[{"taxonomy":"ort","embeddable":true,"href":"https:\/\/www.dertour-reiseleitung.com\/kreta\/wp-json\/wp\/v2\/ort?post=9608"},{"taxonomy":"sichtbarkeit","embeddable":true,"href":"https:\/\/www.dertour-reiseleitung.com\/kreta\/wp-json\/wp\/v2\/sichtbarkeit?post=9608"},{"taxonomy":"templateoption","embeddable":true,"href":"https:\/\/www.dertour-reiseleitung.com\/kreta\/wp-json\/wp\/v2\/templateoption?post=9608"},{"taxonomy":"product_brand","embeddable":true,"href":"https:\/\/www.dertour-reiseleitung.com\/kreta\/wp-json\/wp\/v2\/product_brand?post=9608"},{"taxonomy":"product_cat","embeddable":true,"href":"https:\/\/www.dertour-reiseleitung.com\/kreta\/wp-json\/wp\/v2\/product_cat?post=9608"},{"taxonomy":"product_tag","embeddable":true,"href":"https:\/\/www.dertour-reiseleitung.com\/kreta\/wp-json\/wp\/v2\/product_tag?post=9608"}],"curies":[{"name":"wp","href":"https:\/\/api.w.org\/{rel}","templated":true}]}}