{"id":11228,"date":"2025-08-28T15:04:01","date_gmt":"2025-08-28T14:04:01","guid":{"rendered":"https:\/\/www.dertour-reiseleitung.com\/madeira\/?post_type=product&#038;p=11228"},"modified":"2026-02-10T16:55:12","modified_gmt":"2026-02-10T15:55:12","slug":"kuestenwanderung-larano-boca-do-risco-dds-024-1","status":"publish","type":"product","link":"https:\/\/www.dertour-reiseleitung.com\/madeira\/aktivitaeten\/kuestenwanderung-larano-boca-do-risco-dds-024-1\/","title":{"rendered":"K\u00fcstenwanderung Larano &#8211; Boca do Risco"},"content":{"rendered":"<h3>Zeitreise entlang eines historischen Wanderwegs<\/h3>\n<p>Begeben Sie sich auf eine Reise durch die Zeit, indem Sie diesem historischen Wanderweg folgen, der einst von den fr\u00fchen Bewohnern der Insel auf ihrem Weg zwischen Machico und Porto da Cruz genutzt wurde. Dieser bemerkenswerte Weg schl\u00e4ngelt sich durch zerkl\u00fcftete Landschaften und bietet eine perfekte Mischung aus Geschichte, nat\u00fcrlicher Sch\u00f6nheit und atemberaubenden Ausblicken auf die K\u00fcste.<\/p>\n<p>Ihr Abenteuer beginnt oberhalb von Machico und f\u00fchrt Sie allm\u00e4hlich hinauf zum Aussichtspunkt Boca do Risco, wo Sie mit einem atemberaubenden Panorama der dramatischen Nordk\u00fcste Madeiras belohnt werden. Hier erstreckt sich der weite Atlantik endlos vor Ihnen, w\u00e4hrend die hoch aufragenden Klippen einen beeindruckenden Kontrast zwischen Land und Meer bilden &#8211; ein Anblick, der Sie in seinen Bann ziehen wird.<\/p>\n<p>Der Weg f\u00fchrt Sie dann nach Larano, wo sich die unber\u00fchrte Sch\u00f6nheit der K\u00fcste in ihrer ganzen Pracht entfaltet. Das Zusammentreffen der rauen Kraft des Meeres mit der \u00fcppigen, zerkl\u00fcfteten Landschaft ist ein berauschendes und unvergessliches Erlebnis.<\/p>\n<p>Dies ist mehr als nur eine Wanderung; es ist eine Einladung, sich mit der Vergangenheit Madeiras zu verbinden und seine ungez\u00e4hmte Sch\u00f6nheit zu bewundern &#8211; eine Reise, die Ihnen noch lange in Erinnerung bleibt, nachdem Ihre Schritte verklungen sind.<\/p>\n<p>Distanz: ca 11km, Dauer: ca 4.5 Stunden<\/p>\n<p>Start- und Endpunkt kann auch getauscht werden.<\/p>\n<p><strong>Ausflugsveranstalter: <\/strong>Destination Touristic Services<\/p>\n","protected":false},"excerpt":{"rendered":"<p>Zeitreise entlang eines historischen Wanderwegs Begeben Sie sich auf eine Reise durch die Zeit, indem Sie diesem historischen Wanderweg folgen, der einst von den fr\u00fchen Bewohnern der Insel auf ihrem Weg zwischen Machico und Porto da Cruz genutzt wurde. Dieser bemerkenswerte Weg schl\u00e4ngelt sich durch zerkl\u00fcftete Landschaften und bietet eine perfekte Mischung aus Geschichte, nat\u00fcrlicher [&hellip;]<\/p>\n","protected":false},"featured_media":12387,"template":"","meta":{"_acf_changed":false,"ocean_post_layout":"","ocean_both_sidebars_style":"","ocean_both_sidebars_content_width":0,"ocean_both_sidebars_sidebars_width":0,"ocean_sidebar":"0","ocean_second_sidebar":"0","ocean_disable_margins":"enable","ocean_add_body_class":"","ocean_shortcode_before_top_bar":"","ocean_shortcode_after_top_bar":"","ocean_shortcode_before_header":"","ocean_shortcode_after_header":"","ocean_has_shortcode":"","ocean_shortcode_after_title":"","ocean_shortcode_before_footer_widgets":"","ocean_shortcode_after_footer_widgets":"","ocean_shortcode_before_footer_bottom":"","ocean_shortcode_after_footer_bottom":"","ocean_display_top_bar":"default","ocean_display_header":"default","ocean_header_style":"","ocean_center_header_left_menu":"0","ocean_custom_header_template":"0","ocean_custom_logo":0,"ocean_custom_retina_logo":0,"ocean_custom_logo_max_width":0,"ocean_custom_logo_tablet_max_width":0,"ocean_custom_logo_mobile_max_width":0,"ocean_custom_logo_max_height":0,"ocean_custom_logo_tablet_max_height":0,"ocean_custom_logo_mobile_max_height":0,"ocean_header_custom_menu":"0","ocean_menu_typo_font_family":"0","ocean_menu_typo_font_subset":"","ocean_menu_typo_font_size":0,"ocean_menu_typo_font_size_tablet":0,"ocean_menu_typo_font_size_mobile":0,"ocean_menu_typo_font_size_unit":"px","ocean_menu_typo_font_weight":"","ocean_menu_typo_font_weight_tablet":"","ocean_menu_typo_font_weight_mobile":"","ocean_menu_typo_transform":"","ocean_menu_typo_transform_tablet":"","ocean_menu_typo_transform_mobile":"","ocean_menu_typo_line_height":0,"ocean_menu_typo_line_height_tablet":0,"ocean_menu_typo_line_height_mobile":0,"ocean_menu_typo_line_height_unit":"","ocean_menu_typo_spacing":0,"ocean_menu_typo_spacing_tablet":0,"ocean_menu_typo_spacing_mobile":0,"ocean_menu_typo_spacing_unit":"","ocean_menu_link_color":"","ocean_menu_link_color_hover":"","ocean_menu_link_color_active":"","ocean_menu_link_background":"","ocean_menu_link_hover_background":"","ocean_menu_link_active_background":"","ocean_menu_social_links_bg":"","ocean_menu_social_hover_links_bg":"","ocean_menu_social_links_color":"","ocean_menu_social_hover_links_color":"","ocean_disable_title":"default","ocean_disable_heading":"default","ocean_post_title":"","ocean_post_subheading":"","ocean_post_title_style":"background-image","ocean_post_title_background_color":"","ocean_post_title_background":12385,"ocean_post_title_bg_image_position":"","ocean_post_title_bg_image_attachment":"","ocean_post_title_bg_image_repeat":"","ocean_post_title_bg_image_size":"","ocean_post_title_height":0,"ocean_post_title_bg_overlay":0.5,"ocean_post_title_bg_overlay_color":"","ocean_disable_breadcrumbs":"default","ocean_breadcrumbs_color":"","ocean_breadcrumbs_separator_color":"","ocean_breadcrumbs_links_color":"","ocean_breadcrumbs_links_hover_color":"","ocean_display_footer_widgets":"default","ocean_display_footer_bottom":"default","ocean_custom_footer_template":"0","omw_enable_modal_window":"enable","osh_disable_topbar_sticky":"default","osh_disable_header_sticky":"default","osh_sticky_header_style":"default","osh_sticky_header_effect":"","osh_custom_sticky_logo":0,"osh_custom_retina_sticky_logo":0,"osh_custom_sticky_logo_height":0,"osh_background_color":"","osh_links_color":"","osh_links_hover_color":"","osh_links_active_color":"","osh_links_bg_color":"","osh_links_hover_bg_color":"","osh_links_active_bg_color":"","osh_menu_social_links_color":"","osh_menu_social_hover_links_color":""},"ort":[459,458,466,465,473],"sichtbarkeit":[],"templateoption":[179],"product_brand":[],"product_cat":[182],"product_tag":[],"class_list":{"0":"post-11228","1":"product","2":"type-product","3":"status-publish","4":"has-post-thumbnail","6":"ort-canico","7":"ort-funchal","8":"ort-garajau","9":"ort-machico","10":"ort-santa-cruz","11":"templateoption-dertrip-bc","12":"product_cat-ausfluege","14":"entry","15":"has-media","17":"first","18":"instock","19":"virtual","20":"purchasable","21":"product-type-simple","22":"has-product-nav","23":"col","24":"span_1_of_3","25":"owp-content-center","26":"owp-thumbs-layout-horizontal","27":"owp-btn-normal","28":"owp-tabs-layout-section"},"acf":[],"_links":{"self":[{"href":"https:\/\/www.dertour-reiseleitung.com\/madeira\/wp-json\/wp\/v2\/product\/11228","targetHints":{"allow":["GET"]}}],"collection":[{"href":"https:\/\/www.dertour-reiseleitung.com\/madeira\/wp-json\/wp\/v2\/product"}],"about":[{"href":"https:\/\/www.dertour-reiseleitung.com\/madeira\/wp-json\/wp\/v2\/types\/product"}],"version-history":[{"count":8,"href":"https:\/\/www.dertour-reiseleitung.com\/madeira\/wp-json\/wp\/v2\/product\/11228\/revisions"}],"predecessor-version":[{"id":12438,"href":"https:\/\/www.dertour-reiseleitung.com\/madeira\/wp-json\/wp\/v2\/product\/11228\/revisions\/12438"}],"wp:featuredmedia":[{"embeddable":true,"href":"https:\/\/www.dertour-reiseleitung.com\/madeira\/wp-json\/wp\/v2\/media\/12387"}],"wp:attachment":[{"href":"https:\/\/www.dertour-reiseleitung.com\/madeira\/wp-json\/wp\/v2\/media?parent=11228"}],"wp:term":[{"taxonomy":"ort","embeddable":true,"href":"https:\/\/www.dertour-reiseleitung.com\/madeira\/wp-json\/wp\/v2\/ort?post=11228"},{"taxonomy":"sichtbarkeit","embeddable":true,"href":"https:\/\/www.dertour-reiseleitung.com\/madeira\/wp-json\/wp\/v2\/sichtbarkeit?post=11228"},{"taxonomy":"templateoption","embeddable":true,"href":"https:\/\/www.dertour-reiseleitung.com\/madeira\/wp-json\/wp\/v2\/templateoption?post=11228"},{"taxonomy":"product_brand","embeddable":true,"href":"https:\/\/www.dertour-reiseleitung.com\/madeira\/wp-json\/wp\/v2\/product_brand?post=11228"},{"taxonomy":"product_cat","embeddable":true,"href":"https:\/\/www.dertour-reiseleitung.com\/madeira\/wp-json\/wp\/v2\/product_cat?post=11228"},{"taxonomy":"product_tag","embeddable":true,"href":"https:\/\/www.dertour-reiseleitung.com\/madeira\/wp-json\/wp\/v2\/product_tag?post=11228"}],"curies":[{"name":"wp","href":"https:\/\/api.w.org\/{rel}","templated":true}]}}

Küstenwanderung Larano &#8211; Boca do Risco

<h3>Zeitreise entlang eines historischen Wanderwegs</h3>
<p>Begeben Sie sich auf eine Reise durch die Zeit, indem Sie diesem historischen Wanderweg folgen, der einst von den frühen Bewohnern der Insel auf ihrem Weg zwischen Machico und Porto da Cruz genutzt wurde. Dieser bemerkenswerte Weg schlängelt sich durch zerklüftete Landschaften und bietet eine perfekte Mischung aus Geschichte, natürlicher Schönheit und atemberaubenden Ausblicken auf die Küste.</p>
<p>Ihr Abenteuer beginnt oberhalb von Machico und führt Sie allmählich hinauf zum Aussichtspunkt Boca do Risco, wo Sie mit einem atemberaubenden Panorama der dramatischen Nordküste Madeiras belohnt werden. Hier erstreckt sich der weite Atlantik endlos vor Ihnen, während die hoch aufragenden Klippen einen beeindruckenden Kontrast zwischen Land und Meer bilden &#8211; ein Anblick, der Sie in seinen Bann ziehen wird.</p>
<p>Der Weg führt Sie dann nach Larano, wo sich die unberührte Schönheit der Küste in ihrer ganzen Pracht entfaltet. Das Zusammentreffen der rauen Kraft des Meeres mit der üppigen, zerklüfteten Landschaft ist ein berauschendes und unvergessliches Erlebnis.</p>
<p>Dies ist mehr als nur eine Wanderung; es ist eine Einladung, sich mit der Vergangenheit Madeiras zu verbinden und seine ungezähmte Schönheit zu bewundern &#8211; eine Reise, die Ihnen noch lange in Erinnerung bleibt, nachdem Ihre Schritte verklungen sind.</p>
<p>Distanz: ca 11km, Dauer: ca 4.5 Stunden</p>
<p>Start- und Endpunkt kann auch getauscht werden.</p>
<p><strong>Ausflugsveranstalter: </strong>Destination Touristic Services</p>

<p>Zeitreise entlang eines historischen Wanderwegs Begeben Sie sich auf eine Reise durch die Zeit, indem Sie diesem historischen Wanderweg folgen, der einst von den frühen Bewohnern der Insel auf ihrem Weg zwischen Machico und Porto da Cruz genutzt wurde. Dieser bemerkenswerte Weg schlängelt sich durch zerklüftete Landschaften und bietet eine perfekte Mischung aus Geschichte, natürlicher [&hellip;]</p>
