{"id":11302,"date":"2025-09-03T13:32:29","date_gmt":"2025-09-03T12:32:29","guid":{"rendered":"https:\/\/www.dertour-reiseleitung.com\/madeira\/?post_type=product&#038;p=11302"},"modified":"2026-02-10T16:58:59","modified_gmt":"2026-02-10T15:58:59","slug":"wanderung-levada-do-alecrim-und-wind-lagune-dds-031-2","status":"publish","type":"product","link":"https:\/\/www.dertour-reiseleitung.com\/madeira\/aktivitaeten\/wanderung-levada-do-alecrim-und-wind-lagune-dds-031-2\/","title":{"rendered":"Wanderung Levada do Alecrim und Wind Lagune"},"content":{"rendered":"<p>Dies ist eine Wanderung wie keine andere \u2013 ein verstecktes Juwel, das viele unserer G\u00e4ste als ihr unvergesslichstes Erlebnis auf Madeira bezeichnen. Eingebettet in die T\u00e4ler der westlichen Hochebene enth\u00fcllt dieser Weg eine von der Zeit geformte Landschaft, in der die raue Sch\u00f6nheit der Natur voll zur Geltung kommt.<\/p>\n<p>Auf Ihrem Weg durch dieses unber\u00fchrte Paradies sto\u00dfen Sie auf eine Reihe herrlicher Felsbecken, die im Laufe von Jahrmillionen von rauschenden Wassermassen geformt wurden. Diese st\u00fcrzen in Kaskaden ins Meer und bilden dabei atemberaubende Wasserf\u00e4lle und schimmernde B\u00e4che. Das kristallklare Wasser tr\u00e4gt zur bezaubernden Atmosph\u00e4re bei und spiegelt die unber\u00fchrte Sch\u00f6nheit der Umgebung wider.<\/p>\n<p>Die Reise bietet eine aufregende Vielfalt an Terrains \u2013 von den sanften Pfaden der Levadas bis zu den schroffen Bergpfaden, die sich das Tal hinaufschl\u00e4ngeln. Durchqueren Sie dichte W\u00e4lder, folgen Sie versteckten Pfaden und stellen Sie sich der Herausforderung eines spannenden Aufstiegs zu einer der \u00e4ltesten Levadas im Westen Madeiras.<\/p>\n<p>Dies ist mehr als nur ein Spaziergang \u2013 es ist ein Abenteuer im Herzen der Natur, bei dem jeder Schritt eine neue Entdeckung bringt und jede Abzweigung einen weiteren atemberaubenden Ausblick offenbart. Eine Reise, die Sie sich nicht entgehen lassen sollten \u2013 eine Reise, die Ihnen noch lange nach dem Verlassen der Insel in Erinnerung bleiben wird.<\/p>\n<p><strong>Wanderzeit:<\/strong> ca. 4.5 Std.<br \/>\n<strong>Wanderstrecke:<\/strong> 10 km<br \/>\n<strong>Schwierigkeitsgrad:<\/strong> m\u00e4\u00dfige Wanderung<\/p>\n<p><strong>Ausflugsveranstalter: <\/strong>Destination Touristic Services<\/p>\n","protected":false},"excerpt":{"rendered":"<p>Dies ist eine Wanderung wie keine andere \u2013 ein verstecktes Juwel, das viele unserer G\u00e4ste als ihr unvergesslichstes Erlebnis auf Madeira bezeichnen. Eingebettet in die T\u00e4ler der westlichen Hochebene enth\u00fcllt dieser Weg eine von der Zeit geformte Landschaft, in der die raue Sch\u00f6nheit der Natur voll zur Geltung kommt. Auf Ihrem Weg durch dieses unber\u00fchrte [&hellip;]<\/p>\n","protected":false},"featured_media":12408,"template":"","meta":{"_acf_changed":false,"ocean_post_layout":"","ocean_both_sidebars_style":"","ocean_both_sidebars_content_width":0,"ocean_both_sidebars_sidebars_width":0,"ocean_sidebar":"0","ocean_second_sidebar":"0","ocean_disable_margins":"enable","ocean_add_body_class":"","ocean_shortcode_before_top_bar":"","ocean_shortcode_after_top_bar":"","ocean_shortcode_before_header":"","ocean_shortcode_after_header":"","ocean_has_shortcode":"","ocean_shortcode_after_title":"","ocean_shortcode_before_footer_widgets":"","ocean_shortcode_after_footer_widgets":"","ocean_shortcode_before_footer_bottom":"","ocean_shortcode_after_footer_bottom":"","ocean_display_top_bar":"default","ocean_display_header":"default","ocean_header_style":"","ocean_center_header_left_menu":"0","ocean_custom_header_template":"0","ocean_custom_logo":0,"ocean_custom_retina_logo":0,"ocean_custom_logo_max_width":0,"ocean_custom_logo_tablet_max_width":0,"ocean_custom_logo_mobile_max_width":0,"ocean_custom_logo_max_height":0,"ocean_custom_logo_tablet_max_height":0,"ocean_custom_logo_mobile_max_height":0,"ocean_header_custom_menu":"0","ocean_menu_typo_font_family":"0","ocean_menu_typo_font_subset":"","ocean_menu_typo_font_size":0,"ocean_menu_typo_font_size_tablet":0,"ocean_menu_typo_font_size_mobile":0,"ocean_menu_typo_font_size_unit":"px","ocean_menu_typo_font_weight":"","ocean_menu_typo_font_weight_tablet":"","ocean_menu_typo_font_weight_mobile":"","ocean_menu_typo_transform":"","ocean_menu_typo_transform_tablet":"","ocean_menu_typo_transform_mobile":"","ocean_menu_typo_line_height":0,"ocean_menu_typo_line_height_tablet":0,"ocean_menu_typo_line_height_mobile":0,"ocean_menu_typo_line_height_unit":"","ocean_menu_typo_spacing":0,"ocean_menu_typo_spacing_tablet":0,"ocean_menu_typo_spacing_mobile":0,"ocean_menu_typo_spacing_unit":"","ocean_menu_link_color":"","ocean_menu_link_color_hover":"","ocean_menu_link_color_active":"","ocean_menu_link_background":"","ocean_menu_link_hover_background":"","ocean_menu_link_active_background":"","ocean_menu_social_links_bg":"","ocean_menu_social_hover_links_bg":"","ocean_menu_social_links_color":"","ocean_menu_social_hover_links_color":"","ocean_disable_title":"default","ocean_disable_heading":"default","ocean_post_title":"","ocean_post_subheading":"","ocean_post_title_style":"background-image","ocean_post_title_background_color":"","ocean_post_title_background":12411,"ocean_post_title_bg_image_position":"","ocean_post_title_bg_image_attachment":"","ocean_post_title_bg_image_repeat":"","ocean_post_title_bg_image_size":"","ocean_post_title_height":0,"ocean_post_title_bg_overlay":0.5,"ocean_post_title_bg_overlay_color":"","ocean_disable_breadcrumbs":"default","ocean_breadcrumbs_color":"","ocean_breadcrumbs_separator_color":"","ocean_breadcrumbs_links_color":"","ocean_breadcrumbs_links_hover_color":"","ocean_display_footer_widgets":"default","ocean_display_footer_bottom":"default","ocean_custom_footer_template":"0","omw_enable_modal_window":"enable","osh_disable_topbar_sticky":"default","osh_disable_header_sticky":"default","osh_sticky_header_style":"default","osh_sticky_header_effect":"","osh_custom_sticky_logo":0,"osh_custom_retina_sticky_logo":0,"osh_custom_sticky_logo_height":0,"osh_background_color":"","osh_links_color":"","osh_links_hover_color":"","osh_links_active_color":"","osh_links_bg_color":"","osh_links_hover_bg_color":"","osh_links_active_bg_color":"","osh_menu_social_links_color":"","osh_menu_social_hover_links_color":""},"ort":[469,459,458,466,475],"sichtbarkeit":[],"templateoption":[179],"product_brand":[],"product_cat":[182],"product_tag":[],"class_list":{"0":"post-11302","1":"product","2":"type-product","3":"status-publish","4":"has-post-thumbnail","6":"ort-calheta","7":"ort-canico","8":"ort-funchal","9":"ort-garajau","10":"ort-ribeira-brava","11":"templateoption-dertrip-bc","12":"product_cat-ausfluege","14":"entry","15":"has-media","17":"first","18":"instock","19":"virtual","20":"purchasable","21":"product-type-simple","22":"has-product-nav","23":"col","24":"span_1_of_3","25":"owp-content-center","26":"owp-thumbs-layout-horizontal","27":"owp-btn-normal","28":"owp-tabs-layout-section"},"acf":[],"_links":{"self":[{"href":"https:\/\/www.dertour-reiseleitung.com\/madeira\/wp-json\/wp\/v2\/product\/11302","targetHints":{"allow":["GET"]}}],"collection":[{"href":"https:\/\/www.dertour-reiseleitung.com\/madeira\/wp-json\/wp\/v2\/product"}],"about":[{"href":"https:\/\/www.dertour-reiseleitung.com\/madeira\/wp-json\/wp\/v2\/types\/product"}],"version-history":[{"count":5,"href":"https:\/\/www.dertour-reiseleitung.com\/madeira\/wp-json\/wp\/v2\/product\/11302\/revisions"}],"predecessor-version":[{"id":12421,"href":"https:\/\/www.dertour-reiseleitung.com\/madeira\/wp-json\/wp\/v2\/product\/11302\/revisions\/12421"}],"wp:featuredmedia":[{"embeddable":true,"href":"https:\/\/www.dertour-reiseleitung.com\/madeira\/wp-json\/wp\/v2\/media\/12408"}],"wp:attachment":[{"href":"https:\/\/www.dertour-reiseleitung.com\/madeira\/wp-json\/wp\/v2\/media?parent=11302"}],"wp:term":[{"taxonomy":"ort","embeddable":true,"href":"https:\/\/www.dertour-reiseleitung.com\/madeira\/wp-json\/wp\/v2\/ort?post=11302"},{"taxonomy":"sichtbarkeit","embeddable":true,"href":"https:\/\/www.dertour-reiseleitung.com\/madeira\/wp-json\/wp\/v2\/sichtbarkeit?post=11302"},{"taxonomy":"templateoption","embeddable":true,"href":"https:\/\/www.dertour-reiseleitung.com\/madeira\/wp-json\/wp\/v2\/templateoption?post=11302"},{"taxonomy":"product_brand","embeddable":true,"href":"https:\/\/www.dertour-reiseleitung.com\/madeira\/wp-json\/wp\/v2\/product_brand?post=11302"},{"taxonomy":"product_cat","embeddable":true,"href":"https:\/\/www.dertour-reiseleitung.com\/madeira\/wp-json\/wp\/v2\/product_cat?post=11302"},{"taxonomy":"product_tag","embeddable":true,"href":"https:\/\/www.dertour-reiseleitung.com\/madeira\/wp-json\/wp\/v2\/product_tag?post=11302"}],"curies":[{"name":"wp","href":"https:\/\/api.w.org\/{rel}","templated":true}]}}

<p>Dies ist eine Wanderung wie keine andere – ein verstecktes Juwel, das viele unserer Gäste als ihr unvergesslichstes Erlebnis auf Madeira bezeichnen. Eingebettet in die Täler der westlichen Hochebene enthüllt dieser Weg eine von der Zeit geformte Landschaft, in der die raue Schönheit der Natur voll zur Geltung kommt.</p>
<p>Auf Ihrem Weg durch dieses unberührte Paradies stoßen Sie auf eine Reihe herrlicher Felsbecken, die im Laufe von Jahrmillionen von rauschenden Wassermassen geformt wurden. Diese stürzen in Kaskaden ins Meer und bilden dabei atemberaubende Wasserfälle und schimmernde Bäche. Das kristallklare Wasser trägt zur bezaubernden Atmosphäre bei und spiegelt die unberührte Schönheit der Umgebung wider.</p>
<p>Die Reise bietet eine aufregende Vielfalt an Terrains – von den sanften Pfaden der Levadas bis zu den schroffen Bergpfaden, die sich das Tal hinaufschlängeln. Durchqueren Sie dichte Wälder, folgen Sie versteckten Pfaden und stellen Sie sich der Herausforderung eines spannenden Aufstiegs zu einer der ältesten Levadas im Westen Madeiras.</p>
<p>Dies ist mehr als nur ein Spaziergang – es ist ein Abenteuer im Herzen der Natur, bei dem jeder Schritt eine neue Entdeckung bringt und jede Abzweigung einen weiteren atemberaubenden Ausblick offenbart. Eine Reise, die Sie sich nicht entgehen lassen sollten – eine Reise, die Ihnen noch lange nach dem Verlassen der Insel in Erinnerung bleiben wird.</p>
<p><strong>Wanderzeit:</strong> ca. 4.5 Std.<br />
<strong>Wanderstrecke:</strong> 10 km<br />
<strong>Schwierigkeitsgrad:</strong> mäßige Wanderung</p>
<p><strong>Ausflugsveranstalter: </strong>Destination Touristic Services</p>

<p>Dies ist eine Wanderung wie keine andere – ein verstecktes Juwel, das viele unserer Gäste als ihr unvergesslichstes Erlebnis auf Madeira bezeichnen. Eingebettet in die Täler der westlichen Hochebene enthüllt dieser Weg eine von der Zeit geformte Landschaft, in der die raue Schönheit der Natur voll zur Geltung kommt. Auf Ihrem Weg durch dieses unberührte [&hellip;]</p>
