{"id":12376,"date":"2026-01-27T14:18:20","date_gmt":"2026-01-27T13:18:20","guid":{"rendered":"https:\/\/www.dertour-reiseleitung.com\/madeira\/?post_type=product&#038;p=12376"},"modified":"2026-02-10T16:56:25","modified_gmt":"2026-02-10T15:56:25","slug":"kuestenwanderung-larano-boca-do-risco-dds-024-5","status":"publish","type":"product","link":"https:\/\/www.dertour-reiseleitung.com\/madeira\/aktivitaeten\/kuestenwanderung-larano-boca-do-risco-dds-024-5\/","title":{"rendered":"K\u00fcstenwanderung Larano &#8211; Boca do Risco"},"content":{"rendered":"<h3>Zeitreise entlang eines historischen Wanderwegs<\/h3>\n<p>Begeben Sie sich auf eine Zeitreise entlang eines historischen Wanderwegs, der einst von den fr\u00fchen Bewohnern Madeiras auf ihrem Weg zwischen Machico und Porto da Cruz genutzt wurde.<\/p>\n<p>Dieser bemerkenswerte Pfad schl\u00e4ngelt sich durch zerkl\u00fcftete Landschaften und bietet eine perfekte Mischung aus Geschichte, nat\u00fcrlicher Sch\u00f6nheit und spektakul\u00e4ren Ausblicken auf die K\u00fcste.<\/p>\n<p>Ihr Abenteuer beginnt am Pico do Facho und f\u00fchrt Sie allm\u00e4hlich hinauf zum Aussichtspunkt Boca do Risco, wo Sie mit einem \u00fcberw\u00e4ltigenden Panorama der dramatischen Nordk\u00fcste Madeiras belohnt werden. Der weite Atlantik breitet sich scheinbar endlos vor Ihnen aus, w\u00e4hrend die steil aufragenden Klippen einen eindrucksvollen Kontrast zwischen Land und Meer schaffen \u2013 ein Anblick, der Sie in seinen Bann ziehen wird.<\/p>\n<p>Der Weg f\u00fchrt Sie weiter nach Larano, wo sich die unber\u00fchrte Sch\u00f6nheit der K\u00fcste in ihrer ganzen Pracht entfaltet. Das Zusammenspiel der wilden Kraft des Meeres mit der \u00fcppigen, zerkl\u00fcfteten Landschaft ist ein berauschendes und unvergessliches Erlebnis.<\/p>\n<p>Diese Wanderung ist mehr als nur ein Ausflug \u2013 sie ist eine Einladung, sich mit der Vergangenheit Madeiras zu verbinden und seine ungez\u00e4hmte Natur zu bewundern. Eine Reise, die Ihnen noch lange in Erinnerung bleiben wird, nachdem Ihre Schritte verklungen sind.<\/p>\n<p><strong>Ausflugsveranstalter: <\/strong>Destination Touristic Services<\/p>\n","protected":false},"excerpt":{"rendered":"<p>Zeitreise entlang eines historischen Wanderwegs Begeben Sie sich auf eine Zeitreise entlang eines historischen Wanderwegs, der einst von den fr\u00fchen Bewohnern Madeiras auf ihrem Weg zwischen Machico und Porto da Cruz genutzt wurde. Dieser bemerkenswerte Pfad schl\u00e4ngelt sich durch zerkl\u00fcftete Landschaften und bietet eine perfekte Mischung aus Geschichte, nat\u00fcrlicher Sch\u00f6nheit und spektakul\u00e4ren Ausblicken auf die [&hellip;]<\/p>\n","protected":false},"featured_media":12387,"template":"","meta":{"_acf_changed":false,"ocean_post_layout":"","ocean_both_sidebars_style":"","ocean_both_sidebars_content_width":0,"ocean_both_sidebars_sidebars_width":0,"ocean_sidebar":"0","ocean_second_sidebar":"0","ocean_disable_margins":"enable","ocean_add_body_class":"","ocean_shortcode_before_top_bar":"","ocean_shortcode_after_top_bar":"","ocean_shortcode_before_header":"","ocean_shortcode_after_header":"","ocean_has_shortcode":"","ocean_shortcode_after_title":"","ocean_shortcode_before_footer_widgets":"","ocean_shortcode_after_footer_widgets":"","ocean_shortcode_before_footer_bottom":"","ocean_shortcode_after_footer_bottom":"","ocean_display_top_bar":"default","ocean_display_header":"default","ocean_header_style":"","ocean_center_header_left_menu":"0","ocean_custom_header_template":"0","ocean_custom_logo":0,"ocean_custom_retina_logo":0,"ocean_custom_logo_max_width":0,"ocean_custom_logo_tablet_max_width":0,"ocean_custom_logo_mobile_max_width":0,"ocean_custom_logo_max_height":0,"ocean_custom_logo_tablet_max_height":0,"ocean_custom_logo_mobile_max_height":0,"ocean_header_custom_menu":"0","ocean_menu_typo_font_family":"0","ocean_menu_typo_font_subset":"","ocean_menu_typo_font_size":0,"ocean_menu_typo_font_size_tablet":0,"ocean_menu_typo_font_size_mobile":0,"ocean_menu_typo_font_size_unit":"px","ocean_menu_typo_font_weight":"","ocean_menu_typo_font_weight_tablet":"","ocean_menu_typo_font_weight_mobile":"","ocean_menu_typo_transform":"","ocean_menu_typo_transform_tablet":"","ocean_menu_typo_transform_mobile":"","ocean_menu_typo_line_height":0,"ocean_menu_typo_line_height_tablet":0,"ocean_menu_typo_line_height_mobile":0,"ocean_menu_typo_line_height_unit":"","ocean_menu_typo_spacing":0,"ocean_menu_typo_spacing_tablet":0,"ocean_menu_typo_spacing_mobile":0,"ocean_menu_typo_spacing_unit":"","ocean_menu_link_color":"","ocean_menu_link_color_hover":"","ocean_menu_link_color_active":"","ocean_menu_link_background":"","ocean_menu_link_hover_background":"","ocean_menu_link_active_background":"","ocean_menu_social_links_bg":"","ocean_menu_social_hover_links_bg":"","ocean_menu_social_links_color":"","ocean_menu_social_hover_links_color":"","ocean_disable_title":"default","ocean_disable_heading":"default","ocean_post_title":"","ocean_post_subheading":"","ocean_post_title_style":"background-image","ocean_post_title_background_color":"","ocean_post_title_background":12385,"ocean_post_title_bg_image_position":"","ocean_post_title_bg_image_attachment":"","ocean_post_title_bg_image_repeat":"","ocean_post_title_bg_image_size":"","ocean_post_title_height":0,"ocean_post_title_bg_overlay":0.5,"ocean_post_title_bg_overlay_color":"","ocean_disable_breadcrumbs":"default","ocean_breadcrumbs_color":"","ocean_breadcrumbs_separator_color":"","ocean_breadcrumbs_links_color":"","ocean_breadcrumbs_links_hover_color":"","ocean_display_footer_widgets":"default","ocean_display_footer_bottom":"default","ocean_custom_footer_template":"0","omw_enable_modal_window":"enable","osh_disable_topbar_sticky":"default","osh_disable_header_sticky":"default","osh_sticky_header_style":"default","osh_sticky_header_effect":"","osh_custom_sticky_logo":0,"osh_custom_retina_sticky_logo":0,"osh_custom_sticky_logo_height":0,"osh_background_color":"","osh_links_color":"","osh_links_hover_color":"","osh_links_active_color":"","osh_links_bg_color":"","osh_links_hover_bg_color":"","osh_links_active_bg_color":"","osh_menu_social_links_color":"","osh_menu_social_hover_links_color":""},"ort":[469],"sichtbarkeit":[],"templateoption":[179],"product_brand":[],"product_cat":[182],"product_tag":[],"class_list":{"0":"post-12376","1":"product","2":"type-product","3":"status-publish","4":"has-post-thumbnail","6":"ort-calheta","7":"templateoption-dertrip-bc","8":"product_cat-ausfluege","10":"entry","11":"has-media","13":"first","14":"instock","15":"virtual","16":"purchasable","17":"product-type-simple","18":"has-product-nav","19":"col","20":"span_1_of_3","21":"owp-content-center","22":"owp-thumbs-layout-horizontal","23":"owp-btn-normal","24":"owp-tabs-layout-section"},"acf":[],"_links":{"self":[{"href":"https:\/\/www.dertour-reiseleitung.com\/madeira\/wp-json\/wp\/v2\/product\/12376","targetHints":{"allow":["GET"]}}],"collection":[{"href":"https:\/\/www.dertour-reiseleitung.com\/madeira\/wp-json\/wp\/v2\/product"}],"about":[{"href":"https:\/\/www.dertour-reiseleitung.com\/madeira\/wp-json\/wp\/v2\/types\/product"}],"version-history":[{"count":8,"href":"https:\/\/www.dertour-reiseleitung.com\/madeira\/wp-json\/wp\/v2\/product\/12376\/revisions"}],"predecessor-version":[{"id":12532,"href":"https:\/\/www.dertour-reiseleitung.com\/madeira\/wp-json\/wp\/v2\/product\/12376\/revisions\/12532"}],"wp:featuredmedia":[{"embeddable":true,"href":"https:\/\/www.dertour-reiseleitung.com\/madeira\/wp-json\/wp\/v2\/media\/12387"}],"wp:attachment":[{"href":"https:\/\/www.dertour-reiseleitung.com\/madeira\/wp-json\/wp\/v2\/media?parent=12376"}],"wp:term":[{"taxonomy":"ort","embeddable":true,"href":"https:\/\/www.dertour-reiseleitung.com\/madeira\/wp-json\/wp\/v2\/ort?post=12376"},{"taxonomy":"sichtbarkeit","embeddable":true,"href":"https:\/\/www.dertour-reiseleitung.com\/madeira\/wp-json\/wp\/v2\/sichtbarkeit?post=12376"},{"taxonomy":"templateoption","embeddable":true,"href":"https:\/\/www.dertour-reiseleitung.com\/madeira\/wp-json\/wp\/v2\/templateoption?post=12376"},{"taxonomy":"product_brand","embeddable":true,"href":"https:\/\/www.dertour-reiseleitung.com\/madeira\/wp-json\/wp\/v2\/product_brand?post=12376"},{"taxonomy":"product_cat","embeddable":true,"href":"https:\/\/www.dertour-reiseleitung.com\/madeira\/wp-json\/wp\/v2\/product_cat?post=12376"},{"taxonomy":"product_tag","embeddable":true,"href":"https:\/\/www.dertour-reiseleitung.com\/madeira\/wp-json\/wp\/v2\/product_tag?post=12376"}],"curies":[{"name":"wp","href":"https:\/\/api.w.org\/{rel}","templated":true}]}}

Küstenwanderung Larano &#8211; Boca do Risco

<h3>Zeitreise entlang eines historischen Wanderwegs</h3>
<p>Begeben Sie sich auf eine Zeitreise entlang eines historischen Wanderwegs, der einst von den frühen Bewohnern Madeiras auf ihrem Weg zwischen Machico und Porto da Cruz genutzt wurde.</p>
<p>Dieser bemerkenswerte Pfad schlängelt sich durch zerklüftete Landschaften und bietet eine perfekte Mischung aus Geschichte, natürlicher Schönheit und spektakulären Ausblicken auf die Küste.</p>
<p>Ihr Abenteuer beginnt am Pico do Facho und führt Sie allmählich hinauf zum Aussichtspunkt Boca do Risco, wo Sie mit einem überwältigenden Panorama der dramatischen Nordküste Madeiras belohnt werden. Der weite Atlantik breitet sich scheinbar endlos vor Ihnen aus, während die steil aufragenden Klippen einen eindrucksvollen Kontrast zwischen Land und Meer schaffen – ein Anblick, der Sie in seinen Bann ziehen wird.</p>
<p>Der Weg führt Sie weiter nach Larano, wo sich die unberührte Schönheit der Küste in ihrer ganzen Pracht entfaltet. Das Zusammenspiel der wilden Kraft des Meeres mit der üppigen, zerklüfteten Landschaft ist ein berauschendes und unvergessliches Erlebnis.</p>
<p>Diese Wanderung ist mehr als nur ein Ausflug – sie ist eine Einladung, sich mit der Vergangenheit Madeiras zu verbinden und seine ungezähmte Natur zu bewundern. Eine Reise, die Ihnen noch lange in Erinnerung bleiben wird, nachdem Ihre Schritte verklungen sind.</p>
<p><strong>Ausflugsveranstalter: </strong>Destination Touristic Services</p>

<p>Zeitreise entlang eines historischen Wanderwegs Begeben Sie sich auf eine Zeitreise entlang eines historischen Wanderwegs, der einst von den frühen Bewohnern Madeiras auf ihrem Weg zwischen Machico und Porto da Cruz genutzt wurde. Dieser bemerkenswerte Pfad schlängelt sich durch zerklüftete Landschaften und bietet eine perfekte Mischung aus Geschichte, natürlicher Schönheit und spektakulären Ausblicken auf die [&hellip;]</p>
