{"id":9785,"date":"2025-03-23T13:15:52","date_gmt":"2025-03-23T12:15:52","guid":{"rendered":"https:\/\/www.dertour-reiseleitung.com\/madeira\/aktivitaeten\/wanderung-zum-tal-von-rabacal-ab-calheta\/"},"modified":"2026-02-10T16:33:55","modified_gmt":"2026-02-10T15:33:55","slug":"wanderung-zum-tal-von-rabacal-dds-021-3","status":"publish","type":"product","link":"https:\/\/www.dertour-reiseleitung.com\/madeira\/aktivitaeten\/wanderung-zum-tal-von-rabacal-dds-021-3\/","title":{"rendered":"Wanderung zum Tal von Raba\u00e7al"},"content":{"rendered":"<h3>Ein unvergessliches Meisterwerk der Natur!<\/h3>\n<p>Mit Abstand die bekannteste Levada-Wanderung mit spektakul\u00e4ren Wasserf\u00e4llen, unendlichen Lorbeerb\u00e4umen, mannshohen Heidew\u00e4ldern und wundersch\u00f6nen Quellen. Genie\u00dfen Sie die einmalige Natur um Sie herum, w\u00e4hrend Sie Ihrem sachkundigen Reisef\u00fchrer durch die beeindruckende Landschaft folgen.<\/p>\n<p>Von der naturgesch\u00fctzten Hochebene Paul da Serra geht es entlang des gr\u00fcn bewachsenen Tals zum h\u00fcbschen G\u00e4stehaus von Raba\u00e7al hinunter. Von hier aus folgen Sie der ersten Levada zum imposanten Risco-Wasserfall, welcher aus ca. 100 m H\u00f6he hinunterst\u00fcrzt.<\/p>\n<p>Sie steigen die breiten Stufen zur Levada der \u201c25 Quellen\u201d hinunter und folgen dieser eine Weile, bis Sie einen kleinen See am Fu\u00dfe einer \u00fcberh\u00e4ngenden Felsklippe erreichen.<br \/>\nVon \u00fcberall aus der Felswand flie\u00dfen Quellen (insgesamt 25, wenn man sie z\u00e4hlt) in einen kleinen See und bilden einen breiten Wasservorhang, der ein tiefgr\u00fcnes Becken speist.<\/p>\n<p>Auf dem R\u00fcckweg durchqueren Sie einen ca. 800 m langen, gut ausgebauten Levada-Tunnel, durch den das Wasser in den S\u00fcden der Insel geleitet wird. Diese Abk\u00fcrzung erspart Ihnen den langen Aufstieg zur\u00fcck zum G\u00e4stehaus sowie weiter hinauf zum Startpunkt der Wanderung.<\/p>\n<p>Schwierigkeitsgrad mittel &#8211; 11 km &#8211; Dauer ca. 4 Stunden<\/p>\n<p><strong>Ausflugsveranstalter: <\/strong>MTS &#8211; Mediterranean Travel Services Incoming Portugal, S.A.<\/p>\n","protected":false},"excerpt":{"rendered":"<p>Ein unvergessliches Meisterwerk der Natur! Mit Abstand die bekannteste Levada-Wanderung mit spektakul\u00e4ren Wasserf\u00e4llen, unendlichen Lorbeerb\u00e4umen, mannshohen Heidew\u00e4ldern und wundersch\u00f6nen Quellen. Genie\u00dfen Sie die einmalige Natur um Sie herum, w\u00e4hrend Sie Ihrem sachkundigen Reisef\u00fchrer durch die beeindruckende Landschaft folgen. Von der naturgesch\u00fctzten Hochebene Paul da Serra geht es entlang des gr\u00fcn bewachsenen Tals zum h\u00fcbschen G\u00e4stehaus [&hellip;]<\/p>\n","protected":false},"featured_media":9709,"template":"","meta":{"_acf_changed":false,"ocean_post_layout":"","ocean_both_sidebars_style":"","ocean_both_sidebars_content_width":0,"ocean_both_sidebars_sidebars_width":0,"ocean_sidebar":"0","ocean_second_sidebar":"0","ocean_disable_margins":"enable","ocean_add_body_class":"","ocean_shortcode_before_top_bar":"","ocean_shortcode_after_top_bar":"","ocean_shortcode_before_header":"","ocean_shortcode_after_header":"","ocean_has_shortcode":"","ocean_shortcode_after_title":"","ocean_shortcode_before_footer_widgets":"","ocean_shortcode_after_footer_widgets":"","ocean_shortcode_before_footer_bottom":"","ocean_shortcode_after_footer_bottom":"","ocean_display_top_bar":"default","ocean_display_header":"default","ocean_header_style":"","ocean_center_header_left_menu":"0","ocean_custom_header_template":"0","ocean_custom_logo":0,"ocean_custom_retina_logo":0,"ocean_custom_logo_max_width":0,"ocean_custom_logo_tablet_max_width":0,"ocean_custom_logo_mobile_max_width":0,"ocean_custom_logo_max_height":0,"ocean_custom_logo_tablet_max_height":0,"ocean_custom_logo_mobile_max_height":0,"ocean_header_custom_menu":"0","ocean_menu_typo_font_family":"0","ocean_menu_typo_font_subset":"","ocean_menu_typo_font_size":0,"ocean_menu_typo_font_size_tablet":0,"ocean_menu_typo_font_size_mobile":0,"ocean_menu_typo_font_size_unit":"px","ocean_menu_typo_font_weight":"","ocean_menu_typo_font_weight_tablet":"","ocean_menu_typo_font_weight_mobile":"","ocean_menu_typo_transform":"","ocean_menu_typo_transform_tablet":"","ocean_menu_typo_transform_mobile":"","ocean_menu_typo_line_height":0,"ocean_menu_typo_line_height_tablet":0,"ocean_menu_typo_line_height_mobile":0,"ocean_menu_typo_line_height_unit":"","ocean_menu_typo_spacing":0,"ocean_menu_typo_spacing_tablet":0,"ocean_menu_typo_spacing_mobile":0,"ocean_menu_typo_spacing_unit":"","ocean_menu_link_color":"","ocean_menu_link_color_hover":"","ocean_menu_link_color_active":"","ocean_menu_link_background":"","ocean_menu_link_hover_background":"","ocean_menu_link_active_background":"","ocean_menu_social_links_bg":"","ocean_menu_social_hover_links_bg":"","ocean_menu_social_links_color":"","ocean_menu_social_hover_links_color":"","ocean_disable_title":"default","ocean_disable_heading":"default","ocean_post_title":"","ocean_post_subheading":"","ocean_post_title_style":"background-image","ocean_post_title_background_color":"","ocean_post_title_background":9715,"ocean_post_title_bg_image_position":"","ocean_post_title_bg_image_attachment":"","ocean_post_title_bg_image_repeat":"","ocean_post_title_bg_image_size":"","ocean_post_title_height":0,"ocean_post_title_bg_overlay":0.5,"ocean_post_title_bg_overlay_color":"","ocean_disable_breadcrumbs":"default","ocean_breadcrumbs_color":"","ocean_breadcrumbs_separator_color":"","ocean_breadcrumbs_links_color":"","ocean_breadcrumbs_links_hover_color":"","ocean_display_footer_widgets":"default","ocean_display_footer_bottom":"default","ocean_custom_footer_template":"0","omw_enable_modal_window":"enable","osh_disable_topbar_sticky":"default","osh_disable_header_sticky":"default","osh_sticky_header_style":"default","osh_sticky_header_effect":"","osh_custom_sticky_logo":0,"osh_custom_retina_sticky_logo":0,"osh_custom_sticky_logo_height":0,"osh_background_color":"","osh_links_color":"","osh_links_hover_color":"","osh_links_active_color":"","osh_links_bg_color":"","osh_links_hover_bg_color":"","osh_links_active_bg_color":"","osh_menu_social_links_color":"","osh_menu_social_hover_links_color":""},"ort":[465,473],"sichtbarkeit":[],"templateoption":[179],"product_brand":[],"product_cat":[182],"product_tag":[],"class_list":{"0":"post-9785","1":"product","2":"type-product","3":"status-publish","4":"has-post-thumbnail","6":"ort-machico","7":"ort-santa-cruz","8":"templateoption-dertrip-bc","9":"product_cat-ausfluege","11":"entry","12":"has-media","14":"first","15":"instock","16":"virtual","17":"purchasable","18":"product-type-simple","19":"has-product-nav","20":"col","21":"span_1_of_3","22":"owp-content-center","23":"owp-thumbs-layout-horizontal","24":"owp-btn-normal","25":"owp-tabs-layout-section"},"acf":[],"_links":{"self":[{"href":"https:\/\/www.dertour-reiseleitung.com\/madeira\/wp-json\/wp\/v2\/product\/9785","targetHints":{"allow":["GET"]}}],"collection":[{"href":"https:\/\/www.dertour-reiseleitung.com\/madeira\/wp-json\/wp\/v2\/product"}],"about":[{"href":"https:\/\/www.dertour-reiseleitung.com\/madeira\/wp-json\/wp\/v2\/types\/product"}],"version-history":[{"count":6,"href":"https:\/\/www.dertour-reiseleitung.com\/madeira\/wp-json\/wp\/v2\/product\/9785\/revisions"}],"predecessor-version":[{"id":11692,"href":"https:\/\/www.dertour-reiseleitung.com\/madeira\/wp-json\/wp\/v2\/product\/9785\/revisions\/11692"}],"wp:featuredmedia":[{"embeddable":true,"href":"https:\/\/www.dertour-reiseleitung.com\/madeira\/wp-json\/wp\/v2\/media\/9709"}],"wp:attachment":[{"href":"https:\/\/www.dertour-reiseleitung.com\/madeira\/wp-json\/wp\/v2\/media?parent=9785"}],"wp:term":[{"taxonomy":"ort","embeddable":true,"href":"https:\/\/www.dertour-reiseleitung.com\/madeira\/wp-json\/wp\/v2\/ort?post=9785"},{"taxonomy":"sichtbarkeit","embeddable":true,"href":"https:\/\/www.dertour-reiseleitung.com\/madeira\/wp-json\/wp\/v2\/sichtbarkeit?post=9785"},{"taxonomy":"templateoption","embeddable":true,"href":"https:\/\/www.dertour-reiseleitung.com\/madeira\/wp-json\/wp\/v2\/templateoption?post=9785"},{"taxonomy":"product_brand","embeddable":true,"href":"https:\/\/www.dertour-reiseleitung.com\/madeira\/wp-json\/wp\/v2\/product_brand?post=9785"},{"taxonomy":"product_cat","embeddable":true,"href":"https:\/\/www.dertour-reiseleitung.com\/madeira\/wp-json\/wp\/v2\/product_cat?post=9785"},{"taxonomy":"product_tag","embeddable":true,"href":"https:\/\/www.dertour-reiseleitung.com\/madeira\/wp-json\/wp\/v2\/product_tag?post=9785"}],"curies":[{"name":"wp","href":"https:\/\/api.w.org\/{rel}","templated":true}]}}