{"id":9793,"date":"2025-03-23T13:16:05","date_gmt":"2025-03-23T12:16:05","guid":{"rendered":"https:\/\/www.dertour-reiseleitung.com\/madeira\/aktivitaeten\/gartentour-mit-dr-schoen-ab-funchal-canico\/"},"modified":"2026-04-15T12:11:21","modified_gmt":"2026-04-15T11:11:21","slug":"gartentour-mit-dr-schoen-dds-001-1","status":"publish","type":"product","link":"https:\/\/www.dertour-reiseleitung.com\/madeira\/aktivitaeten\/gartentour-mit-dr-schoen-dds-001-1\/","title":{"rendered":"Gartentour mit Dr. Sch\u00f6n"},"content":{"rendered":"<h3>Exklusiv im Programm der DERTOUR Group<\/h3>\n<p>Herr Dr. Sch\u00f6n zeigt Ihnen die Naturwunder der Insel auf eine ganz besondere und herzliche Art.<\/p>\n<p>Hier geht es sowohl um teils seltene Pflanzen, eine beeindruckende Natur, als auch um absolutes Insiderwissen. Vieles davon ist sogar den meisten Einheimischen unbekannt!<\/p>\n<p>Seine Art die G\u00e4rten zu erkl\u00e4ren und Ihnen etwas Au\u00dfergew\u00f6hnliches zu vermitteln finden Sie bei keiner zweiten Person. Mit Abstand ein Profi in seinem Gebiet.<\/p>\n<p>Tauchen Sie ein in die farbenfrohe Orchideen- und Pflanzenwelt zweier faszinierender G\u00e4rten, die einen gro\u00dfen Einfluss auf die Kulturgeschichte und Gartenkultur Madeiras haben, sowie eine fantastische Biodiversit\u00e4t umfassen.<\/p>\n<p>Die Quinta da Boa Vista (Orchideen Garten) enth\u00e4lt einen der letzten ummauerten Treppenterrasseng\u00e4rten von Funchal und bezieht sein Wasser weiterhin aus dem Levada-Bew\u00e4sserungssystem. Tausende von Orchideen in verschiedensten und dynamisch knalligen Farben sind hier f\u00fcr Sie aufbewahrt und geh\u00f6ren zu den wichtigsten Orchideensammlungen Madeiras.<\/p>\n<p>Der Jardim Botanico (Botanischer Garten) ist unterteilt in f\u00fcnf Areale. Mit einem wissenden Auge erspart Ihnen Herr Dr. Sch\u00f6n das l\u00e4stige Suchen und zeigt Ihnen die Highlights sowie die versteckten und seltenen Fundst\u00fccke des pr\u00e4chtigen Gartens.<\/p>\n<p>Interaktiv werden Sie sowohl an allerlei Kr\u00e4utern riechen, Fr\u00fcchte probieren als auch f\u00fcr Sie neue r\u00e4tselhafte Pflanzen entdecken.<\/p>\n<p>\u00dcber 3300 verschiedene Arten erwarten Sie auf diesem unvergesslichen Halbtagesausflug, welcher als besonderer Tipp gehandelt wird.<\/p>\n<p>Die Eintrittspreise der G\u00e4rten sind bereits im Preis inkludiert.<\/p>\n<p>Kleingruppe &#8211; maximal 14 Teilnehmer. Reservieren Sie rechtzeitig!<\/p>\n<p><strong>Ausflugsveranstalter:<\/strong> MTS &#8211; Mediterranean Travel Services Incoming Portugal, S.A.<\/p>\n","protected":false},"excerpt":{"rendered":"<p>Exklusiv im Programm der DERTOUR Group Herr Dr. Sch\u00f6n zeigt Ihnen die Naturwunder der Insel auf eine ganz besondere und herzliche Art. Hier geht es sowohl um teils seltene Pflanzen, eine beeindruckende Natur, als auch um absolutes Insiderwissen. Vieles davon ist sogar den meisten Einheimischen unbekannt! Seine Art die G\u00e4rten zu erkl\u00e4ren und Ihnen etwas [&hellip;]<\/p>\n","protected":false},"featured_media":9795,"template":"","meta":{"_acf_changed":false,"ocean_post_layout":"","ocean_both_sidebars_style":"","ocean_both_sidebars_content_width":0,"ocean_both_sidebars_sidebars_width":0,"ocean_sidebar":"0","ocean_second_sidebar":"0","ocean_disable_margins":"enable","ocean_add_body_class":"","ocean_shortcode_before_top_bar":"","ocean_shortcode_after_top_bar":"","ocean_shortcode_before_header":"","ocean_shortcode_after_header":"","ocean_has_shortcode":"","ocean_shortcode_after_title":"","ocean_shortcode_before_footer_widgets":"","ocean_shortcode_after_footer_widgets":"","ocean_shortcode_before_footer_bottom":"","ocean_shortcode_after_footer_bottom":"","ocean_display_top_bar":"default","ocean_display_header":"default","ocean_header_style":"","ocean_center_header_left_menu":"0","ocean_custom_header_template":"0","ocean_custom_logo":0,"ocean_custom_retina_logo":0,"ocean_custom_logo_max_width":0,"ocean_custom_logo_tablet_max_width":0,"ocean_custom_logo_mobile_max_width":0,"ocean_custom_logo_max_height":0,"ocean_custom_logo_tablet_max_height":0,"ocean_custom_logo_mobile_max_height":0,"ocean_header_custom_menu":"0","ocean_menu_typo_font_family":"0","ocean_menu_typo_font_subset":"","ocean_menu_typo_font_size":0,"ocean_menu_typo_font_size_tablet":0,"ocean_menu_typo_font_size_mobile":0,"ocean_menu_typo_font_size_unit":"px","ocean_menu_typo_font_weight":"","ocean_menu_typo_font_weight_tablet":"","ocean_menu_typo_font_weight_mobile":"","ocean_menu_typo_transform":"","ocean_menu_typo_transform_tablet":"","ocean_menu_typo_transform_mobile":"","ocean_menu_typo_line_height":0,"ocean_menu_typo_line_height_tablet":0,"ocean_menu_typo_line_height_mobile":0,"ocean_menu_typo_line_height_unit":"","ocean_menu_typo_spacing":0,"ocean_menu_typo_spacing_tablet":0,"ocean_menu_typo_spacing_mobile":0,"ocean_menu_typo_spacing_unit":"","ocean_menu_link_color":"","ocean_menu_link_color_hover":"","ocean_menu_link_color_active":"","ocean_menu_link_background":"","ocean_menu_link_hover_background":"","ocean_menu_link_active_background":"","ocean_menu_social_links_bg":"","ocean_menu_social_hover_links_bg":"","ocean_menu_social_links_color":"","ocean_menu_social_hover_links_color":"","ocean_disable_title":"default","ocean_disable_heading":"default","ocean_post_title":"","ocean_post_subheading":"","ocean_post_title_style":"background-image","ocean_post_title_background_color":"","ocean_post_title_background":9799,"ocean_post_title_bg_image_position":"","ocean_post_title_bg_image_attachment":"","ocean_post_title_bg_image_repeat":"","ocean_post_title_bg_image_size":"","ocean_post_title_height":0,"ocean_post_title_bg_overlay":0.5,"ocean_post_title_bg_overlay_color":"","ocean_disable_breadcrumbs":"default","ocean_breadcrumbs_color":"","ocean_breadcrumbs_separator_color":"","ocean_breadcrumbs_links_color":"","ocean_breadcrumbs_links_hover_color":"","ocean_display_footer_widgets":"default","ocean_display_footer_bottom":"default","ocean_custom_footer_template":"0","omw_enable_modal_window":"enable","osh_disable_topbar_sticky":"default","osh_disable_header_sticky":"default","osh_sticky_header_style":"default","osh_sticky_header_effect":"","osh_custom_sticky_logo":0,"osh_custom_retina_sticky_logo":0,"osh_custom_sticky_logo_height":0,"osh_background_color":"","osh_links_color":"","osh_links_hover_color":"","osh_links_active_color":"","osh_links_bg_color":"","osh_links_hover_bg_color":"","osh_links_active_bg_color":"","osh_menu_social_links_color":"","osh_menu_social_hover_links_color":""},"ort":[459,458,466],"sichtbarkeit":[],"templateoption":[179],"product_brand":[],"product_cat":[182],"product_tag":[],"class_list":{"0":"post-9793","1":"product","2":"type-product","3":"status-publish","4":"has-post-thumbnail","6":"ort-canico","7":"ort-funchal","8":"ort-garajau","9":"templateoption-dertrip-bc","10":"product_cat-ausfluege","12":"entry","13":"has-media","15":"first","16":"instock","17":"virtual","18":"purchasable","19":"product-type-simple","20":"has-product-nav","21":"col","22":"span_1_of_3","23":"owp-content-center","24":"owp-thumbs-layout-horizontal","25":"owp-btn-normal","26":"owp-tabs-layout-section"},"acf":[],"_links":{"self":[{"href":"https:\/\/www.dertour-reiseleitung.com\/madeira\/wp-json\/wp\/v2\/product\/9793","targetHints":{"allow":["GET"]}}],"collection":[{"href":"https:\/\/www.dertour-reiseleitung.com\/madeira\/wp-json\/wp\/v2\/product"}],"about":[{"href":"https:\/\/www.dertour-reiseleitung.com\/madeira\/wp-json\/wp\/v2\/types\/product"}],"version-history":[{"count":11,"href":"https:\/\/www.dertour-reiseleitung.com\/madeira\/wp-json\/wp\/v2\/product\/9793\/revisions"}],"predecessor-version":[{"id":13002,"href":"https:\/\/www.dertour-reiseleitung.com\/madeira\/wp-json\/wp\/v2\/product\/9793\/revisions\/13002"}],"wp:featuredmedia":[{"embeddable":true,"href":"https:\/\/www.dertour-reiseleitung.com\/madeira\/wp-json\/wp\/v2\/media\/9795"}],"wp:attachment":[{"href":"https:\/\/www.dertour-reiseleitung.com\/madeira\/wp-json\/wp\/v2\/media?parent=9793"}],"wp:term":[{"taxonomy":"ort","embeddable":true,"href":"https:\/\/www.dertour-reiseleitung.com\/madeira\/wp-json\/wp\/v2\/ort?post=9793"},{"taxonomy":"sichtbarkeit","embeddable":true,"href":"https:\/\/www.dertour-reiseleitung.com\/madeira\/wp-json\/wp\/v2\/sichtbarkeit?post=9793"},{"taxonomy":"templateoption","embeddable":true,"href":"https:\/\/www.dertour-reiseleitung.com\/madeira\/wp-json\/wp\/v2\/templateoption?post=9793"},{"taxonomy":"product_brand","embeddable":true,"href":"https:\/\/www.dertour-reiseleitung.com\/madeira\/wp-json\/wp\/v2\/product_brand?post=9793"},{"taxonomy":"product_cat","embeddable":true,"href":"https:\/\/www.dertour-reiseleitung.com\/madeira\/wp-json\/wp\/v2\/product_cat?post=9793"},{"taxonomy":"product_tag","embeddable":true,"href":"https:\/\/www.dertour-reiseleitung.com\/madeira\/wp-json\/wp\/v2\/product_tag?post=9793"}],"curies":[{"name":"wp","href":"https:\/\/api.w.org\/{rel}","templated":true}]}}