{"id":13052,"date":"2025-08-26T12:52:03","date_gmt":"2025-08-26T10:52:03","guid":{"rendered":"https:\/\/www.dertour-reiseleitung.com\/mallorca\/?post_type=product&#038;p=13052"},"modified":"2025-10-01T16:48:34","modified_gmt":"2025-10-01T14:48:34","slug":"segel-katamaran-illetas-ohne-transfer-dds-055-1","status":"publish","type":"product","link":"https:\/\/www.dertour-reiseleitung.com\/mallorca\/aktivitaeten\/segel-katamaran-illetas-ohne-transfer-dds-055-1\/","title":{"rendered":"Segel-Katamaran Illetas (ohne Transfer)"},"content":{"rendered":"<p>Erleben Sie eine erfrischende Auszeit auf dem Meer bei einem 3,5-st\u00fcndigen Katamaran-Ausflug, der vom Muelle de Golondrinas im Herzen der Uferpromenade von Palma startet \u2013 direkt gegen\u00fcber dem Auditorium.<\/p>\n<p>Lautlos gleitet der Katamaran unter Segel oder Motor durch die Bucht von Palma, vorbei an beeindruckenden Yachten und Kreuzfahrtschiffen, die im Hafen liegen, und entlang der malerischen S\u00fcdwestk\u00fcste der Insel.<\/p>\n<p>Ziel des Ausflugs ist die traumhafte Bucht von Illetas, bekannt f\u00fcr ihr t\u00fcrkisblaues, kristallklares Wasser und die entspannte, exklusive Atmosph\u00e4re. Dort haben Sie ausreichend Zeit, um in aller Ruhe zu baden, sich auf der gro\u00dfz\u00fcgigen Sonnenfl\u00e4che an Deck zu entspannen, oder sich auf der riesigen, schwimmenden Matte treiben zu lassen. Wer die Unterwasserwelt entdecken m\u00f6chte, kann mit bereitgestellter Schnorchelausr\u00fcstung auf Erkundungstour gehen. Schwimmwesten sorgen bei Bedarf f\u00fcr zus\u00e4tzliche Sicherheit im Wasser.<\/p>\n<p>Nach diesem erholsamen Zwischenstopp segeln wir gem\u00fctlich zur\u00fcck in Richtung Palma. Auf dem R\u00fcckweg erwartet Sie ein ganz besonderer Anblick: die majest\u00e4tische Kathedrale von Palma, die sich eindrucksvoll \u00fcber der Stadt erhebt und vom Meer aus ein fantastisches Fotomotiv bietet.<\/p>\n<p>W\u00e4hrend der gesamten Fahrt steht eine freie Auswahl an alkoholfreien Getr\u00e4nken (Softdrinks, S\u00e4fte, Kaffee, Wasser). Zudem bietet unsere Bar w\u00e4hrend der gesamten Tour eine gro\u00dfe Auswahl weiterer Getr\u00e4nke zur Bestellung (gegen Geb\u00fchr) an.<\/p>\n<p>Bitte beachten Sie, dass sich die Route wetterbedingt \u00e4ndern kann.<\/p>\n<p><strong>Ausflugsveranstalter:<\/strong> Go Vacation Spain SLU, CIF: B-57828360<\/p>\n","protected":false},"excerpt":{"rendered":"<p>Erleben Sie eine erfrischende Auszeit auf dem Meer bei einem 3,5-st\u00fcndigen Katamaran-Ausflug, der vom Muelle de Golondrinas im Herzen der Uferpromenade von Palma startet \u2013 direkt gegen\u00fcber dem Auditorium. Lautlos gleitet der Katamaran unter Segel oder Motor durch die Bucht von Palma, vorbei an beeindruckenden Yachten und Kreuzfahrtschiffen, die im Hafen liegen, und entlang der [&hellip;]<\/p>\n","protected":false},"featured_media":13053,"template":"","meta":{"_acf_changed":false,"ocean_post_layout":"","ocean_both_sidebars_style":"","ocean_both_sidebars_content_width":0,"ocean_both_sidebars_sidebars_width":0,"ocean_sidebar":"0","ocean_second_sidebar":"0","ocean_disable_margins":"enable","ocean_add_body_class":"","ocean_shortcode_before_top_bar":"","ocean_shortcode_after_top_bar":"","ocean_shortcode_before_header":"","ocean_shortcode_after_header":"","ocean_has_shortcode":"","ocean_shortcode_after_title":"","ocean_shortcode_before_footer_widgets":"","ocean_shortcode_after_footer_widgets":"","ocean_shortcode_before_footer_bottom":"","ocean_shortcode_after_footer_bottom":"","ocean_display_top_bar":"default","ocean_display_header":"default","ocean_header_style":"","ocean_center_header_left_menu":"0","ocean_custom_header_template":"0","ocean_custom_logo":0,"ocean_custom_retina_logo":0,"ocean_custom_logo_max_width":0,"ocean_custom_logo_tablet_max_width":0,"ocean_custom_logo_mobile_max_width":0,"ocean_custom_logo_max_height":0,"ocean_custom_logo_tablet_max_height":0,"ocean_custom_logo_mobile_max_height":0,"ocean_header_custom_menu":"0","ocean_menu_typo_font_family":"0","ocean_menu_typo_font_subset":"","ocean_menu_typo_font_size":0,"ocean_menu_typo_font_size_tablet":0,"ocean_menu_typo_font_size_mobile":0,"ocean_menu_typo_font_size_unit":"px","ocean_menu_typo_font_weight":"","ocean_menu_typo_font_weight_tablet":"","ocean_menu_typo_font_weight_mobile":"","ocean_menu_typo_transform":"","ocean_menu_typo_transform_tablet":"","ocean_menu_typo_transform_mobile":"","ocean_menu_typo_line_height":0,"ocean_menu_typo_line_height_tablet":0,"ocean_menu_typo_line_height_mobile":0,"ocean_menu_typo_line_height_unit":"","ocean_menu_typo_spacing":0,"ocean_menu_typo_spacing_tablet":0,"ocean_menu_typo_spacing_mobile":0,"ocean_menu_typo_spacing_unit":"","ocean_menu_link_color":"","ocean_menu_link_color_hover":"","ocean_menu_link_color_active":"","ocean_menu_link_background":"","ocean_menu_link_hover_background":"","ocean_menu_link_active_background":"","ocean_menu_social_links_bg":"","ocean_menu_social_hover_links_bg":"","ocean_menu_social_links_color":"","ocean_menu_social_hover_links_color":"","ocean_disable_title":"default","ocean_disable_heading":"default","ocean_post_title":"","ocean_post_subheading":"","ocean_post_title_style":"background-image","ocean_post_title_background_color":"","ocean_post_title_background":13056,"ocean_post_title_bg_image_position":"","ocean_post_title_bg_image_attachment":"","ocean_post_title_bg_image_repeat":"","ocean_post_title_bg_image_size":"","ocean_post_title_height":0,"ocean_post_title_bg_overlay":0.5,"ocean_post_title_bg_overlay_color":"","ocean_disable_breadcrumbs":"default","ocean_breadcrumbs_color":"","ocean_breadcrumbs_separator_color":"","ocean_breadcrumbs_links_color":"","ocean_breadcrumbs_links_hover_color":"","ocean_display_footer_widgets":"default","ocean_display_footer_bottom":"default","ocean_custom_footer_template":"0","omw_enable_modal_window":"enable","osh_disable_topbar_sticky":"default","osh_disable_header_sticky":"default","osh_sticky_header_style":"default","osh_sticky_header_effect":"","osh_custom_sticky_logo":0,"osh_custom_retina_sticky_logo":0,"osh_custom_sticky_logo_height":0,"osh_background_color":"","osh_links_color":"","osh_links_hover_color":"","osh_links_active_color":"","osh_links_bg_color":"","osh_links_hover_bg_color":"","osh_links_active_bg_color":"","osh_menu_social_links_color":"","osh_menu_social_hover_links_color":""},"ort":[321,353,337,307,308,363,370,365,341,364,317,375,311,310,360,314,313,320,339,354,367],"sichtbarkeit":[],"templateoption":[177],"product_brand":[],"product_cat":[182],"product_tag":[],"class_list":{"0":"post-13052","1":"product","2":"type-product","3":"status-publish","4":"has-post-thumbnail","6":"ort-cala-fornells","7":"ort-cala-mayor","8":"ort-cala-vinas","9":"ort-camp-de-mar","10":"ort-can-pastilla","11":"ort-cas-catala","12":"ort-costa-de-la-calma","13":"ort-costa-den-blanes","14":"ort-el-arenal","15":"ort-el-toro","16":"ort-illetas","17":"ort-magaluf","18":"ort-paguera","19":"ort-palma-de-mallorca","20":"ort-palmanova","21":"ort-playa-de-palma","22":"ort-portals-nous","23":"ort-puerto-de-andratx","24":"ort-santa-ponsa","25":"ort-son-caliu","26":"ort-torrenova","27":"templateoption-dds","28":"product_cat-ausfluege","30":"entry","31":"has-media","33":"first","34":"instock","35":"virtual","36":"purchasable","37":"product-type-simple","38":"has-product-nav","39":"col","40":"span_1_of_3","41":"owp-content-center","42":"owp-thumbs-layout-horizontal","43":"owp-btn-normal","44":"owp-tabs-layout-section"},"acf":[],"_links":{"self":[{"href":"https:\/\/www.dertour-reiseleitung.com\/mallorca\/wp-json\/wp\/v2\/product\/13052","targetHints":{"allow":["GET"]}}],"collection":[{"href":"https:\/\/www.dertour-reiseleitung.com\/mallorca\/wp-json\/wp\/v2\/product"}],"about":[{"href":"https:\/\/www.dertour-reiseleitung.com\/mallorca\/wp-json\/wp\/v2\/types\/product"}],"version-history":[{"count":3,"href":"https:\/\/www.dertour-reiseleitung.com\/mallorca\/wp-json\/wp\/v2\/product\/13052\/revisions"}],"predecessor-version":[{"id":13656,"href":"https:\/\/www.dertour-reiseleitung.com\/mallorca\/wp-json\/wp\/v2\/product\/13052\/revisions\/13656"}],"wp:featuredmedia":[{"embeddable":true,"href":"https:\/\/www.dertour-reiseleitung.com\/mallorca\/wp-json\/wp\/v2\/media\/13053"}],"wp:attachment":[{"href":"https:\/\/www.dertour-reiseleitung.com\/mallorca\/wp-json\/wp\/v2\/media?parent=13052"}],"wp:term":[{"taxonomy":"ort","embeddable":true,"href":"https:\/\/www.dertour-reiseleitung.com\/mallorca\/wp-json\/wp\/v2\/ort?post=13052"},{"taxonomy":"sichtbarkeit","embeddable":true,"href":"https:\/\/www.dertour-reiseleitung.com\/mallorca\/wp-json\/wp\/v2\/sichtbarkeit?post=13052"},{"taxonomy":"templateoption","embeddable":true,"href":"https:\/\/www.dertour-reiseleitung.com\/mallorca\/wp-json\/wp\/v2\/templateoption?post=13052"},{"taxonomy":"product_brand","embeddable":true,"href":"https:\/\/www.dertour-reiseleitung.com\/mallorca\/wp-json\/wp\/v2\/product_brand?post=13052"},{"taxonomy":"product_cat","embeddable":true,"href":"https:\/\/www.dertour-reiseleitung.com\/mallorca\/wp-json\/wp\/v2\/product_cat?post=13052"},{"taxonomy":"product_tag","embeddable":true,"href":"https:\/\/www.dertour-reiseleitung.com\/mallorca\/wp-json\/wp\/v2\/product_tag?post=13052"}],"curies":[{"name":"wp","href":"https:\/\/api.w.org\/{rel}","templated":true}]}}