{"id":13151,"date":"2025-08-28T15:29:10","date_gmt":"2025-08-28T13:29:10","guid":{"rendered":"https:\/\/www.dertour-reiseleitung.com\/mallorca\/?post_type=product&#038;p=13151"},"modified":"2025-10-01T16:49:27","modified_gmt":"2025-10-01T14:49:27","slug":"segel-katamaran-palma-bay-plus-dds-057-3","status":"publish","type":"product","link":"https:\/\/www.dertour-reiseleitung.com\/mallorca\/aktivitaeten\/segel-katamaran-palma-bay-plus-dds-057-3\/","title":{"rendered":"Segel-Katamaran Palma Bay Plus"},"content":{"rendered":"<p>Erleben Sie einen ganz besonderen Tag auf dem Meer an Bord des Katamarans MAGIC, der direkt vom Paseo Mar\u00edtimo in Palma, gegen\u00fcber dem Auditorium, ablegt. Mit maximal 35 G\u00e4sten an Bord erwartet Sie eine entspannte, pers\u00f6nliche Atmosph\u00e4re \u2013 fernab vom Massentourismus.<\/p>\n<p>Ihre Tour beginnt mit einer sanften Fahrt entlang der wundersch\u00f6nen K\u00fcste \u2013 wahlweise mit Motor oder vom Wind getrieben. Der erste Halt f\u00fchrt Sie zum beeindruckenden Cap Rocat, wo Sie im t\u00fcrkisblauen Wasser baden und dabei typisch mallorquinische H\u00e4ppchen genie\u00dfen: regionale Wurst- und K\u00e4sesorten, Coca de Tremp\u00f3, mallorquinisches Brot, Oliven, Chips und weitere K\u00f6stlichkeiten.<\/p>\n<p>Weiter geht es zur traumhaften Cala Vella, einer idyllischen Badebucht mit kristallklarem Wasser \u2013 ein echtes Naturparadies. W\u00e4hrend Sie schwimmen, schnorcheln, paddeln oder einfach an Deck entspannen, bereitet die Crew eine leckere Barbecue-Mahlzeit an Bord f\u00fcr Sie zu. Serviert werden gegrillte H\u00e4hnchenspie\u00dfe, H\u00e4hnchenbrust und W\u00fcrstchen \u2013 auf Wunsch auch vegetarische Burger \u2013 begleitet von frischen Salaten, Brot, Saucen, frischem Obst und Geb\u00e4ck. Dazu gibt es w\u00e4hrend des Essens unbegrenzten Sangr\u00eda- und Weingenuss.<\/p>\n<p>Auf der R\u00fcckfahrt segeln Sie entspannt \u00fcber die Bucht von Palma, mit herrlichem Blick auf die Stadt. Ein Highlight: die beeindruckende Kathedrale von Palma, die sich majest\u00e4tisch \u00fcber dem Meeresspiegel erhebt \u2013 ein perfekter Moment zum Fotografieren und Genie\u00dfen, bevor Sie zur\u00fcck in den Hafen einlaufen.<\/p>\n<p>W\u00e4hrend der gesamten Tour stehen Ihnen zahlreiche Freizeitm\u00f6glichkeiten zur Verf\u00fcgung: hochwertige Schnorchelausr\u00fcstung (CRESSI SUB), Stand-up-Paddleboards, ein riesiges Wasserflo\u00df, Kajaks und Schwimmwesten sorgen f\u00fcr Spa\u00df und Sicherheit im Wasser. Au\u00dferdem sind alkoholfreie Getr\u00e4nke, S\u00e4fte, Wasser und Kaffee durchgehend inklusive. W\u00e4hrend des Aperitifs wird Ihnen zus\u00e4tzlich ein Glas Wein, Bier oder Sangr\u00eda serviert.<\/p>\n<p><strong>Hinweis:<\/strong> Je nach Wetterlage kann die Route angepasst werden. In diesem Fall erfolgt der erste Halt in Illetas und der zweite in Portals Vells oder einer nahegelegenen Bucht.<\/p>\n<p><strong>Ausflugsveranstalter:<\/strong> Go Vacation Spain SLU, CIF: B-57828360<\/p>\n","protected":false},"excerpt":{"rendered":"<p>Erleben Sie einen ganz besonderen Tag auf dem Meer an Bord des Katamarans MAGIC, der direkt vom Paseo Mar\u00edtimo in Palma, gegen\u00fcber dem Auditorium, ablegt. Mit maximal 35 G\u00e4sten an Bord erwartet Sie eine entspannte, pers\u00f6nliche Atmosph\u00e4re \u2013 fernab vom Massentourismus. Ihre Tour beginnt mit einer sanften Fahrt entlang der wundersch\u00f6nen K\u00fcste \u2013 wahlweise mit [&hellip;]<\/p>\n","protected":false},"featured_media":13053,"template":"","meta":{"_acf_changed":false,"ocean_post_layout":"","ocean_both_sidebars_style":"","ocean_both_sidebars_content_width":0,"ocean_both_sidebars_sidebars_width":0,"ocean_sidebar":"0","ocean_second_sidebar":"0","ocean_disable_margins":"enable","ocean_add_body_class":"","ocean_shortcode_before_top_bar":"","ocean_shortcode_after_top_bar":"","ocean_shortcode_before_header":"","ocean_shortcode_after_header":"","ocean_has_shortcode":"","ocean_shortcode_after_title":"","ocean_shortcode_before_footer_widgets":"","ocean_shortcode_after_footer_widgets":"","ocean_shortcode_before_footer_bottom":"","ocean_shortcode_after_footer_bottom":"","ocean_display_top_bar":"default","ocean_display_header":"default","ocean_header_style":"","ocean_center_header_left_menu":"0","ocean_custom_header_template":"0","ocean_custom_logo":0,"ocean_custom_retina_logo":0,"ocean_custom_logo_max_width":0,"ocean_custom_logo_tablet_max_width":0,"ocean_custom_logo_mobile_max_width":0,"ocean_custom_logo_max_height":0,"ocean_custom_logo_tablet_max_height":0,"ocean_custom_logo_mobile_max_height":0,"ocean_header_custom_menu":"0","ocean_menu_typo_font_family":"0","ocean_menu_typo_font_subset":"","ocean_menu_typo_font_size":0,"ocean_menu_typo_font_size_tablet":0,"ocean_menu_typo_font_size_mobile":0,"ocean_menu_typo_font_size_unit":"px","ocean_menu_typo_font_weight":"","ocean_menu_typo_font_weight_tablet":"","ocean_menu_typo_font_weight_mobile":"","ocean_menu_typo_transform":"","ocean_menu_typo_transform_tablet":"","ocean_menu_typo_transform_mobile":"","ocean_menu_typo_line_height":0,"ocean_menu_typo_line_height_tablet":0,"ocean_menu_typo_line_height_mobile":0,"ocean_menu_typo_line_height_unit":"","ocean_menu_typo_spacing":0,"ocean_menu_typo_spacing_tablet":0,"ocean_menu_typo_spacing_mobile":0,"ocean_menu_typo_spacing_unit":"","ocean_menu_link_color":"","ocean_menu_link_color_hover":"","ocean_menu_link_color_active":"","ocean_menu_link_background":"","ocean_menu_link_hover_background":"","ocean_menu_link_active_background":"","ocean_menu_social_links_bg":"","ocean_menu_social_hover_links_bg":"","ocean_menu_social_links_color":"","ocean_menu_social_hover_links_color":"","ocean_disable_title":"default","ocean_disable_heading":"default","ocean_post_title":"","ocean_post_subheading":"","ocean_post_title_style":"background-image","ocean_post_title_background_color":"","ocean_post_title_background":13152,"ocean_post_title_bg_image_position":"","ocean_post_title_bg_image_attachment":"","ocean_post_title_bg_image_repeat":"","ocean_post_title_bg_image_size":"","ocean_post_title_height":0,"ocean_post_title_bg_overlay":0.5,"ocean_post_title_bg_overlay_color":"","ocean_disable_breadcrumbs":"default","ocean_breadcrumbs_color":"","ocean_breadcrumbs_separator_color":"","ocean_breadcrumbs_links_color":"","ocean_breadcrumbs_links_hover_color":"","ocean_display_footer_widgets":"default","ocean_display_footer_bottom":"default","ocean_custom_footer_template":"0","omw_enable_modal_window":"enable","osh_disable_topbar_sticky":"default","osh_disable_header_sticky":"default","osh_sticky_header_style":"default","osh_sticky_header_effect":"","osh_custom_sticky_logo":0,"osh_custom_retina_sticky_logo":0,"osh_custom_sticky_logo_height":0,"osh_background_color":"","osh_links_color":"","osh_links_hover_color":"","osh_links_active_color":"","osh_links_bg_color":"","osh_links_hover_bg_color":"","osh_links_active_bg_color":"","osh_menu_social_links_color":"","osh_menu_social_hover_links_color":""},"ort":[321,353,337,307,363,370,317,375,311,310,360,313,339,354,367],"sichtbarkeit":[],"templateoption":[177],"product_brand":[],"product_cat":[182],"product_tag":[],"class_list":{"0":"post-13151","1":"product","2":"type-product","3":"status-publish","4":"has-post-thumbnail","6":"ort-cala-fornells","7":"ort-cala-mayor","8":"ort-cala-vinas","9":"ort-camp-de-mar","10":"ort-cas-catala","11":"ort-costa-de-la-calma","12":"ort-illetas","13":"ort-magaluf","14":"ort-paguera","15":"ort-palma-de-mallorca","16":"ort-palmanova","17":"ort-portals-nous","18":"ort-santa-ponsa","19":"ort-son-caliu","20":"ort-torrenova","21":"templateoption-dds","22":"product_cat-ausfluege","24":"entry","25":"has-media","27":"first","28":"instock","29":"virtual","30":"purchasable","31":"product-type-simple","32":"has-product-nav","33":"col","34":"span_1_of_3","35":"owp-content-center","36":"owp-thumbs-layout-horizontal","37":"owp-btn-normal","38":"owp-tabs-layout-section"},"acf":[],"_links":{"self":[{"href":"https:\/\/www.dertour-reiseleitung.com\/mallorca\/wp-json\/wp\/v2\/product\/13151","targetHints":{"allow":["GET"]}}],"collection":[{"href":"https:\/\/www.dertour-reiseleitung.com\/mallorca\/wp-json\/wp\/v2\/product"}],"about":[{"href":"https:\/\/www.dertour-reiseleitung.com\/mallorca\/wp-json\/wp\/v2\/types\/product"}],"version-history":[{"count":2,"href":"https:\/\/www.dertour-reiseleitung.com\/mallorca\/wp-json\/wp\/v2\/product\/13151\/revisions"}],"predecessor-version":[{"id":13658,"href":"https:\/\/www.dertour-reiseleitung.com\/mallorca\/wp-json\/wp\/v2\/product\/13151\/revisions\/13658"}],"wp:featuredmedia":[{"embeddable":true,"href":"https:\/\/www.dertour-reiseleitung.com\/mallorca\/wp-json\/wp\/v2\/media\/13053"}],"wp:attachment":[{"href":"https:\/\/www.dertour-reiseleitung.com\/mallorca\/wp-json\/wp\/v2\/media?parent=13151"}],"wp:term":[{"taxonomy":"ort","embeddable":true,"href":"https:\/\/www.dertour-reiseleitung.com\/mallorca\/wp-json\/wp\/v2\/ort?post=13151"},{"taxonomy":"sichtbarkeit","embeddable":true,"href":"https:\/\/www.dertour-reiseleitung.com\/mallorca\/wp-json\/wp\/v2\/sichtbarkeit?post=13151"},{"taxonomy":"templateoption","embeddable":true,"href":"https:\/\/www.dertour-reiseleitung.com\/mallorca\/wp-json\/wp\/v2\/templateoption?post=13151"},{"taxonomy":"product_brand","embeddable":true,"href":"https:\/\/www.dertour-reiseleitung.com\/mallorca\/wp-json\/wp\/v2\/product_brand?post=13151"},{"taxonomy":"product_cat","embeddable":true,"href":"https:\/\/www.dertour-reiseleitung.com\/mallorca\/wp-json\/wp\/v2\/product_cat?post=13151"},{"taxonomy":"product_tag","embeddable":true,"href":"https:\/\/www.dertour-reiseleitung.com\/mallorca\/wp-json\/wp\/v2\/product_tag?post=13151"}],"curies":[{"name":"wp","href":"https:\/\/api.w.org\/{rel}","templated":true}]}}