{"id":9728,"date":"2025-03-23T16:24:19","date_gmt":"2025-03-23T15:24:19","guid":{"rendered":"https:\/\/www.dertour-reiseleitung.com\/rhodos\/aktivitaeten\/inselrundfahrt-mit-lindos-s\/"},"modified":"2026-04-09T10:48:16","modified_gmt":"2026-04-09T07:48:16","slug":"inselrundfahrt-mit-lindos-dds-009-1","status":"publish","type":"product","link":"https:\/\/www.dertour-reiseleitung.com\/rhodos\/aktivitaeten\/inselrundfahrt-mit-lindos-dds-009-1\/","title":{"rendered":"Inselrundfahrt mit Lindos"},"content":{"rendered":"<h3>Malerische D\u00f6rfer, wilde Natur und majest\u00e4tische Bauwerke<\/h3>\n<p>Lernen Sie Ihre Urlaubsinsel kennen: die wei\u00dfe Perle Lindos, das Schmetterlingstal, Monolithos, die ehemalige Johanniterburg u.v.m.. Entdecken Sie die urspr\u00fcnglichen D\u00f6rfer des Insels\u00fcdens, die \u00fcppige Natur der Westk\u00fcste und viele weitere Sehensw\u00fcrdigkeiten.<\/p>\n<p>Sie besuchen zuerst Lindos. Lassen Sie sich durch die von einer uralten Festungsmauer umgebene, majest\u00e4tische Akropolis beeindrucken, die Sie am besten zu Fu\u00df erkunden. Danach haben Sie noch freie Zeit, um auf eigene Faust durch die Gassen von Lindos zu bummeln.<\/p>\n<p>Anschlie\u00dfend geht es weiter durch die traumhafte Landschaft Richtung Apolakkia und Monolithos. Genie\u00dfen Sie den atemberaubenden Blick auf das gewaltige Kap Monolithos. Stolz ragt ein Fels am schmalen, steinigen K\u00fcstenstreifen auf, gekr\u00f6nt von den dunklen Mauern einer ehemaligen Johanniterburg. Weiter geht es ins Landesinnere, durch die Berge und in das Weinanbaugebiet. Zum Mittagessen kehren Sie in eine urige Taverne ein. Probieren Sie Wein, Honig oder den Souma (Schnaps) der Insel.<\/p>\n<p>In der Hochsaison (Juni bis Anfang September) spazieren Sie durch das Tal der Schmetterlinge mit unz\u00e4hligen Harlekinfaltern, wilden Blumen und kleinen Wasserl\u00e4ufen. In der Nebensaison besuchen Sie den gr\u00fcnen Filerimos-H\u00fcgel oder die antike Stadt Kamiros.Beides tolle Orte, um in die Vergangenheit der Insel einzutauchen.<\/p>\n<p>Ein rundum sch\u00f6ner Tag mit vielen Informationen von einem deutschsprachigen Reisef\u00fchrer, der Rhodos wie seine Westentasche kennt.<\/p>\n<p><strong>Ausflugsveranstalter: <\/strong>Destination Touristic Services<\/p>\n","protected":false},"excerpt":{"rendered":"<p>Malerische D\u00f6rfer, wilde Natur und majest\u00e4tische Bauwerke Lernen Sie Ihre Urlaubsinsel kennen: die wei\u00dfe Perle Lindos, das Schmetterlingstal, Monolithos, die ehemalige Johanniterburg u.v.m.. Entdecken Sie die urspr\u00fcnglichen D\u00f6rfer des Insels\u00fcdens, die \u00fcppige Natur der Westk\u00fcste und viele weitere Sehensw\u00fcrdigkeiten. Sie besuchen zuerst Lindos. Lassen Sie sich durch die von einer uralten Festungsmauer umgebene, majest\u00e4tische Akropolis [&hellip;]<\/p>\n","protected":false},"featured_media":9638,"template":"","meta":{"_acf_changed":false,"ocean_post_layout":"","ocean_both_sidebars_style":"","ocean_both_sidebars_content_width":0,"ocean_both_sidebars_sidebars_width":0,"ocean_sidebar":"0","ocean_second_sidebar":"0","ocean_disable_margins":"enable","ocean_add_body_class":"","ocean_shortcode_before_top_bar":"","ocean_shortcode_after_top_bar":"","ocean_shortcode_before_header":"","ocean_shortcode_after_header":"","ocean_has_shortcode":"","ocean_shortcode_after_title":"","ocean_shortcode_before_footer_widgets":"","ocean_shortcode_after_footer_widgets":"","ocean_shortcode_before_footer_bottom":"","ocean_shortcode_after_footer_bottom":"","ocean_display_top_bar":"default","ocean_display_header":"default","ocean_header_style":"","ocean_center_header_left_menu":"0","ocean_custom_header_template":"0","ocean_custom_logo":0,"ocean_custom_retina_logo":0,"ocean_custom_logo_max_width":0,"ocean_custom_logo_tablet_max_width":0,"ocean_custom_logo_mobile_max_width":0,"ocean_custom_logo_max_height":0,"ocean_custom_logo_tablet_max_height":0,"ocean_custom_logo_mobile_max_height":0,"ocean_header_custom_menu":"0","ocean_menu_typo_font_family":"0","ocean_menu_typo_font_subset":"","ocean_menu_typo_font_size":0,"ocean_menu_typo_font_size_tablet":0,"ocean_menu_typo_font_size_mobile":0,"ocean_menu_typo_font_size_unit":"px","ocean_menu_typo_font_weight":"","ocean_menu_typo_font_weight_tablet":"","ocean_menu_typo_font_weight_mobile":"","ocean_menu_typo_transform":"","ocean_menu_typo_transform_tablet":"","ocean_menu_typo_transform_mobile":"","ocean_menu_typo_line_height":0,"ocean_menu_typo_line_height_tablet":0,"ocean_menu_typo_line_height_mobile":0,"ocean_menu_typo_line_height_unit":"","ocean_menu_typo_spacing":0,"ocean_menu_typo_spacing_tablet":0,"ocean_menu_typo_spacing_mobile":0,"ocean_menu_typo_spacing_unit":"","ocean_menu_link_color":"","ocean_menu_link_color_hover":"","ocean_menu_link_color_active":"","ocean_menu_link_background":"","ocean_menu_link_hover_background":"","ocean_menu_link_active_background":"","ocean_menu_social_links_bg":"","ocean_menu_social_hover_links_bg":"","ocean_menu_social_links_color":"","ocean_menu_social_hover_links_color":"","ocean_disable_title":"default","ocean_disable_heading":"default","ocean_post_title":"","ocean_post_subheading":"","ocean_post_title_style":"background-image","ocean_post_title_background_color":"","ocean_post_title_background":9730,"ocean_post_title_bg_image_position":"","ocean_post_title_bg_image_attachment":"","ocean_post_title_bg_image_repeat":"","ocean_post_title_bg_image_size":"","ocean_post_title_height":0,"ocean_post_title_bg_overlay":0.5,"ocean_post_title_bg_overlay_color":"","ocean_disable_breadcrumbs":"default","ocean_breadcrumbs_color":"","ocean_breadcrumbs_separator_color":"","ocean_breadcrumbs_links_color":"","ocean_breadcrumbs_links_hover_color":"","ocean_display_footer_widgets":"default","ocean_display_footer_bottom":"default","ocean_custom_footer_template":"0","omw_enable_modal_window":"enable","osh_disable_topbar_sticky":"default","osh_disable_header_sticky":"default","osh_sticky_header_style":"default","osh_sticky_header_effect":"","osh_custom_sticky_logo":0,"osh_custom_retina_sticky_logo":0,"osh_custom_sticky_logo_height":0,"osh_background_color":"","osh_links_color":"","osh_links_hover_color":"","osh_links_active_color":"","osh_links_bg_color":"","osh_links_hover_bg_color":"","osh_links_active_bg_color":"","osh_menu_social_links_color":"","osh_menu_social_hover_links_color":""},"ort":[459,458,497,467,471,470,463,472,462,460,498,461,466,465,499,473,469,501,464],"sichtbarkeit":[],"templateoption":[179],"product_brand":[],"product_cat":[182],"product_tag":[],"class_list":{"0":"post-9728","1":"product","2":"type-product","3":"status-publish","4":"has-post-thumbnail","6":"ort-afandou","7":"ort-faliraki","8":"ort-fanes","9":"ort-gennadi","10":"ort-ialysos","11":"ort-ixia","12":"ort-kalathos","13":"ort-kalithea","14":"ort-kiotari","15":"ort-kolymbia","16":"ort-kremasti","17":"ort-ladiko","18":"ort-lardos","19":"ort-lindos","20":"ort-paradisi","21":"ort-pefkos","22":"ort-rhodos-stadt","23":"ort-theologos","24":"ort-vlicha-bay","25":"templateoption-dertrip-bc","26":"product_cat-ausfluege","28":"entry","29":"has-media","31":"first","32":"instock","33":"virtual","34":"purchasable","35":"product-type-simple","36":"has-product-nav","37":"col","38":"span_1_of_3","39":"owp-content-center","40":"owp-thumbs-layout-horizontal","41":"owp-btn-normal","42":"owp-tabs-layout-section"},"acf":[],"_links":{"self":[{"href":"https:\/\/www.dertour-reiseleitung.com\/rhodos\/wp-json\/wp\/v2\/product\/9728","targetHints":{"allow":["GET"]}}],"collection":[{"href":"https:\/\/www.dertour-reiseleitung.com\/rhodos\/wp-json\/wp\/v2\/product"}],"about":[{"href":"https:\/\/www.dertour-reiseleitung.com\/rhodos\/wp-json\/wp\/v2\/types\/product"}],"version-history":[{"count":15,"href":"https:\/\/www.dertour-reiseleitung.com\/rhodos\/wp-json\/wp\/v2\/product\/9728\/revisions"}],"predecessor-version":[{"id":13867,"href":"https:\/\/www.dertour-reiseleitung.com\/rhodos\/wp-json\/wp\/v2\/product\/9728\/revisions\/13867"}],"wp:featuredmedia":[{"embeddable":true,"href":"https:\/\/www.dertour-reiseleitung.com\/rhodos\/wp-json\/wp\/v2\/media\/9638"}],"wp:attachment":[{"href":"https:\/\/www.dertour-reiseleitung.com\/rhodos\/wp-json\/wp\/v2\/media?parent=9728"}],"wp:term":[{"taxonomy":"ort","embeddable":true,"href":"https:\/\/www.dertour-reiseleitung.com\/rhodos\/wp-json\/wp\/v2\/ort?post=9728"},{"taxonomy":"sichtbarkeit","embeddable":true,"href":"https:\/\/www.dertour-reiseleitung.com\/rhodos\/wp-json\/wp\/v2\/sichtbarkeit?post=9728"},{"taxonomy":"templateoption","embeddable":true,"href":"https:\/\/www.dertour-reiseleitung.com\/rhodos\/wp-json\/wp\/v2\/templateoption?post=9728"},{"taxonomy":"product_brand","embeddable":true,"href":"https:\/\/www.dertour-reiseleitung.com\/rhodos\/wp-json\/wp\/v2\/product_brand?post=9728"},{"taxonomy":"product_cat","embeddable":true,"href":"https:\/\/www.dertour-reiseleitung.com\/rhodos\/wp-json\/wp\/v2\/product_cat?post=9728"},{"taxonomy":"product_tag","embeddable":true,"href":"https:\/\/www.dertour-reiseleitung.com\/rhodos\/wp-json\/wp\/v2\/product_tag?post=9728"}],"curies":[{"name":"wp","href":"https:\/\/api.w.org\/{rel}","templated":true}]}}