{"id":11233,"date":"2025-03-19T05:43:10","date_gmt":"2025-03-19T05:43:10","guid":{"rendered":"https:\/\/www.dertour-reiseleitung.com\/teneriffa\/aktivitaeten\/siam-park-mit-ohne-transfer-ab-norden\/"},"modified":"2026-03-10T15:13:16","modified_gmt":"2026-03-10T14:13:16","slug":"siam-park-mit-ohne-transfer-dds-040-2","status":"publish","type":"product","link":"https:\/\/www.dertour-reiseleitung.com\/teneriffa\/aktivitaeten\/siam-park-mit-ohne-transfer-dds-040-2\/","title":{"rendered":"Siam Park mit\/ohne Transfer"},"content":{"rendered":"<h3>Extrem oder gelassen? Die Entscheidung liegt bei Ihnen!<\/h3>\n<p>Siam Park, Teneriffas Wasserk\u00f6nigreich, gilt als einer der besten Wasserparks der Welt. Wenn Ihnen nach Erholung und sorgenfreiem Spa\u00df ist, dann lassen Sie sich von dem im thail\u00e4ndischen Stil gehaltenen Siam Park verzaubern.<\/p>\n<p>Genie\u00dfen Sie den wei\u00dfen und weitl\u00e4ufigen Sandstrand, beobachten Sie die Surfer im Wellenpalast oder machen Sie eine Spazierfahrt auf einem Fluss durch eine Welt voller tropischer Fische, beeindruckender Landschaften und vorbei an wundervollen Wasserf\u00e4llen. F\u00fcr die Kleinen halten die Verlorene Stadt und Sawasdee allerlei Spielspa\u00df und gro\u00dfe Abenteuer bereit \u2013 eine Attraktion f\u00fcr Kinder, die auch die Erwachsenen lieben!<\/p>\n<p>Wer Nervenkitzel und Spa\u00df sucht, der ist im Siam Park genau richtig, denn der Park verf\u00fcgt \u00fcber die ultimative Auswahl an Adrenalin hervorrufender Attraktionen. Neu hinzugekommen ist die Kinnaree, eine imposante Trichterrutsche mit langem Unterlauf, der in eine Riesenwelle m\u00fcndet. Die herausforderndste unter den vielen Rutschen ist der Tower of Power, bei der Sie in schwindelerregender Geschwindigkeit und beinahe freiem Fall Ihre Nerven testen k\u00f6nnen. Immer noch hungrig nach mehr Geschwindigkeit? Dann probieren Sie den Drachen. Er wird sich wahrscheinlich als das \u00fcberraschendste Abenteuer Ihres Lebens herausstellen \u2013 und wenn Sie vorher noch nie das Gef\u00fchl der Schwerelosigkeit erlebt haben, dann k\u00f6nnen Sie sicher sein, dass heute der Tag gekommen ist!<\/p>\n<p>Eine neue Attraktion ist Shinga: eine Wasserrutschen-Achterbahn mit vier Hochgeschwindigkeitskurven und insgesamt 14 Richtungswechseln.<\/p>\n<p><strong>Ausflugsveranstalter: <\/strong>Go Vacation Spain SLU, CIF B-57828360<\/p>\n","protected":false},"excerpt":{"rendered":"<p>Extrem oder gelassen? Die Entscheidung liegt bei Ihnen! Siam Park, Teneriffas Wasserk\u00f6nigreich, gilt als einer der besten Wasserparks der Welt. Wenn Ihnen nach Erholung und sorgenfreiem Spa\u00df ist, dann lassen Sie sich von dem im thail\u00e4ndischen Stil gehaltenen Siam Park verzaubern. Genie\u00dfen Sie den wei\u00dfen und weitl\u00e4ufigen Sandstrand, beobachten Sie die Surfer im Wellenpalast oder [&hellip;]<\/p>\n","protected":false},"featured_media":11158,"template":"","meta":{"_acf_changed":false,"ocean_post_layout":"","ocean_both_sidebars_style":"","ocean_both_sidebars_content_width":0,"ocean_both_sidebars_sidebars_width":0,"ocean_sidebar":"0","ocean_second_sidebar":"0","ocean_disable_margins":"enable","ocean_add_body_class":"","ocean_shortcode_before_top_bar":"","ocean_shortcode_after_top_bar":"","ocean_shortcode_before_header":"","ocean_shortcode_after_header":"","ocean_has_shortcode":"","ocean_shortcode_after_title":"","ocean_shortcode_before_footer_widgets":"","ocean_shortcode_after_footer_widgets":"","ocean_shortcode_before_footer_bottom":"","ocean_shortcode_after_footer_bottom":"","ocean_display_top_bar":"default","ocean_display_header":"default","ocean_header_style":"","ocean_center_header_left_menu":"0","ocean_custom_header_template":"0","ocean_custom_logo":0,"ocean_custom_retina_logo":0,"ocean_custom_logo_max_width":0,"ocean_custom_logo_tablet_max_width":0,"ocean_custom_logo_mobile_max_width":0,"ocean_custom_logo_max_height":0,"ocean_custom_logo_tablet_max_height":0,"ocean_custom_logo_mobile_max_height":0,"ocean_header_custom_menu":"0","ocean_menu_typo_font_family":"0","ocean_menu_typo_font_subset":"","ocean_menu_typo_font_size":0,"ocean_menu_typo_font_size_tablet":0,"ocean_menu_typo_font_size_mobile":0,"ocean_menu_typo_font_size_unit":"px","ocean_menu_typo_font_weight":"","ocean_menu_typo_font_weight_tablet":"","ocean_menu_typo_font_weight_mobile":"","ocean_menu_typo_transform":"","ocean_menu_typo_transform_tablet":"","ocean_menu_typo_transform_mobile":"","ocean_menu_typo_line_height":0,"ocean_menu_typo_line_height_tablet":0,"ocean_menu_typo_line_height_mobile":0,"ocean_menu_typo_line_height_unit":"","ocean_menu_typo_spacing":0,"ocean_menu_typo_spacing_tablet":0,"ocean_menu_typo_spacing_mobile":0,"ocean_menu_typo_spacing_unit":"","ocean_menu_link_color":"","ocean_menu_link_color_hover":"","ocean_menu_link_color_active":"","ocean_menu_link_background":"","ocean_menu_link_hover_background":"","ocean_menu_link_active_background":"","ocean_menu_social_links_bg":"","ocean_menu_social_hover_links_bg":"","ocean_menu_social_links_color":"","ocean_menu_social_hover_links_color":"","ocean_disable_title":"default","ocean_disable_heading":"default","ocean_post_title":"","ocean_post_subheading":"","ocean_post_title_style":"background-image","ocean_post_title_background_color":"","ocean_post_title_background":11164,"ocean_post_title_bg_image_position":"","ocean_post_title_bg_image_attachment":"","ocean_post_title_bg_image_repeat":"","ocean_post_title_bg_image_size":"","ocean_post_title_height":0,"ocean_post_title_bg_overlay":0.5,"ocean_post_title_bg_overlay_color":"","ocean_disable_breadcrumbs":"default","ocean_breadcrumbs_color":"","ocean_breadcrumbs_separator_color":"","ocean_breadcrumbs_links_color":"","ocean_breadcrumbs_links_hover_color":"","ocean_display_footer_widgets":"default","ocean_display_footer_bottom":"default","ocean_custom_footer_template":"0","omw_enable_modal_window":"enable","osh_disable_topbar_sticky":"default","osh_disable_header_sticky":"default","osh_sticky_header_style":"default","osh_sticky_header_effect":"","osh_custom_sticky_logo":0,"osh_custom_retina_sticky_logo":0,"osh_custom_sticky_logo_height":0,"osh_background_color":"","osh_links_color":"","osh_links_hover_color":"","osh_links_active_color":"","osh_links_bg_color":"","osh_links_hover_bg_color":"","osh_links_active_bg_color":"","osh_menu_social_links_color":"","osh_menu_social_hover_links_color":""},"ort":[553],"sichtbarkeit":[],"templateoption":[179],"product_brand":[],"product_cat":[183],"product_tag":[],"class_list":{"0":"post-11233","1":"product","2":"type-product","3":"status-publish","4":"has-post-thumbnail","6":"ort-puerto-de-la-cruz","7":"templateoption-dertrip-bc","8":"product_cat-eintrittskarten","10":"entry","11":"has-media","13":"first","14":"instock","15":"purchasable","16":"product-type-simple","17":"has-product-nav","18":"col","19":"span_1_of_3","20":"owp-content-center","21":"owp-thumbs-layout-horizontal","22":"owp-btn-normal","23":"owp-tabs-layout-section"},"acf":[],"_links":{"self":[{"href":"https:\/\/www.dertour-reiseleitung.com\/teneriffa\/wp-json\/wp\/v2\/product\/11233","targetHints":{"allow":["GET"]}}],"collection":[{"href":"https:\/\/www.dertour-reiseleitung.com\/teneriffa\/wp-json\/wp\/v2\/product"}],"about":[{"href":"https:\/\/www.dertour-reiseleitung.com\/teneriffa\/wp-json\/wp\/v2\/types\/product"}],"version-history":[{"count":19,"href":"https:\/\/www.dertour-reiseleitung.com\/teneriffa\/wp-json\/wp\/v2\/product\/11233\/revisions"}],"predecessor-version":[{"id":18494,"href":"https:\/\/www.dertour-reiseleitung.com\/teneriffa\/wp-json\/wp\/v2\/product\/11233\/revisions\/18494"}],"wp:featuredmedia":[{"embeddable":true,"href":"https:\/\/www.dertour-reiseleitung.com\/teneriffa\/wp-json\/wp\/v2\/media\/11158"}],"wp:attachment":[{"href":"https:\/\/www.dertour-reiseleitung.com\/teneriffa\/wp-json\/wp\/v2\/media?parent=11233"}],"wp:term":[{"taxonomy":"ort","embeddable":true,"href":"https:\/\/www.dertour-reiseleitung.com\/teneriffa\/wp-json\/wp\/v2\/ort?post=11233"},{"taxonomy":"sichtbarkeit","embeddable":true,"href":"https:\/\/www.dertour-reiseleitung.com\/teneriffa\/wp-json\/wp\/v2\/sichtbarkeit?post=11233"},{"taxonomy":"templateoption","embeddable":true,"href":"https:\/\/www.dertour-reiseleitung.com\/teneriffa\/wp-json\/wp\/v2\/templateoption?post=11233"},{"taxonomy":"product_brand","embeddable":true,"href":"https:\/\/www.dertour-reiseleitung.com\/teneriffa\/wp-json\/wp\/v2\/product_brand?post=11233"},{"taxonomy":"product_cat","embeddable":true,"href":"https:\/\/www.dertour-reiseleitung.com\/teneriffa\/wp-json\/wp\/v2\/product_cat?post=11233"},{"taxonomy":"product_tag","embeddable":true,"href":"https:\/\/www.dertour-reiseleitung.com\/teneriffa\/wp-json\/wp\/v2\/product_tag?post=11233"}],"curies":[{"name":"wp","href":"https:\/\/api.w.org\/{rel}","templated":true}]}}