{"id":11373,"date":"2025-03-19T05:47:31","date_gmt":"2025-03-19T05:47:31","guid":{"rendered":"https:\/\/www.dertour-reiseleitung.com\/teneriffa\/aktivitaeten\/la-laguna-taganana-forest-santa-cruz-ab-puerto-de-la-cruz\/"},"modified":"2026-05-12T14:15:07","modified_gmt":"2026-05-12T13:15:07","slug":"la-laguna-taganana-forest-santa-cruz-dds-010-1","status":"publish","type":"product","link":"https:\/\/www.dertour-reiseleitung.com\/teneriffa\/aktivitaeten\/la-laguna-taganana-forest-santa-cruz-dds-010-1\/","title":{"rendered":"La Laguna, Anaga &amp; Santa Cruz"},"content":{"rendered":"<h3>Von St\u00e4dten zu Str\u00e4nden bis zum M\u00e4rchenwald!<\/h3>\n<p>Bei diesem Tagesausflug geht es mit Deutsch sprechendem Reisef\u00fchrer in den Osten Teneriffas.<br \/>\nAls ersten Stopp fahren Sie in die moderne Stadt Santa Cruz.<br \/>\nDer Plaza de Espa\u00f1a, die lebhaften Ramblas mit unz\u00e4hligen Einkaufs- und Flanierm\u00f6glichkeiten und einige farbenfrohe Parks laden Sie zum Verweilen ein. Auch das architektonisch herausragende Opernhaus und der t\u00e4glich ge\u00f6ffnete Markt Nuestra Senora de Africa sind unbedingt sehenswert.<\/p>\n<p>Nach Santa Cruz geht es zu einem der bekanntesten Str\u00e4nde der Insel, an den &#8218;Playa de las Teresitas&#8216;. Hier machen wir einen Foto Stop, mit der idyllischen Kulisse, des einzig goldgelben Strandes der Insel und im Hintergrund das \u00d6rtchen San Andres.<\/p>\n<p>Der Playa de las Teresitas liegt am Fu\u00dfe des Anaga Gebirges, von wo Sie die Tour in das Anaga Gebirge starten. Hier ist der Mercedeswald zu Hause.<br \/>\nDer Mercedeswald liegt an der Nordwestseite des Anaga-Gebirges und zieht sich entlang des Gebirgskamms hoch. Haupts\u00e4chlich besteht der Wald aus immergr\u00fcnen Lorbeerb\u00e4umen, die eine H\u00f6he von 25 Metern erreichen k\u00f6nnen. Verh\u00fcllt in Nebelschleier wirkt er verwunschen und geheimnisvoll und wird daher auch der M\u00e4rchenwald oder Zauberwald genannt. Lassen Sie sich im wahrsten Sinne verzaubern.<\/p>\n<p>Nur wenige Kilometer au\u00dferhalb des Waldes liegt die Universit\u00e4tsstadt La Laguna.<br \/>\nLassen Sie sich begeistern von der ehemaligen Hauptstadt und heutigen Weltkulturerbe-St\u00e4tte der UNESCO, La Laguna. Wandeln Sie zwischen uralten Geb\u00e4uden und eindrucksvollen Kl\u00f6stern und Kirchen auf den Spuren der ersten Siedler in dieser Gegend.<\/p>\n<p>Gro\u00dfartige Natur wird mit einmaliger Kultur kombiniert, so dass auch dieser Ausflug unvergesslich bleiben wird!<\/p>\n<p><strong>Ausflugsveranstalter:<\/strong> Go Vacation Spain SLU, CIF: B-57828360<\/p>\n<p>&nbsp;<\/p>\n<p>&nbsp;<\/p>\n","protected":false},"excerpt":{"rendered":"<p>Von St\u00e4dten zu Str\u00e4nden bis zum M\u00e4rchenwald! Bei diesem Tagesausflug geht es mit Deutsch sprechendem Reisef\u00fchrer in den Osten Teneriffas. Als ersten Stopp fahren Sie in die moderne Stadt Santa Cruz. Der Plaza de Espa\u00f1a, die lebhaften Ramblas mit unz\u00e4hligen Einkaufs- und Flanierm\u00f6glichkeiten und einige farbenfrohe Parks laden Sie zum Verweilen ein. Auch das architektonisch [&hellip;]<\/p>\n","protected":false},"featured_media":11375,"template":"","meta":{"_acf_changed":false,"ocean_post_layout":"","ocean_both_sidebars_style":"","ocean_both_sidebars_content_width":0,"ocean_both_sidebars_sidebars_width":0,"ocean_sidebar":"0","ocean_second_sidebar":"0","ocean_disable_margins":"enable","ocean_add_body_class":"","ocean_shortcode_before_top_bar":"","ocean_shortcode_after_top_bar":"","ocean_shortcode_before_header":"","ocean_shortcode_after_header":"","ocean_has_shortcode":"","ocean_shortcode_after_title":"","ocean_shortcode_before_footer_widgets":"","ocean_shortcode_after_footer_widgets":"","ocean_shortcode_before_footer_bottom":"","ocean_shortcode_after_footer_bottom":"","ocean_display_top_bar":"default","ocean_display_header":"default","ocean_header_style":"","ocean_center_header_left_menu":"0","ocean_custom_header_template":"0","ocean_custom_logo":0,"ocean_custom_retina_logo":0,"ocean_custom_logo_max_width":0,"ocean_custom_logo_tablet_max_width":0,"ocean_custom_logo_mobile_max_width":0,"ocean_custom_logo_max_height":0,"ocean_custom_logo_tablet_max_height":0,"ocean_custom_logo_mobile_max_height":0,"ocean_header_custom_menu":"0","ocean_menu_typo_font_family":"0","ocean_menu_typo_font_subset":"","ocean_menu_typo_font_size":0,"ocean_menu_typo_font_size_tablet":0,"ocean_menu_typo_font_size_mobile":0,"ocean_menu_typo_font_size_unit":"px","ocean_menu_typo_font_weight":"","ocean_menu_typo_font_weight_tablet":"","ocean_menu_typo_font_weight_mobile":"","ocean_menu_typo_transform":"","ocean_menu_typo_transform_tablet":"","ocean_menu_typo_transform_mobile":"","ocean_menu_typo_line_height":0,"ocean_menu_typo_line_height_tablet":0,"ocean_menu_typo_line_height_mobile":0,"ocean_menu_typo_line_height_unit":"","ocean_menu_typo_spacing":0,"ocean_menu_typo_spacing_tablet":0,"ocean_menu_typo_spacing_mobile":0,"ocean_menu_typo_spacing_unit":"","ocean_menu_link_color":"","ocean_menu_link_color_hover":"","ocean_menu_link_color_active":"","ocean_menu_link_background":"","ocean_menu_link_hover_background":"","ocean_menu_link_active_background":"","ocean_menu_social_links_bg":"","ocean_menu_social_hover_links_bg":"","ocean_menu_social_links_color":"","ocean_menu_social_hover_links_color":"","ocean_disable_title":"default","ocean_disable_heading":"default","ocean_post_title":"","ocean_post_subheading":"","ocean_post_title_style":"background-image","ocean_post_title_background_color":"","ocean_post_title_background":11379,"ocean_post_title_bg_image_position":"","ocean_post_title_bg_image_attachment":"","ocean_post_title_bg_image_repeat":"","ocean_post_title_bg_image_size":"","ocean_post_title_height":0,"ocean_post_title_bg_overlay":0.5,"ocean_post_title_bg_overlay_color":"","ocean_disable_breadcrumbs":"default","ocean_breadcrumbs_color":"","ocean_breadcrumbs_separator_color":"","ocean_breadcrumbs_links_color":"","ocean_breadcrumbs_links_hover_color":"","ocean_display_footer_widgets":"default","ocean_display_footer_bottom":"default","ocean_custom_footer_template":"0","omw_enable_modal_window":"enable","osh_disable_topbar_sticky":"default","osh_disable_header_sticky":"default","osh_sticky_header_style":"default","osh_sticky_header_effect":"","osh_custom_sticky_logo":0,"osh_custom_retina_sticky_logo":0,"osh_custom_sticky_logo_height":0,"osh_background_color":"","osh_links_color":"","osh_links_hover_color":"","osh_links_active_color":"","osh_links_bg_color":"","osh_links_hover_bg_color":"","osh_links_active_bg_color":"","osh_menu_social_links_color":"","osh_menu_social_hover_links_color":""},"ort":[553],"sichtbarkeit":[],"templateoption":[179],"product_brand":[],"product_cat":[182],"product_tag":[],"class_list":{"0":"post-11373","1":"product","2":"type-product","3":"status-publish","4":"has-post-thumbnail","6":"ort-puerto-de-la-cruz","7":"templateoption-dertrip-bc","8":"product_cat-ausfluege","10":"entry","11":"has-media","13":"first","14":"instock","15":"virtual","16":"purchasable","17":"product-type-simple","18":"has-product-nav","19":"col","20":"span_1_of_3","21":"owp-content-center","22":"owp-thumbs-layout-horizontal","23":"owp-btn-normal","24":"owp-tabs-layout-section"},"acf":[],"_links":{"self":[{"href":"https:\/\/www.dertour-reiseleitung.com\/teneriffa\/wp-json\/wp\/v2\/product\/11373","targetHints":{"allow":["GET"]}}],"collection":[{"href":"https:\/\/www.dertour-reiseleitung.com\/teneriffa\/wp-json\/wp\/v2\/product"}],"about":[{"href":"https:\/\/www.dertour-reiseleitung.com\/teneriffa\/wp-json\/wp\/v2\/types\/product"}],"version-history":[{"count":15,"href":"https:\/\/www.dertour-reiseleitung.com\/teneriffa\/wp-json\/wp\/v2\/product\/11373\/revisions"}],"predecessor-version":[{"id":19708,"href":"https:\/\/www.dertour-reiseleitung.com\/teneriffa\/wp-json\/wp\/v2\/product\/11373\/revisions\/19708"}],"wp:featuredmedia":[{"embeddable":true,"href":"https:\/\/www.dertour-reiseleitung.com\/teneriffa\/wp-json\/wp\/v2\/media\/11375"}],"wp:attachment":[{"href":"https:\/\/www.dertour-reiseleitung.com\/teneriffa\/wp-json\/wp\/v2\/media?parent=11373"}],"wp:term":[{"taxonomy":"ort","embeddable":true,"href":"https:\/\/www.dertour-reiseleitung.com\/teneriffa\/wp-json\/wp\/v2\/ort?post=11373"},{"taxonomy":"sichtbarkeit","embeddable":true,"href":"https:\/\/www.dertour-reiseleitung.com\/teneriffa\/wp-json\/wp\/v2\/sichtbarkeit?post=11373"},{"taxonomy":"templateoption","embeddable":true,"href":"https:\/\/www.dertour-reiseleitung.com\/teneriffa\/wp-json\/wp\/v2\/templateoption?post=11373"},{"taxonomy":"product_brand","embeddable":true,"href":"https:\/\/www.dertour-reiseleitung.com\/teneriffa\/wp-json\/wp\/v2\/product_brand?post=11373"},{"taxonomy":"product_cat","embeddable":true,"href":"https:\/\/www.dertour-reiseleitung.com\/teneriffa\/wp-json\/wp\/v2\/product_cat?post=11373"},{"taxonomy":"product_tag","embeddable":true,"href":"https:\/\/www.dertour-reiseleitung.com\/teneriffa\/wp-json\/wp\/v2\/product_tag?post=11373"}],"curies":[{"name":"wp","href":"https:\/\/api.w.org\/{rel}","templated":true}]}}