{"id":9795,"date":"2025-03-23T15:38:22","date_gmt":"2025-03-23T14:38:22","guid":{"rendered":"https:\/\/www.dertour-reiseleitung.com\/tunesien-festland\/aktivitaeten\/suedtunesien-mit-bergoasen-ab-sousse-pek-monastir-mahdia\/"},"modified":"2026-02-17T11:22:54","modified_gmt":"2026-02-17T10:22:54","slug":"suedtunesien-mit-bergoasen-dds-027-2","status":"publish","type":"product","link":"https:\/\/www.dertour-reiseleitung.com\/tunesien-festland\/aktivitaeten\/suedtunesien-mit-bergoasen-dds-027-2\/","title":{"rendered":"S\u00fcdtunesien mit Bergoasen"},"content":{"rendered":"<h3>Erleben und erkunden Sie S\u00fcdtunesien<\/h3>\n<p><strong>Tag 1<\/strong><br \/>\nBesuchen Sie El Djem, das drittgr\u00f6\u00dfte r\u00f6mische Amphitheater der Welt, ein UNESCO-Weltkulturerbe. Auch dem Film \u201eGladiator\u201c diente es als Kulisse. In Matmata erreichen Sie eine Mondlandschaft, die als Drehort mehrerer Szenen f\u00fcr den Film \u201eKrieg der Sterne\u201c bekannt wurde. Hier leben Menschen in archaischen H\u00f6hlenwohnungen, von denen Sie eine besichtigen.<br \/>\nAuch Ihr Mittagessen werden Sie hier einnehmen. Ihr Tag endet am Tor zur Sandw\u00fcste in einem Mittelklassehotel in der Oase von Douz. Genie\u00dfen Sie w\u00e4hrend des Sonnenuntergangs einen Dromedar-Ritt (fakultativ, zahlbar vor Ort) \u00fcber die D\u00fcnen der Sahara.<\/p>\n<p><strong>Tag 2<\/strong><br \/>\nNach dem Fr\u00fchst\u00fcck \u00fcberqueren Sie den Salzsee Chott El Jerid \u2013 die gr\u00f6\u00dfte Salzw\u00fcste Afrikas, durch die schon Karl May seine legend\u00e4ren Abenteuerhelden f\u00fchrte. Durch die Sonneneinstrahlung auf die Salzkristalle entstehen faszinierende Fata Morganen. Die Oase Tozeur ist f\u00fcr ihre Lehmziegelarchitektur aus dem 14. Jahrhundert bekannt. Mit dem Gel\u00e4ndewagen fahren Sie zu der malerischen Bergoase Chebika: Das Zusammenspiel der intensiven Farben der Palmen, Berge und des Wassers ergibt traumhafte Motive, die Sie von einem Aussichtspunkt mit Ihrer Kamera festhalten k\u00f6nnen. An diesem Ausflugstag haben Sie die Option, zur Star-Wars-Filmkulisse \u201eOng Jmal\u201c zu fahren (fakultativ, zahlbar vor Ort). Auf der R\u00fcckfahrt stoppen Sie in der heiligen Stadt Kairouan, deren Altstadt seit 1988 auf der Liste des UNESCO-Weltkulturerbes steht.<\/p>\n<p><strong>Ausflugsveranstalter:<\/strong> Destination Touristic Service<\/p>\n","protected":false},"excerpt":{"rendered":"<p>Erleben und erkunden Sie S\u00fcdtunesien Tag 1 Besuchen Sie El Djem, das drittgr\u00f6\u00dfte r\u00f6mische Amphitheater der Welt, ein UNESCO-Weltkulturerbe. Auch dem Film \u201eGladiator\u201c diente es als Kulisse. In Matmata erreichen Sie eine Mondlandschaft, die als Drehort mehrerer Szenen f\u00fcr den Film \u201eKrieg der Sterne\u201c bekannt wurde. Hier leben Menschen in archaischen H\u00f6hlenwohnungen, von denen Sie [&hellip;]<\/p>\n","protected":false},"featured_media":9765,"template":"","meta":{"_acf_changed":false,"ocean_post_layout":"","ocean_both_sidebars_style":"","ocean_both_sidebars_content_width":0,"ocean_both_sidebars_sidebars_width":0,"ocean_sidebar":"0","ocean_second_sidebar":"0","ocean_disable_margins":"enable","ocean_add_body_class":"","ocean_shortcode_before_top_bar":"","ocean_shortcode_after_top_bar":"","ocean_shortcode_before_header":"","ocean_shortcode_after_header":"","ocean_has_shortcode":"","ocean_shortcode_after_title":"","ocean_shortcode_before_footer_widgets":"","ocean_shortcode_after_footer_widgets":"","ocean_shortcode_before_footer_bottom":"","ocean_shortcode_after_footer_bottom":"","ocean_display_top_bar":"default","ocean_display_header":"default","ocean_header_style":"","ocean_center_header_left_menu":"0","ocean_custom_header_template":"0","ocean_custom_logo":0,"ocean_custom_retina_logo":0,"ocean_custom_logo_max_width":0,"ocean_custom_logo_tablet_max_width":0,"ocean_custom_logo_mobile_max_width":0,"ocean_custom_logo_max_height":0,"ocean_custom_logo_tablet_max_height":0,"ocean_custom_logo_mobile_max_height":0,"ocean_header_custom_menu":"0","ocean_menu_typo_font_family":"0","ocean_menu_typo_font_subset":"","ocean_menu_typo_font_size":0,"ocean_menu_typo_font_size_tablet":0,"ocean_menu_typo_font_size_mobile":0,"ocean_menu_typo_font_size_unit":"px","ocean_menu_typo_font_weight":"","ocean_menu_typo_font_weight_tablet":"","ocean_menu_typo_font_weight_mobile":"","ocean_menu_typo_transform":"","ocean_menu_typo_transform_tablet":"","ocean_menu_typo_transform_mobile":"","ocean_menu_typo_line_height":0,"ocean_menu_typo_line_height_tablet":0,"ocean_menu_typo_line_height_mobile":0,"ocean_menu_typo_line_height_unit":"","ocean_menu_typo_spacing":0,"ocean_menu_typo_spacing_tablet":0,"ocean_menu_typo_spacing_mobile":0,"ocean_menu_typo_spacing_unit":"","ocean_menu_link_color":"","ocean_menu_link_color_hover":"","ocean_menu_link_color_active":"","ocean_menu_link_background":"","ocean_menu_link_hover_background":"","ocean_menu_link_active_background":"","ocean_menu_social_links_bg":"","ocean_menu_social_hover_links_bg":"","ocean_menu_social_links_color":"","ocean_menu_social_hover_links_color":"","ocean_disable_title":"default","ocean_disable_heading":"default","ocean_post_title":"","ocean_post_subheading":"","ocean_post_title_style":"background-image","ocean_post_title_background_color":"","ocean_post_title_background":9769,"ocean_post_title_bg_image_position":"","ocean_post_title_bg_image_attachment":"","ocean_post_title_bg_image_repeat":"","ocean_post_title_bg_image_size":"","ocean_post_title_height":0,"ocean_post_title_bg_overlay":0.5,"ocean_post_title_bg_overlay_color":"","ocean_disable_breadcrumbs":"default","ocean_breadcrumbs_color":"","ocean_breadcrumbs_separator_color":"","ocean_breadcrumbs_links_color":"","ocean_breadcrumbs_links_hover_color":"","ocean_display_footer_widgets":"default","ocean_display_footer_bottom":"default","ocean_custom_footer_template":"0","omw_enable_modal_window":"enable","osh_disable_topbar_sticky":"default","osh_disable_header_sticky":"default","osh_sticky_header_style":"default","osh_sticky_header_effect":"","osh_custom_sticky_logo":0,"osh_custom_retina_sticky_logo":0,"osh_custom_sticky_logo_height":0,"osh_background_color":"","osh_links_color":"","osh_links_hover_color":"","osh_links_active_color":"","osh_links_bg_color":"","osh_links_hover_bg_color":"","osh_links_active_bg_color":"","osh_menu_social_links_color":"","osh_menu_social_hover_links_color":""},"ort":[465,463,461,464,462],"sichtbarkeit":[],"templateoption":[179],"product_brand":[],"product_cat":[182],"product_tag":[],"class_list":{"0":"post-9795","1":"product","2":"type-product","3":"status-publish","4":"has-post-thumbnail","6":"ort-mahdia","7":"ort-monastir","8":"ort-port-el-kantaoui","9":"ort-skanes","10":"ort-sousse","11":"templateoption-dertrip-bc","12":"product_cat-ausfluege","14":"entry","15":"has-media","17":"first","18":"instock","19":"virtual","20":"purchasable","21":"product-type-simple","22":"has-product-nav","23":"col","24":"span_1_of_3","25":"owp-content-center","26":"owp-thumbs-layout-horizontal","27":"owp-btn-normal","28":"owp-tabs-layout-section"},"acf":[],"_links":{"self":[{"href":"https:\/\/www.dertour-reiseleitung.com\/tunesien-festland\/wp-json\/wp\/v2\/product\/9795","targetHints":{"allow":["GET"]}}],"collection":[{"href":"https:\/\/www.dertour-reiseleitung.com\/tunesien-festland\/wp-json\/wp\/v2\/product"}],"about":[{"href":"https:\/\/www.dertour-reiseleitung.com\/tunesien-festland\/wp-json\/wp\/v2\/types\/product"}],"version-history":[{"count":8,"href":"https:\/\/www.dertour-reiseleitung.com\/tunesien-festland\/wp-json\/wp\/v2\/product\/9795\/revisions"}],"predecessor-version":[{"id":14034,"href":"https:\/\/www.dertour-reiseleitung.com\/tunesien-festland\/wp-json\/wp\/v2\/product\/9795\/revisions\/14034"}],"wp:featuredmedia":[{"embeddable":true,"href":"https:\/\/www.dertour-reiseleitung.com\/tunesien-festland\/wp-json\/wp\/v2\/media\/9765"}],"wp:attachment":[{"href":"https:\/\/www.dertour-reiseleitung.com\/tunesien-festland\/wp-json\/wp\/v2\/media?parent=9795"}],"wp:term":[{"taxonomy":"ort","embeddable":true,"href":"https:\/\/www.dertour-reiseleitung.com\/tunesien-festland\/wp-json\/wp\/v2\/ort?post=9795"},{"taxonomy":"sichtbarkeit","embeddable":true,"href":"https:\/\/www.dertour-reiseleitung.com\/tunesien-festland\/wp-json\/wp\/v2\/sichtbarkeit?post=9795"},{"taxonomy":"templateoption","embeddable":true,"href":"https:\/\/www.dertour-reiseleitung.com\/tunesien-festland\/wp-json\/wp\/v2\/templateoption?post=9795"},{"taxonomy":"product_brand","embeddable":true,"href":"https:\/\/www.dertour-reiseleitung.com\/tunesien-festland\/wp-json\/wp\/v2\/product_brand?post=9795"},{"taxonomy":"product_cat","embeddable":true,"href":"https:\/\/www.dertour-reiseleitung.com\/tunesien-festland\/wp-json\/wp\/v2\/product_cat?post=9795"},{"taxonomy":"product_tag","embeddable":true,"href":"https:\/\/www.dertour-reiseleitung.com\/tunesien-festland\/wp-json\/wp\/v2\/product_tag?post=9795"}],"curies":[{"name":"wp","href":"https:\/\/api.w.org\/{rel}","templated":true}]}}